- using R Under development (unstable) (2024-03-24 r86185 ucrt)
- using platform: x86_64-w64-mingw32
- R was compiled by
gcc.exe (GCC) 13.2.0
GNU Fortran (GCC) 13.2.0
- running under: Windows Server 2022 x64 (build 20348)
- using session charset: UTF-8
- checking for file 'RapidPolygonLookup/DESCRIPTION' ... OK
- checking extension type ... Package
- this is package 'RapidPolygonLookup' version '0.1.1'
- checking package namespace information ... OK
- checking package dependencies ... OK
- checking if this is a source package ... OK
- checking if there is a namespace ... OK
- checking for hidden files and directories ... OK
- checking for portable file names ... OK
- checking whether package 'RapidPolygonLookup' can be installed ... OK
See the install log for details.
- checking installed package size ... OK
- checking package directory ... OK
- checking 'build' directory ... OK
- checking DESCRIPTION meta-information ... OK
- checking top-level files ... OK
- checking for left-over files ... OK
- checking index information ... OK
- checking package subdirectories ... OK
- checking code files for non-ASCII characters ... OK
- checking R files for syntax errors ... OK
- checking whether the package can be loaded ... [1s] OK
- checking whether the package can be loaded with stated dependencies ... [1s] OK
- checking whether the package can be unloaded cleanly ... [1s] OK
- checking whether the namespace can be loaded with stated dependencies ... [1s] OK
- checking whether the namespace can be unloaded cleanly ... [1s] OK
- checking loading without being on the library search path ... [1s] OK
- checking use of S3 registration ... OK
- checking dependencies in R code ... OK
- checking S3 generic/method consistency ... OK
- checking replacement functions ... OK
- checking foreign function calls ... OK
- checking R code for possible problems ... [3s] OK
- checking Rd files ... [0s] OK
- checking Rd metadata ... OK
- checking Rd cross-references ... OK
- checking for missing documentation entries ... OK
- checking for code/documentation mismatches ... OK
- checking Rd \usage sections ... OK
- checking Rd contents ... OK
- checking for unstated dependencies in examples ... OK
- checking contents of 'data' directory ... OK
- checking data for non-ASCII characters ... [1s] OK
- checking data for ASCII and uncompressed saves ... OK
- checking sizes of PDF files under 'inst/doc' ... OK
- checking installed files from 'inst/doc' ... OK
- checking files in 'vignettes' ... OK
- checking examples ... [5s] ERROR
Running examples in 'RapidPolygonLookup-Ex.R' failed
The error most likely occurred in:
> ### Name: DiagnoseFailure
> ### Title: Visualize points that could not be mapped using
> ### RapidPolygonLookup()
> ### Aliases: DiagnoseFailure
>
> ### ** Examples
>
> data(sf.crime.2012, envir = environment())
> data(sf.polys, envir = environment())
> cat(nrow(sf.crime.2012), "rows in SF crime \n")
20000 rows in SF crime
>
> XY.kdtree <- RapidPolygonLookup(sf.crime.2012[,c("X","Y")], poly.list= sf.polys,
+ k= 10, N= 1000,
+ poly.id= "fips", poly.id.colname= "census.block",
+ keep.data= TRUE, verbose= TRUE)
- checking for unstated dependencies in vignettes ... OK
- checking package vignettes ... OK
- checking re-building of vignette outputs ... [8s] ERROR
Error(s) in re-building vignettes:
--- re-building 'RapidPolygonLookup.Rnw' using Sweave
Thank you for using RgoogleMaps!
To acknowledge our work, please cite the package:
Markus Loecher and Karl Ropkins (2015). RgoogleMaps and loa: Unleashing R
Graphics Power on Map Tiles. Journal of Statistical Software 63(4), 1-18.
Loading required package: sp
Loading required package: RANN
Loading required package: PBSmapping
-----------------------------------------------------------
PBS Mapping 2.73.4 -- Copyright (C) 2003-2024 Fisheries and Oceans Canada
PBS Mapping comes with ABSOLUTELY NO WARRANTY;
for details see the file COPYING.
This is free software, and you are welcome to redistribute
it under certain conditions, as outlined in the above file.
A complete user guide 'PBSmapping-UG.pdf' is located at
D:/RCompile/CRANpkg/lib/4.4/PBSmapping/doc/PBSmapping-UG.pdf
Packaged on 2023-11-03
Pacific Biological Station, Nanaimo
All available PBS packages can be found at
https://github.com/pbs-software
To see demos, type '.PBSfigs()'.
Note: function 'importShapefile()' is temporarily unavailable.
-----------------------------------------------------------
- checking PDF version of manual ... [21s] OK
- checking HTML version of manual ... [2s] OK
- DONE
Status: 2 ERRORs