- using R Under development (unstable) (2024-04-24 r86484)
- using platform: x86_64-pc-linux-gnu
- R was compiled by
gcc-13 (GCC) 13.2.0
GNU Fortran (GCC) 13.2.0
- running under: Fedora Linux 36 (Workstation Edition)
- using session charset: UTF-8
- using option ‘--no-stop-on-test-error’
- checking for file ‘shinytest2/DESCRIPTION’ ... OK
- this is package ‘shinytest2’ version ‘0.3.1’
- package encoding: UTF-8
- checking package namespace information ... OK
- checking package dependencies ... OK
- checking if this is a source package ... OK
- checking if there is a namespace ... OK
- checking for executable files ... OK
- checking for hidden files and directories ... OK
- checking for portable file names ... OK
- checking for sufficient/correct file permissions ... OK
- checking whether package ‘shinytest2’ can be installed ... [19s/24s] OK
See the install log for details.
- used C++ compiler: ‘g++-13 (GCC) 13.2.0’
- checking package directory ... OK
- checking ‘build’ directory ... OK
- checking DESCRIPTION meta-information ... OK
- checking top-level files ... OK
- checking for left-over files ... OK
- checking index information ... OK
- checking package subdirectories ... OK
- checking code files for non-ASCII characters ... OK
- checking R files for syntax errors ... OK
- checking whether the package can be loaded ... OK
- checking whether the package can be loaded with stated dependencies ... OK
- checking whether the package can be unloaded cleanly ... OK
- checking whether the namespace can be loaded with stated dependencies ... OK
- checking whether the namespace can be unloaded cleanly ... OK
- checking loading without being on the library search path ... OK
- checking use of S3 registration ... OK
- checking dependencies in R code ... OK
- checking S3 generic/method consistency ... OK
- checking replacement functions ... OK
- checking foreign function calls ... OK
- checking R code for possible problems ... [17s/21s] OK
- checking Rd files ... NOTE
checkRd: (-1) AppDriver.Rd:1087: Lost braces; missing escapes or markup?
1087 | _snaps/{variant}/{test.md}\verb{, so }variant` must be a single
| ^
checkRd: (-1) AppDriver.Rd:1087: Lost braces; missing escapes or markup?
1087 | _snaps/{variant}/{test.md}\verb{, so }variant` must be a single
| ^
- checking Rd metadata ... OK
- checking Rd line widths ... OK
- checking Rd cross-references ... OK
- checking for missing documentation entries ... OK
- checking for code/documentation mismatches ... OK
- checking Rd \usage sections ... OK
- checking Rd contents ... OK
- checking for unstated dependencies in examples ... OK
- checking line endings in C/C++/Fortran sources/headers ... OK
- checking pragmas in C/C++ headers and code ... OK
- checking compilation flags used ... OK
- checking compiled code ... OK
- checking installed files from ‘inst/doc’ ... OK
- checking files in ‘vignettes’ ... OK
- checking examples ... OK
- checking for unstated dependencies in ‘tests’ ... OK
- checking tests ... [68s/71s] ERROR
Running ‘spelling.R’
Running ‘testthat.R’ [67s/69s]
Running the tests in ‘tests/testthat.R’ failed.
Complete output:
> library(testthat)
> library(shinytest2)
>
> test_check("shinytest2")
[ FAIL 1 | WARN 1 | SKIP 7 | PASS 326 ]
══ Skipped tests (7) ═══════════════════════════════════════════════════════════
• App test folders have been ignored (1): 'test-apps.R:3:3'
• On CRAN (3): 'test-app-screenshot-size.R:5:3',
'test-migration-migrate.R:3:1', 'test-shinytest2.R:1:1'
• Only run on CI (3): 'test-save-app.R:6:3', 'test-save-app.R:23:3',
'test-save-app.R:36:3'
══ Failed tests ════════════════════════════════════════════════════════════════
── Failure ('test-app-duplicate-ids.R:90:3'): Duplicate input ids are found ────
`AppDriver$new(shiny_app, load_timeout = 2000)` did not throw the expected error.
[ FAIL 1 | WARN 1 | SKIP 7 | PASS 326 ]
Error: Test failures
[2024-04-25 17:02:25] [error] handle_read_frame error: websocketpp.transport:7 (End of File)
Execution halted
- checking for unstated dependencies in vignettes ... OK
- checking package vignettes ... OK
- checking re-building of vignette outputs ... [42s/59s] OK
- checking PDF version of manual ... [12s/18s] OK
- checking HTML version of manual ... OK
- checking for non-standard things in the check directory ... OK
- checking for detritus in the temp directory ... OK
- DONE
Status: 1 ERROR, 1 NOTE