- using R Under development (unstable) (2024-03-28 r86221)
- using platform: x86_64-pc-linux-gnu
- R was compiled by
clang version 18.1.2
flang-new version 18.1.2
- running under: Fedora Linux 36 (Workstation Edition)
- using session charset: UTF-8
- using option ‘--no-stop-on-test-error’
- checking for file ‘sentopics/DESCRIPTION’ ... OK
- checking extension type ... Package
- this is package ‘sentopics’ version ‘0.7.2’
- package encoding: UTF-8
- checking package namespace information ... OK
- checking package dependencies ... OK
- checking if this is a source package ... OK
- checking if there is a namespace ... OK
- checking for executable files ... OK
- checking for hidden files and directories ... OK
- checking for portable file names ... OK
- checking for sufficient/correct file permissions ... OK
- checking whether package ‘sentopics’ can be installed ... [140s/185s] OK
See the install log for details.
- used C++ compiler: ‘clang version 18.1.2’
- checking installed package size ... OK
- checking package directory ... OK
- checking ‘build’ directory ... OK
- checking DESCRIPTION meta-information ... OK
- checking top-level files ... OK
- checking for left-over files ... OK
- checking index information ... OK
- checking package subdirectories ... OK
- checking code files for non-ASCII characters ... OK
- checking R files for syntax errors ... OK
- checking whether the package can be loaded ... OK
- checking whether the package can be loaded with stated dependencies ... OK
- checking whether the package can be unloaded cleanly ... OK
- checking whether the namespace can be loaded with stated dependencies ... OK
- checking whether the namespace can be unloaded cleanly ... OK
- checking loading without being on the library search path ... OK
- checking whether startup messages can be suppressed ... OK
- checking use of S3 registration ... OK
- checking dependencies in R code ... OK
- checking S3 generic/method consistency ... OK
- checking replacement functions ... OK
- checking foreign function calls ... OK
- checking R code for possible problems ... [43s/55s] OK
- checking Rd files ... OK
- checking Rd metadata ... OK
- checking Rd line widths ... OK
- checking Rd cross-references ... NOTE
Undeclared package ‘lexicon’ in Rd xrefs
- checking for missing documentation entries ... OK
- checking for code/documentation mismatches ... OK
- checking Rd \usage sections ... OK
- checking Rd contents ... OK
- checking for unstated dependencies in examples ... OK
- checking contents of ‘data’ directory ... OK
- checking data for non-ASCII characters ... NOTE
Note: found 3128 marked UTF-8 strings
- checking LazyData ... OK
- checking data for ASCII and uncompressed saves ... OK
- checking line endings in C/C++/Fortran sources/headers ... OK
- checking line endings in Makefiles ... OK
- checking compilation flags in Makevars ... OK
- checking for GNU extensions in Makefiles ... OK
- checking for portable use of $(BLAS_LIBS) and $(LAPACK_LIBS) ... OK
- checking use of PKG_*FLAGS in Makefiles ... OK
- checking use of SHLIB_OPENMP_*FLAGS in Makefiles ... OK
- checking pragmas in C/C++ headers and code ... OK
- checking compilation flags used ... OK
- checking compiled code ... OK
- checking installed files from ‘inst/doc’ ... OK
- checking files in ‘vignettes’ ... OK
- checking examples ... [53s/50s] OK
- checking for unstated dependencies in ‘tests’ ... OK
- checking tests ... [179s/194s] ERROR
Running ‘testthat.R’ [178s/193s]
Running the tests in ‘tests/testthat.R’ failed.
Complete output:
>
> library("testthat")
> library("sentopics")
>
> if (Sys.getenv("R_COVR") != "true") {
+ test_check("sentopics")
+ } else {
+ test_check("sentopics", reporter = default_reporter())
+ # test_check("sentopics", reporter = LocationReporter)
+ }
OMP: Warning #96: Cannot form a team with 8 threads, using 2 instead.
OMP: Hint Consider unsetting KMP_DEVICE_THREAD_LIMIT (KMP_ALL_THREADS), KMP_TEAMS_THREAD_LIMIT, and OMP_THREAD_LIMIT (if any are set).
[ FAIL 1 | WARN 2 | SKIP 1 | PASS 326 ]
══ Skipped tests (1) ═══════════════════════════════════════════════════════════
• On CRAN (1): 'test-parallel_chains.R:97:5'
══ Failed tests ════════════════════════════════════════════════════════════════
── Error ('test-others.R:2:3'): get_ECB_conferences works ──────────────────────
Error in ``[.data.table`(res, , c({
tmp <- data.table::rbindlist(sections)
tmp[, `:=`(paragraph_id, paste0(doc_id, "_", .I))]
tmp
}), by = c("date", "doc_id", "title"))`: j doesn't evaluate to the same number of columns for each group
Backtrace:
▆
1. └─sentopics:::get_ECB_press_conferences(years = 1998) at test-others.R:2:3
2. ├─...[]
3. └─data.table::`[.data.table`(...)
[ FAIL 1 | WARN 2 | SKIP 1 | PASS 326 ]
Error: Test failures
Execution halted
- checking for unstated dependencies in vignettes ... OK
- checking package vignettes ... OK
- checking re-building of vignette outputs ... [69s/42s] OK
- checking PDF version of manual ... OK
- checking HTML version of manual ... OK
- checking for non-standard things in the check directory ... OK
- checking for detritus in the temp directory ... OK
- DONE
Status: 1 ERROR, 2 NOTEs