- using R Under development (unstable) (2024-03-27 r86215)
- using platform: x86_64-pc-linux-gnu
- R was compiled by
clang version 18.1.2
flang-new version 18.1.2
- running under: Fedora Linux 36 (Workstation Edition)
- using session charset: UTF-8
- using option ‘--no-stop-on-test-error’
- checking for file ‘receptiviti/DESCRIPTION’ ... OK
- checking extension type ... Package
- this is package ‘receptiviti’ version ‘0.1.7’
- checking package namespace information ... OK
- checking package dependencies ... OK
- checking if this is a source package ... OK
- checking if there is a namespace ... OK
- checking for executable files ... OK
- checking for hidden files and directories ... OK
- checking for portable file names ... OK
- checking for sufficient/correct file permissions ... OK
- checking whether package ‘receptiviti’ can be installed ... [5s/10s] OK
See the install log for details.
- checking installed package size ... OK
- checking package directory ... OK
- checking DESCRIPTION meta-information ... OK
- checking top-level files ... OK
- checking for left-over files ... OK
- checking index information ... OK
- checking package subdirectories ... OK
- checking code files for non-ASCII characters ... OK
- checking R files for syntax errors ... OK
- checking whether the package can be loaded ... OK
- checking whether the package can be loaded with stated dependencies ... OK
- checking whether the package can be unloaded cleanly ... OK
- checking whether the namespace can be loaded with stated dependencies ... OK
- checking whether the namespace can be unloaded cleanly ... OK
- checking loading without being on the library search path ... OK
- checking whether startup messages can be suppressed ... OK
- checking use of S3 registration ... OK
- checking dependencies in R code ... OK
- checking S3 generic/method consistency ... OK
- checking replacement functions ... OK
- checking foreign function calls ... OK
- checking R code for possible problems ... [9s/12s] OK
- checking Rd files ... OK
- checking Rd metadata ... OK
- checking Rd line widths ... OK
- checking Rd cross-references ... OK
- checking for missing documentation entries ... OK
- checking for code/documentation mismatches ... OK
- checking Rd \usage sections ... OK
- checking Rd contents ... OK
- checking for unstated dependencies in examples ... OK
- checking examples ... OK
- checking for unstated dependencies in ‘tests’ ... OK
- checking tests ... ERROR
Running ‘testthat.R’
Running the tests in ‘tests/testthat.R’ failed.
Complete output:
> library(testthat)
> library(receptiviti)
>
> test_check("receptiviti")
Status: ERROR
Message: URL is unreachable
[ FAIL 1 | WARN 0 | SKIP 2 | PASS 16 ]
══ Skipped tests (2) ═══════════════════════════════════════════════════════════
• no API key (2): 'test-receptiviti.R:31:1', 'test-receptiviti_status.R:17:1'
══ Failed tests ════════════════════════════════════════════════════════════════
── Failure ('test-receptiviti_status.R:6:3'): failures works ───────────────────
...[] (`actual`) not identical to "Message: 404" (`expected`).
`actual`: "Message: 500"
`expected`: "Message: 404"
[ FAIL 1 | WARN 0 | SKIP 2 | PASS 16 ]
Error: Test failures
Execution halted
- checking PDF version of manual ... [7s/11s] OK
- checking HTML version of manual ... OK
- checking for non-standard things in the check directory ... OK
- checking for detritus in the temp directory ... OK
- DONE
Status: 1 ERROR