- using R Under development (unstable) (2024-04-14 r86421)
- using platform: x86_64-pc-linux-gnu
- R was compiled by
Debian clang version 18.1.0 (rc4-1)
Debian flang-new version 18.1.0 (rc4-1)
- running under: Debian GNU/Linux trixie/sid
- using session charset: UTF-8
- checking for file ‘SpaceTimeBSS/DESCRIPTION’ ... OK
- checking extension type ... Package
- this is package ‘SpaceTimeBSS’ version ‘0.3-0’
- checking package namespace information ... OK
- checking package dependencies ... OK
- checking if this is a source package ... OK
- checking if there is a namespace ... OK
- checking for executable files ... OK
- checking for hidden files and directories ... OK
- checking for portable file names ... OK
- checking for sufficient/correct file permissions ... OK
- checking whether package ‘SpaceTimeBSS’ can be installed ... WARNING
Found the following significant warnings:
lacov.cpp:56:13: warning: using integer absolute value function 'abs' when argument is of floating point type [-Wabsolute-value]
lacov.cpp:89:13: warning: using integer absolute value function 'abs' when argument is of floating point type [-Wabsolute-value]
lacov.cpp:126:13: warning: using integer absolute value function 'abs' when argument is of floating point type [-Wabsolute-value]
stkmat.cpp:27:13: warning: using integer absolute value function 'abs' when argument is of floating point type [-Wabsolute-value]
stkmat.cpp:52:13: warning: using integer absolute value function 'abs' when argument is of floating point type [-Wabsolute-value]
stkmat.cpp:77:13: warning: using integer absolute value function 'abs' when argument is of floating point type [-Wabsolute-value]
See the install log for details.
- used C++ compiler: ‘Debian clang version 18.1.0 (rc4-1)’
- checking package directory ... OK
- checking for future file timestamps ... OK
- checking DESCRIPTION meta-information ... OK
- checking top-level files ... OK
- checking for left-over files ... OK
- checking index information ... OK
- checking package subdirectories ... OK
- checking code files for non-ASCII characters ... OK
- checking R files for syntax errors ... OK
- checking whether the package can be loaded ... [2s/3s] OK
- checking whether the package can be loaded with stated dependencies ... [2s/3s] OK
- checking whether the package can be unloaded cleanly ... [2s/3s] OK
- checking whether the namespace can be loaded with stated dependencies ... [2s/3s] OK
- checking whether the namespace can be unloaded cleanly ... [3s/4s] OK
- checking loading without being on the library search path ... [2s/3s] OK
- checking use of S3 registration ... OK
- checking dependencies in R code ... OK
- checking S3 generic/method consistency ... OK
- checking replacement functions ... OK
- checking foreign function calls ... OK
- checking R code for possible problems ... [13s/16s] OK
- checking Rd files ... [0s/1s] NOTE
checkRd: (-1) SpaceTimeBSS-package.Rd:23: Lost braces in \itemize; meant \describe ?
- checking Rd metadata ... OK
- checking Rd line widths ... OK
- checking Rd cross-references ... OK
- checking for missing documentation entries ... OK
- checking for code/documentation mismatches ... OK
- checking Rd \usage sections ... OK
- checking Rd contents ... OK
- checking for unstated dependencies in examples ... OK
- checking contents of ‘data’ directory ... OK
- checking data for non-ASCII characters ... [1s/1s] OK
- checking data for ASCII and uncompressed saves ... OK
- checking line endings in C/C++/Fortran sources/headers ... OK
- checking line endings in Makefiles ... OK
- checking compilation flags in Makevars ... OK
- checking for GNU extensions in Makefiles ... OK
- checking for portable use of $(BLAS_LIBS) and $(LAPACK_LIBS) ... OK
- checking use of PKG_*FLAGS in Makefiles ... OK
- checking use of SHLIB_OPENMP_*FLAGS in Makefiles ... OK
- checking pragmas in C/C++ headers and code ... OK
- checking compilation flags used ... OK
- checking compiled code ... OK
- checking examples ... [21s/27s] OK
Examples with CPU (user + system) or elapsed time > 5s
user system elapsed
stkmat 8.756 0.095 10.944
lacov 7.049 0.001 8.385
- checking PDF version of manual ... [6s/8s] OK
- checking HTML version of manual ... [1s/3s] OK
- checking for non-standard things in the check directory ... OK
- DONE
Status: 1 WARNING, 1 NOTE