- using R version 4.2.3 (2023-03-15)
- using platform: x86_64-pc-linux-gnu (64-bit)
- using session charset: UTF-8
- checking for file ‘lightsout/DESCRIPTION’ ... OK
- this is package ‘lightsout’ version ‘0.3’
- checking package namespace information ... OK
- checking package dependencies ... OK
- checking if this is a source package ... OK
- checking if there is a namespace ... OK
- checking for executable files ... OK
- checking for hidden files and directories ... OK
- checking for portable file names ... OK
- checking for sufficient/correct file permissions ... OK
- checking serialization versions ... OK
- checking whether package ‘lightsout’ can be installed ... OK
- checking package directory ... OK
- checking for future file timestamps ... OK
- checking ‘build’ directory ... OK
- checking DESCRIPTION meta-information ... OK
- checking top-level files ... OK
- checking for left-over files ... OK
- checking index information ... OK
- checking package subdirectories ... OK
- checking R files for non-ASCII characters ... OK
- checking R files for syntax errors ... OK
- checking whether the package can be loaded ... OK
- checking whether the package can be loaded with stated dependencies ... OK
- checking whether the package can be unloaded cleanly ... OK
- checking whether the namespace can be loaded with stated dependencies ... OK
- checking whether the namespace can be unloaded cleanly ... OK
- checking loading without being on the library search path ... OK
- checking use of S3 registration ... OK
- checking dependencies in R code ... OK
- checking S3 generic/method consistency ... OK
- checking replacement functions ... OK
- checking foreign function calls ... OK
- checking R code for possible problems ... [4s/5s] OK
- checking Rd files ... [0s/1s] OK
- checking Rd metadata ... OK
- checking Rd line widths ... OK
- checking Rd cross-references ... OK
- checking for missing documentation entries ... OK
- checking for code/documentation mismatches ... OK
- checking Rd \usage sections ... OK
- checking Rd contents ... OK
- checking for unstated dependencies in examples ... OK
- checking LazyData ... NOTE
'LazyData' is specified without a 'data' directory
- checking installed files from ‘inst/doc’ ... OK
- checking files in ‘vignettes’ ... OK
- checking examples ... [1s/1s] OK
- checking for unstated dependencies in ‘tests’ ... OK
- checking tests ... [2s/3s] OK
Running ‘testthat.R’ [2s/2s]
- checking for unstated dependencies in vignettes ... OK
- checking package vignettes in ‘inst/doc’ ... OK
- checking re-building of vignette outputs ... [3s/5s] ERROR
Error(s) in re-building vignettes:
...
--- re-building ‘overview.Rmd’ using rmarkdown
Could not fetch https://travis-ci.org/daattali/lightsout.svg?branch=master
HttpExceptionRequest Request {
host = "travis-ci.org"
port = 443
secure = True
requestHeaders = []
path = "/daattali/lightsout.svg"
queryString = "?branch=master"
method = "GET"
proxy = Nothing
rawBody = False
redirectCount = 10
responseTimeout = ResponseTimeoutDefault
requestVersion = HTTP/1.1
proxySecureMode = ProxySecureWithConnect
}
(TooManyRedirects [Response {responseStatus = Status {statusCode = 308, statusMessage = "Permanent Redirect"}, responseVersion = HTTP/1.1, responseHeaders = [("Date","Sun, 26 Mar 2023 20:28:43 GMT"),("Content-Type","text/html"),("Transfer-Encoding","chunked"),("Connection","keep-alive"),("Location","https://travis-ci.org/daattali/lightsout.svg?branch=master"),("CF-Cache-Status","BYPASS"),("Report-To","{\"endpoints\":[{\"url\":\"https:\\/\\/a.nel.cloudflare.com\\/report\\/v3?s=Q4p1e05LnV9qKV57D%2B8m6coYkKUIZKoPd9wwmvMUdckbfuIaZuaghi431y2T8MyF0EN64RAaEx9IHUaUym2Ufk9aXItRv4PodviKtCX0fCVGN%2By1CVIBxUMvL8%2BeoHZG\"}],\"group\":\"cf-nel\",\"max_age\":604800}"),("NEL","{\"success_fraction\":0,\"report_to\":\"cf-nel\",\"max_age\":604800}"),("Vary","Accept-Encoding"),("Server","cloudflare"),("CF-RAY","7ae224460a193244-VIE"),("alt-svc","h3=\":443\"; ma=86400, h3-29=\":443\"; ma=86400")], responseBody = "<html>\r\n<head><title>308 Permanent Redirect</title></head>\r\n<body>\r\n<center><h1>308 Permanent Redirect</h1></center>\r\n<hr><center>openresty</center>\r\n</body>\r\n</html>\r\n", responseCookieJar = CJ {expose = []}, responseClose' = ResponseClose, responseOriginalRequest = Request {
host = "travis-ci.org"
port = 443
secure = True
requestHeaders = []
path = "/daattali/lightsout.svg"
queryString = "?branch=master"
method = "GET"
proxy = Nothing
rawBody = False
redirectCount = 10
responseTimeout = ResponseTimeoutDefault
requestVersion = HTTP/1.1
proxySecureMode = ProxySecureWithConnect
}
},Response {responseStatus = Status {statusCode = 308, statusMessage = "Permanent Redirect"}, responseVersion = HTTP/1.1, responseHeaders = [("Date","Sun, 26 Mar 2023 20:28:43 GMT"),("Content-Type","text/html"),("Transfer-Encoding","chunked"),("Connection","keep-alive"),("Location","https://travis-ci.org/daattali/lightsout.svg?branch=master"),("CF-Cache-Status","BYPASS"),("Report-To","{\"endpoints\":[{\"url\":\"https:\\/\\/a.nel.cloudflare.com\\/report\\/v3?s=Fg1cUVe0CQCJ0pwfY2mH49vv6M5yqWRVAvr9n9sffwHOHLr%2FuTHmGc35D0XFI2PNqKzBbZSxl9Qh04vPKCjuJGLUNY99jjpL2YvoJqF%2B7gaMoYSi3T4Rdb5nbfkDyLma\"}],\"group\":\"cf-nel\",\"max_age\":604800}"),("NEL","{\"success_fraction\":0,\"report_to\":\"cf-nel\",\"max_age\":604800}"),("Vary","Accept-Encoding"),("Server","cloudflare"),("CF-RAY","7ae2244538c73244-VIE"),("alt-svc","h3=\":443\"; ma=86400, h3-29=\":443\"; ma=86400")], responseBody = "<html>\r\n<head><title>308 Permanent Redirect</title></head>\r\n<body>\r\n<center><h1>308 Permanent Redirect</h1></center>\r\n<hr><center>openresty</center>\r\n</body>\r\n</html>\r\n", responseCookieJar = CJ {expose = []}, responseClose' = ResponseClose, responseOriginalRequest = Request {
host = "travis-ci.org"
port = 443
secure = True
requestHeaders = []
path = "/daattali/lightsout.svg"
queryString = "?branch=master"
method = "GET"
proxy = Nothing
rawBody = False
redirectCount = 10
responseTimeout = ResponseTimeoutDefault
requestVersion = HTTP/1.1
proxySecureMode = ProxySecureWithConnect
}
},Response {responseStatus = Status {statusCode = 308, statusMessage = "Permanent Redirect"}, responseVersion = HTTP/1.1, responseHeaders = [("Date","Sun, 26 Mar 2023 20:28:43 GMT"),("Content-Type","text/html"),("Transfer-Encoding","chunked"),("Connection","keep-alive"),("Location","https://travis-ci.org/daattali/lightsout.svg?branch=master"),("CF-Cache-Status","BYPASS"),("Report-To","{\"endpoints\":[{\"url\":\"https:\\/\\/a.nel.cloudflare.com\\/report\\/v3?s=ZhUv2hP3jy8SSzJzCVSQoOvQ7PVm%2BIoSOZiVk1hbphr5cr97Xwnp8P%2FfVyfyhO9a3x6OlnBEV9tbpxwkYpdA1qQ5DJpIQF99b1edC0vtxUXz2%2BNcFWxG4z1djua20qHJ\"}],\"group\":\"cf-nel\",\"max_age\":604800}"),("NEL","{\"success_fraction\":0,\"report_to\":\"cf-nel\",\"max_age\":604800}"),("Vary","Accept-Encoding"),("Server","cloudflare"),("CF-RAY","7ae224446f903244-VIE"),("alt-svc","h3=\":443\"; ma=86400, h3-29=\":443\"; ma=86400")], responseBody = "<html>\r\n<head><title>308 Permanent Redirect</title></head>\r\n<body>\r\n<center><h1>308 Permanent Redirect</h1></center>\r\n<hr><center>openresty</center>\r\n</body>\r\n</html>\r\n", responseCookieJar = CJ {expose = []}, responseClose' = ResponseClose, responseOriginalRequest = Request {
host = "travis-ci.org"
port = 443
secure = True
requestHeaders = []
path = "/daattali/lightsout.svg"
queryString = "?branch=master"
method = "GET"
proxy = Nothing
rawBody = False
redirectCount = 10
responseTimeout = ResponseTimeoutDefault
requestVersion = HTTP/1.1
proxySecureMode = ProxySecureWithConnect
}
},Response {responseStatus = Status {statusCode = 308, statusMessage = "Permanent Redirect"}, responseVersion = HTTP/1.1, responseHeaders = [("Date","Sun, 26 Mar 2023 20:28:43 GMT"),("Content-Type","text/html"),("Transfer-Encoding","chunked"),("Connection","keep-alive"),("Location","https://travis-ci.org/daattali/lightsout.svg?branch=master"),("CF-Cache-Status","BYPASS"),("Report-To","{\"endpoints\":[{\"url\":\"https:\\/\\/a.nel.cloudflare.com\\/report\\/v3?s=oHkqNRYSZgY5JN1czaVgyWpodVZ5cVL8%2FwzZ%2BfnzgQ22UhpJ0jSu5CKZmFo6k%2B%2FpF%2FbbObZCMKg47L2Y2qtpRZxX5GGTTUJiHqPVl8exwgZkk2Uy5Z9DGZW1MX7WE3T%2F\"}],\"group\":\"cf-nel\",\"max_age\":604800}"),("NEL","{\"success_fraction\":0,\"report_to\":\"cf-nel\",\"max_age\":604800}"),("Vary","Accept-Encoding"),("Server","cloudflare"),("CF-RAY","7ae22443ae553244-VIE"),("alt-svc","h3=\":443\"; ma=86400, h3-29=\":443\"; ma=86400")], responseBody = "<html>\r\n<head><title>308 Permanent Redirect</title></head>\r\n<body>\r\n<center><h1>308 Permanent Redirect</h1></center>\r\n<hr><center>openresty</center>\r\n</body>\r\n</html>\r\n", responseCookieJar = CJ {expose = []}, responseClose' = ResponseClose, responseOriginalRequest = Request {
host = "travis-ci.org"
port = 443
secure = True
requestHeaders = []
path = "/daattali/lightsout.svg"
queryString = "?branch=master"
method = "GET"
proxy = Nothing
rawBody = False
redirectCount = 10
responseTimeout = ResponseTimeoutDefault
requestVersion = HTTP/1.1
proxySecureMode = ProxySecureWithConnect
}
},Response {responseStatus = Status {statusCode = 308, statusMessage = "Permanent Redirect"}, responseVersion = HTTP/1.1, responseHeaders = [("Date","Sun, 26 Mar 2023 20:28:43 GMT"),("Content-Type","text/html"),("Transfer-Encoding","chunked"),("Connection","keep-alive"),("Location","https://travis-ci.org/daattali/lightsout.svg?branch=master"),("CF-Cache-Status","BYPASS"),("Report-To","{\"endpoints\":[{\"url\":\"https:\\/\\/a.nel.cloudflare.com\\/report\\/v3?s=n6NOmJGK2uL8cv%2BhP5oXygckVs9ye%2BcBYtFrfz8XvzUiNUhpHFQt8joZVTKp4wbT7ZTFPYn25l00Rc5%2F6yCQhBuXZxVBiJ84RjEN3W%2FRySwFvniUUh%2FuxrR3DQ88WJIF\"}],\"group\":\"cf-nel\",\"max_age\":604800}"),("NEL","{\"success_fraction\":0,\"report_to\":\"cf-nel\",\"max_age\":604800}"),("Vary","Accept-Encoding"),("Server","cloudflare"),("CF-RAY","7ae22442dd253244-VIE"),("alt-svc","h3=\":443\"; ma=86400, h3-29=\":443\"; ma=86400")], responseBody = "<html>\r\n<head><title>308 Permanent Redirect</title></head>\r\n<body>\r\n<center><h1>308 Permanent Redirect</h1></center>\r\n<hr><center>openresty</center>\r\n</body>\r\n</html>\r\n", responseCookieJar = CJ {expose = []}, responseClose' = ResponseClose, responseOriginalRequest = Request {
host = "travis-ci.org"
port = 443
secure = True
requestHeaders = []
path = "/daattali/lightsout.svg"
queryString = "?branch=master"
method = "GET"
proxy = Nothing
rawBody = False
redirectCount = 10
responseTimeout = ResponseTimeoutDefault
requestVersion = HTTP/1.1
proxySecureMode = ProxySecureWithConnect
}
},Response {responseStatus = Status {statusCode = 308, statusMessage = "Permanent Redirect"}, responseVersion = HTTP/1.1, responseHeaders = [("Date","Sun, 26 Mar 2023 20:28:43 GMT"),("Content-Type","text/html"),("Transfer-Encoding","chunked"),("Connection","keep-alive"),("Location","https://travis-ci.org/daattali/lightsout.svg?branch=master"),("CF-Cache-Status","BYPASS"),("Report-To","{\"endpoints\":[{\"url\":\"https:\\/\\/a.nel.cloudflare.com\\/report\\/v3?s=SWe7D%2Fc%2FAG%2FxE6G7I3MxT2%2B3Z221hlu6tCZA2Bz%2FVhql02Qv6Ze1lKryZwEj9jdpKPxfp5xH4rfbmTJkaoaKun%2BKyDDGQk9sRlRgGtk0vpTHJHGLmoZnrvoiDZxi92Le\"}],\"group\":\"cf-nel\",\"max_age\":604800}"),("NEL","{\"success_fraction\":0,\"report_to\":\"cf-nel\",\"max_age\":604800}"),("Vary","Accept-Encoding"),("Server","cloudflare"),("CF-RAY","7ae224421b9f3244-VIE"),("alt-svc","h3=\":443\"; ma=86400, h3-29=\":443\"; ma=86400")], responseBody = "<html>\r\n<head><title>308 Permanent Redirect</title></head>\r\n<body>\r\n<center><h1>308 Permanent Redirect</h1></center>\r\n<hr><center>openresty</center>\r\n</body>\r\n</html>\r\n", responseCookieJar = CJ {expose = []}, responseClose' = ResponseClose, responseOriginalRequest = Request {
host = "travis-ci.org"
port = 443
secure = True
requestHeaders = []
path = "/daattali/lightsout.svg"
queryString = "?branch=master"
method = "GET"
proxy = Nothing
rawBody = False
redirectCount = 10
responseTimeout = ResponseTimeoutDefault
requestVersion = HTTP/1.1
proxySecureMode = ProxySecureWithConnect
}
},Response {responseStatus = Status {statusCode = 308, statusMessage = "Permanent Redirect"}, responseVersion = HTTP/1.1, responseHeaders = [("Date","Sun, 26 Mar 2023 20:28:43 GMT"),("Content-Type","text/html"),("Transfer-Encoding","chunked"),("Connection","keep-alive"),("Location","https://travis-ci.org/daattali/lightsout.svg?branch=master"),("CF-Cache-Status","BYPASS"),("Report-To","{\"endpoints\":[{\"url\":\"https:\\/\\/a.nel.cloudflare.com\\/report\\/v3?s=C2erBJ8YQOMRjOCgpJyM1NJqx0WtDcUDqBj%2BteKNL4Dcy4wYrmNpvkcBQjkhuatbQIaVVb52BiDkOaNlwqIRzoOn7qi7sXndjkD4zdcjnryKupjalhurdRGAAES5kVdf\"}],\"group\":\"cf-nel\",\"max_age\":604800}"),("NEL","{\"success_fraction\":0,\"report_to\":\"cf-nel\",\"max_age\":604800}"),("Vary","Accept-Encoding"),("Server","cloudflare"),("CF-RAY","7ae2244149e93244-VIE"),("alt-svc","h3=\":443\"; ma=86400, h3-29=\":443\"; ma=86400")], responseBody = "<html>\r\n<head><title>308 Permanent Redirect</title></head>\r\n<body>\r\n<center><h1>308 Permanent Redirect</h1></center>\r\n<hr><center>openresty</center>\r\n</body>\r\n</html>\r\n", responseCookieJar = CJ {expose = []}, responseClose' = ResponseClose, responseOriginalRequest = Request {
host = "travis-ci.org"
port = 443
secure = True
requestHeaders = []
path = "/daattali/lightsout.svg"
queryString = "?branch=master"
method = "GET"
proxy = Nothing
rawBody = False
redirectCount = 10
responseTimeout = ResponseTimeoutDefault
requestVersion = HTTP/1.1
proxySecureMode = ProxySecureWithConnect
}
},Response {responseStatus = Status {statusCode = 308, statusMessage = "Permanent Redirect"}, responseVersion = HTTP/1.1, responseHeaders = [("Date","Sun, 26 Mar 2023 20:28:43 GMT"),("Content-Type","text/html"),("Transfer-Encoding","chunked"),("Connection","keep-alive"),("Location","https://travis-ci.org/daattali/lightsout.svg?branch=master"),("CF-Cache-Status","BYPASS"),("Report-To","{\"endpoints\":[{\"url\":\"https:\\/\\/a.nel.cloudflare.com\\/report\\/v3?s=JBgl%2FDQpbD6LMOToW02gaEDUtWkTrZjxX9C74rQZlxYYzag75d7ibVyztcBKOy%2BDv5uFNwAPE30l7%2FcnxOZ3CbC6LCbWjQWKJVZ1qlRdQfF%2BEpMUdi7tyT5r%2FwULlnq7\"}],\"group\":\"cf-nel\",\"max_age\":604800}"),("NEL","{\"success_fraction\":0,\"report_to\":\"cf-nel\",\"max_age\":604800}"),("Vary","Accept-Encoding"),("Server","cloudflare"),("CF-RAY","7ae2244078323244-VIE"),("alt-svc","h3=\":443\"; ma=86400, h3-29=\":443\"; ma=86400")], responseBody = "<html>\r\n<head><title>308 Permanent Redirect</title></head>\r\n<body>\r\n<center><h1>308 Permanent Redirect</h1></center>\r\n<hr><center>openresty</center>\r\n</body>\r\n</html>\r\n", responseCookieJar = CJ {expose = []}, responseClose' = ResponseClose, responseOriginalRequest = Request {
host = "travis-ci.org"
port = 443
secure = True
requestHeaders = []
path = "/daattali/lightsout.svg"
queryString = "?branch=master"
method = "GET"
proxy = Nothing
rawBody = False
redirectCount = 10
responseTimeout = ResponseTimeoutDefault
requestVersion = HTTP/1.1
proxySecureMode = ProxySecureWithConnect
}
},Response {responseStatus = Status {statusCode = 308, statusMessage = "Permanent Redirect"}, responseVersion = HTTP/1.1, responseHeaders = [("Date","Sun, 26 Mar 2023 20:28:42 GMT"),("Content-Type","text/html"),("Transfer-Encoding","chunked"),("Connection","keep-alive"),("Location","https://travis-ci.org/daattali/lightsout.svg?branch=master"),("CF-Cache-Status","BYPASS"),("Report-To","{\"endpoints\":[{\"url\":\"https:\\/\\/a.nel.cloudflare.com\\/report\\/v3?s=KfuFOtwgN6e34pTVKDvXhjJv04G6srXFQybZCp6mHiKJabBAc7Sjfohz3lWmdPXqXvHe5i7rCDpaSuZBenB15IaqqJtQZfJ3ErSJPr9wGDHqvvL139S%2Fc3aEH1q%2FTLkO\"}],\"group\":\"cf-nel\",\"max_age\":604800}"),("NEL","{\"success_fraction\":0,\"report_to\":\"cf-nel\",\"max_age\":604800}"),("Vary","Accept-Encoding"),("Server","cloudflare"),("CF-RAY","7ae2243faeaf3244-VIE"),("alt-svc","h3=\":443\"; ma=86400, h3-29=\":443\"; ma=86400")], responseBody = "<html>\r\n<head><title>308 Permanent Redirect</title></head>\r\n<body>\r\n<center><h1>308 Permanent Redirect</h1></center>\r\n<hr><center>openresty</center>\r\n</body>\r\n</html>\r\n", responseCookieJar = CJ {expose = []}, responseClose' = ResponseClose, responseOriginalRequest = Request {
host = "travis-ci.org"
port = 443
secure = True
requestHeaders = []
path = "/daattali/lightsout.svg"
queryString = "?branch=master"
method = "GET"
proxy = Nothing
rawBody = False
redirectCount = 10
responseTimeout = ResponseTimeoutDefault
requestVersion = HTTP/1.1
proxySecureMode = ProxySecureWithConnect
}
},Response {responseStatus = Status {statusCode = 308, statusMessage = "Permanent Redirect"}, responseVersion = HTTP/1.1, responseHeaders = [("Date","Sun, 26 Mar 2023 20:28:42 GMT"),("Content-Type","text/html"),("Transfer-Encoding","chunked"),("Connection","keep-alive"),("Location","https://travis-ci.org/daattali/lightsout.svg?branch=master"),("CF-Cache-Status","BYPASS"),("Report-To","{\"endpoints\":[{\"url\":\"https:\\/\\/a.nel.cloudflare.com\\/report\\/v3?s=Nsj3QkgbdDUNm9NbsELOIHgZvZYnVXc2lKNbP4dhzC4y0vNoB8uQ6IqUNeqTpgJs2gKLTF23n4a6qQtzH8dxEtzpPvHtZUuWo82qEv%2B6Z7bcMiTMaKqZelPseKVSUsOH\"}],\"group\":\"cf-nel\",\"max_age\":604800}"),("NEL","{\"success_fraction\":0,\"report_to\":\"cf-nel\",\"max_age\":604800}"),("Vary","Accept-Encoding"),("Server","cloudflare"),("CF-RAY","7ae2243edd4a3244-VIE"),("alt-svc","h3=\":443\"; ma=86400, h3-29=\":443\"; ma=86400")], responseBody = "<html>\r\n<head><title>308 Permanent Redirect</title></head>\r\n<body>\r\n<center><h1>308 Permanent Redirect</h1></center>\r\n<hr><center>openresty</center>\r\n</body>\r\n</html>\r\n", responseCookieJar = CJ {expose = []}, responseClose' = ResponseClose, responseOriginalRequest = Request {
host = "travis-ci.org"
port = 443
secure = True
requestHeaders = []
path = "/daattali/lightsout.svg"
queryString = "?branch=master"
method = "GET"
proxy = Nothing
rawBody = False
redirectCount = 10
responseTimeout = ResponseTimeoutDefault
requestVersion = HTTP/1.1
proxySecureMode = ProxySecureWithConnect
}
},Response {responseStatus = Status {statusCode = 308, statusMessage = "Permanent Redirect"}, responseVersion = HTTP/1.1, responseHeaders = [("Date","Sun, 26 Mar 2023 20:28:42 GMT"),("Content-Type","text/html"),("Transfer-Encoding","chunked"),("Connection","keep-alive"),("Location","https://travis-ci.org/daattali/lightsout.svg?branch=master"),("CF-Cache-Status","BYPASS"),("Report-To","{\"endpoints\":[{\"url\":\"https:\\/\\/a.nel.cloudflare.com\\/report\\/v3?s=yz6On3eYlrefd8KWgKo%2BhkIekMIPYuXHzpBu39hf7N7xRgDLY3F%2FrSLZMocKdllg9UGU14sxBtZADKKAsa9aSb61L1bd7jI1dIvgxfm0ciBTNtpxkxwNWmuQg3wRqGdi\"}],\"group\":\"cf-nel\",\"max_age\":604800}"),("NEL","{\"success_fraction\":0,\"report_to\":\"cf-nel\",\"max_age\":604800}"),("Vary","Accept-Encoding"),("Server","cloudflare"),("CF-RAY","7ae2243d4a503244-VIE"),("alt-svc","h3=\":443\"; ma=86400, h3-29=\":443\"; ma=86400")], responseBody = "<html>\r\n<head><title>308 Permanent Redirect</title></head>\r\n<body>\r\n<center><h1>308 Permanent Redirect</h1></center>\r\n<hr><center>openresty</center>\r\n</body>\r\n</html>\r\n", responseCookieJar = CJ {expose = []}, responseClose' = ResponseClose, responseOriginalRequest = Request {
host = "travis-ci.org"
port = 443
secure = True
requestHeaders = []
path = "/daattali/lightsout.svg"
queryString = "?branch=master"
method = "GET"
proxy = Nothing
rawBody = False
redirectCount = 10
responseTimeout = ResponseTimeoutDefault
requestVersion = HTTP/1.1
proxySecureMode = ProxySecureWithConnect
}
}])
Error: processing vignette ‘overview.Rmd’ failed with diagnostics:
pandoc document conversion failed with error 61
--- failed re-building ‘overview.Rmd’
SUMMARY: processing the following file failed:
‘overview.Rmd’
Error: Vignette re-building failed.
Execution halted
- checking PDF version of manual ... OK
- checking for non-standard things in the check directory ... OK
- DONE
Status: 1 ERROR, 1 NOTE