- using R version 3.5.0 RC (2018-04-16 r74618)
- using platform: x86_64-pc-linux-gnu (64-bit)
- using session charset: UTF-8
- checking for file ‘relax/DESCRIPTION’ ... OK
- this is package ‘relax’ version ‘1.3.15’
- checking package namespace information ... OK
- checking package dependencies ... OK
- checking if this is a source package ... OK
- checking if there is a namespace ... OK
- checking for executable files ... OK
- checking for hidden files and directories ... OK
- checking for portable file names ... OK
- checking for sufficient/correct file permissions ... OK
- checking serialization versions ... OK
- checking whether package ‘relax’ can be installed ... WARNING
Found the following significant warnings:
Note: break used in wrong context: no loop is visible
See https://www.r-project.org/nosvn/R.check/r-patched-linux-x86_64/relax-00install.html for details.
Information on the location(s) of code generating the ‘Note’s can be
obtained by re-running with environment variable R_KEEP_PKG_SOURCE set
to ‘yes’.
- checking package directory ... OK
- checking DESCRIPTION meta-information ... OK
- checking top-level files ... OK
- checking for left-over files ... OK
- checking index information ... OK
- checking package subdirectories ... OK
- checking R files for non-ASCII characters ... OK
- checking R files for syntax errors ... OK
- checking whether the package can be loaded ... OK
- checking whether the package can be loaded with stated dependencies ... OK
- checking whether the package can be unloaded cleanly ... OK
- checking whether the namespace can be loaded with stated dependencies ... OK
- checking whether the namespace can be unloaded cleanly ... OK
- checking loading without being on the library search path ... OK
- checking use of S3 registration ... OK
- checking dependencies in R code ... NOTE
'library' or 'require' call to ‘tkrplot’ in package code.
Please use :: or requireNamespace() instead.
See section 'Suggested packages' in the 'Writing R Extensions' manual.
Package in Depends field not imported from: ‘tcltk’
These packages need to be imported from (in the NAMESPACE file)
for when this namespace is loaded but not attached.
- checking S3 generic/method consistency ... OK
- checking replacement functions ... OK
- checking foreign function calls ... OK
- checking R code for possible problems ... [50s/62s] NOTE
CodeChunkPlayer : ft: no visible binding for global variable ‘start’
CodeChunkPlayer : ft: no visible global function definition for
‘tclVar’
CodeChunkPlayer : ft : show.next.number: no visible global function
definition for ‘tclvalue’
CodeChunkPlayer : ft : show.next.number: no visible global function
definition for ‘tkdelete’
CodeChunkPlayer : ft : show.next.number: no visible global function
definition for ‘tkinsert’
CodeChunkPlayer : ft : show.next.number: no visible global function
definition for ‘tclvalue<-’
CodeChunkPlayer : ft : show.back.number: no visible global function
definition for ‘tclvalue’
CodeChunkPlayer : ft : show.back.number: no visible global function
definition for ‘tkdelete’
CodeChunkPlayer : ft : show.back.number: no visible global function
definition for ‘tkinsert’
CodeChunkPlayer : ft : show.back.number: no visible global function
definition for ‘tclvalue<-’
CodeChunkPlayer : ft : show.number: no visible global function
definition for ‘tclvalue’
CodeChunkPlayer : ft : show.number: no visible global function
definition for ‘tkdelete’
CodeChunkPlayer : ft : show.number: no visible global function
definition for ‘tkinsert’
CodeChunkPlayer : ft : show.number: no visible global function
definition for ‘tclvalue<-’
CodeChunkPlayer : ft : eval.code: no visible global function definition
for ‘tclvalue’
CodeChunkPlayer : ft : eval.code: no visible global function definition
for ‘tkget’
CodeChunkPlayer : ft : exit.function: no visible global function
definition for ‘tkdestroy’
CodeChunkPlayer : ft : exit.function: no visible global function
definition for ‘tkgetSaveFile’
CodeChunkPlayer : ft : exit.function: no visible global function
definition for ‘tclvalue’
CodeChunkPlayer : ft: no visible global function definition for
‘tktoplevel’
CodeChunkPlayer : ft: no visible global function definition for
‘tktext’
CodeChunkPlayer : ft: no visible global function definition for
‘tkframe’
CodeChunkPlayer : ft: no visible global function definition for
‘tkwm.title’
CodeChunkPlayer : ft: no visible global function definition for
‘tkpack’
CodeChunkPlayer : ft: no visible global function definition for
‘tkevent.add’
CodeChunkPlayer : ft : mac.paste: no visible global function definition
for ‘.Tcl’
CodeChunkPlayer : ft : mac.paste: no visible global function definition
for ‘tkinsert’
CodeChunkPlayer : ft : mac.paste: no visible global function definition
for ‘tksee’
CodeChunkPlayer : ft: no visible global function definition for
‘tkbind’
CodeChunkPlayer : ft : mac.copy: no visible global function definition
for ‘tclvalue’
CodeChunkPlayer : ft : mac.copy: no visible global function definition
for ‘.Tcl’
CodeChunkPlayer : ft: no visible global function definition for
‘tkbutton’
CodeChunkPlayer : ft: no visible global function definition for
‘tkentry’
CodeChunkPlayer : ft: no visible global function definition for
‘tklabel’
CodeChunkPlayer : ft: no visible global function definition for
‘tkconfigure’
CodeChunkPlayer : ft: no visible global function definition for
‘tclvalue<-’
ConstructDemo : ft: no visible binding for global variable ‘start’
ConstructDemo : ft: no visible global function definition for ‘tclVar’
ConstructDemo : ft : show.next.number: no visible global function
definition for ‘tclvalue’
ConstructDemo : ft : show.next.number: no visible global function
definition for ‘tkdelete’
ConstructDemo : ft : show.next.number: no visible global function
definition for ‘tkinsert’
ConstructDemo : ft : show.next.number: no visible global function
definition for ‘tclvalue<-’
ConstructDemo : ft : show.back.number: no visible global function
definition for ‘tclvalue’
ConstructDemo : ft : show.back.number: no visible global function
definition for ‘tkdelete’
ConstructDemo : ft : show.back.number: no visible global function
definition for ‘tkinsert’
ConstructDemo : ft : show.back.number: no visible global function
definition for ‘tclvalue<-’
ConstructDemo : ft : show.number: no visible global function definition
for ‘tclvalue’
ConstructDemo : ft : show.number: no visible global function definition
for ‘tkdelete’
ConstructDemo : ft : show.number: no visible global function definition
for ‘tkinsert’
ConstructDemo : ft : show.number: no visible global function definition
for ‘tclvalue<-’
ConstructDemo : ft : eval.code: no visible global function definition
for ‘tclvalue’
ConstructDemo : ft : eval.code: no visible global function definition
for ‘tkget’
ConstructDemo : ft : exit.function: no visible global function
definition for ‘tkdestroy’
ConstructDemo : ft : exit.function: no visible global function
definition for ‘tkgetSaveFile’
ConstructDemo : ft : exit.function: no visible global function
definition for ‘tclvalue’
ConstructDemo : ft: no visible global function definition for
‘tktoplevel’
ConstructDemo : ft: no visible global function definition for ‘tktext’
ConstructDemo : ft: no visible global function definition for ‘tkframe’
ConstructDemo : ft: no visible global function definition for
‘tkwm.title’
ConstructDemo : ft: no visible global function definition for ‘tkpack’
ConstructDemo : ft: no visible global function definition for
‘tkevent.add’
ConstructDemo : ft : mac.paste: no visible global function definition
for ‘.Tcl’
ConstructDemo : ft : mac.paste: no visible global function definition
for ‘tkinsert’
ConstructDemo : ft : mac.paste: no visible global function definition
for ‘tksee’
ConstructDemo : ft: no visible global function definition for ‘tkbind’
ConstructDemo : ft : mac.copy: no visible global function definition
for ‘tclvalue’
ConstructDemo : ft : mac.copy: no visible global function definition
for ‘.Tcl’
ConstructDemo : ft: no visible global function definition for
‘tkbutton’
ConstructDemo : ft: no visible global function definition for ‘tkentry’
ConstructDemo : ft: no visible global function definition for ‘tklabel’
ConstructDemo : ft: no visible global function definition for
‘tkconfigure’
ConstructDemo : ft: no visible global function definition for
‘tclvalue<-’
args.player: no visible global function definition for ‘tktoplevel’
args.player: no visible global function definition for ‘tkwm.title’
args.player: no visible global function definition for ‘tkwm.geometry’
args.player: no visible global function definition for ‘tkpack’
args.player: no visible global function definition for ‘tkframe’
args.player: no visible global function definition for ‘tkbutton’
args.player : <anonymous>: no visible global function definition for
‘tkdestroy’
args.player : set.tclvalue: no visible global function definition for
‘tclvalue<-’
args.player: no visible global function definition for ‘tklabel’
args.player: no visible global function definition for ‘tkentry’
args.player: no visible global function definition for ‘tkfocus’
args.player: no visible global function definition for ‘tkconfigure’
args.player : <anonymous>: no visible global function definition for
‘tclvalue’
cat: no visible global function definition for ‘tclvalue’
cat: no visible global function definition for ‘tkwinfo’
cat: no visible global function definition for ‘tkinsert’
cat: no visible global function definition for ‘tksee’
cat: no visible global function definition for ‘tcl’
gslider: no visible global function definition for ‘tclvalue’
gslider: no visible global function definition for ‘tktoplevel’
gslider: no visible global function definition for ‘tkwm.title’
gslider: no visible global function definition for ‘tkwm.geometry’
gslider: no visible global function definition for ‘tkframe’
gslider: no visible global function definition for ‘tkpack’
gslider : newpl: no visible global function definition for ‘plot’
gslider : newpl: no visible global function definition for ‘text’
gslider: no visible global function definition for ‘tklabel’
gslider: no visible global function definition for ‘tkscale’
gslider: no visible global function definition for ‘tkconfigure’
gslider: no visible global function definition for ‘tkbind’
gslider: no visible global function definition for ‘tkbutton’
gslider : <anonymous>: no visible global function definition for
‘tkdestroy’
menu: no visible global function definition for ‘tclvalue’
menu: no visible global function definition for ‘tkwinfo’
menu: no visible global function definition for ‘tktoplevel’
menu: no visible global function definition for ‘tkwm.geometry’
menu: no visible global function definition for ‘tkwm.title’
menu: no visible global function definition for ‘tkscrollbar’
menu : <anonymous>: no visible global function definition for ‘tkyview’
menu: no visible global function definition for ‘tklistbox’
menu : <anonymous>: no visible global function definition for ‘tkset’
menu: no visible global function definition for ‘tkinsert’
menu: no visible global function definition for ‘tkpack’
menu: no visible global function definition for ‘tkbind’
menu : <anonymous>: no visible global function definition for
‘tkdestroy’
menu : <anonymous>: no visible global function definition for
‘tkcurselection’
menu: no visible global function definition for ‘tkwait.window’
menu: no visible global function definition for ‘tksee’
menu: no visible global function definition for ‘tcl’
menu: no visible global function definition for ‘tkfocus’
mystep : mydeviance: no visible global function definition for
‘deviance’
mystep : mydeviance: no visible global function definition for
‘extractAIC’
mystep : step.results: no visible global function definition for
‘formula’
mystep: no visible global function definition for ‘terms’
mystep: no visible global function definition for ‘update.formula’
mystep: no visible global function definition for ‘nobs’
mystep: no visible global function definition for ‘extractAIC’
mystep: no visible global function definition for ‘formula’
mystep: no visible global function definition for ‘flush.console’
mystep: no visible global function definition for ‘factor.scope’
mystep: no visible global function definition for ‘drop1’
mystep: no visible global function definition for ‘add1’
mystep: no visible global function definition for ‘update’
playground: no visible global function definition for ‘tktoplevel’
playground: no visible global function definition for ‘tkwm.geometry’
playground: no visible global function definition for ‘tkwm.title’
playground: no visible global function definition for ‘tktext’
playground : mac.paste: no visible global function definition for
‘.Tcl’
playground : mac.paste: no visible global function definition for
‘tkinsert’
playground : mac.paste: no visible global function definition for
‘tksee’
playground: no visible global function definition for ‘tkbind’
playground : mac.copy: no visible global function definition for
‘tclvalue’
playground : mac.copy: no visible global function definition for ‘.Tcl’
playground: no visible global function definition for ‘tkevent.add’
playground: no visible global function definition for ‘tkframe’
playground: no visible global function definition for ‘tkpack’
playground: no visible global function definition for ‘tkbutton’
playground: no visible global function definition for ‘tkinsert’
playground : eval.code: no visible global function definition for
‘tclvalue’
playground : eval.code: no visible global function definition for
‘tkget’
playground : exit.function: no visible global function definition for
‘tkdestroy’
playground: no visible global function definition for ‘tkconfigure’
print: no visible global function definition for ‘tclvalue’
print: no visible global function definition for ‘tkwinfo’
print: no visible global function definition for ‘tkinsert’
print: no visible global function definition for ‘tksee’
print: no visible global function definition for ‘tcl’
readline: no visible global function definition for ‘tclvalue’
readline: no visible global function definition for ‘tkwinfo’
readline: no visible global function definition for ‘tkconfigure’
readline: no visible global function definition for ‘tkpack’
readline: no visible global function definition for ‘tkfocus’
readline: no visible global function definition for ‘tkselection.range’
readline: no visible global function definition for ‘tkbind’
readline : <anonymous>: no visible global function definition for
‘tkbind’
readline : <anonymous>: no visible global function definition for
‘tkpack’
readline : <anonymous>: no visible global function definition for
‘tclvalue’
readline: no visible global function definition for ‘tkwait.variable’
readline: no visible global function definition for ‘tkinsert’
readline: no visible global function definition for ‘tksee’
readline: no visible global function definition for ‘tcl’
relax : myhead.menu : set.tclvalue: no visible global function
definition for ‘tclvalue<-’
relax : myhead.menu: no visible global function definition for
‘tkmessageBox’
relax : myhead.menu: no visible global function definition for
‘tkmenubutton’
relax : myhead.menu: no visible global function definition for ‘tkbind’
relax : myhead.menu: no visible global function definition for ‘tkpack’
relax : myhead.menu: no visible global function definition for ‘tkmenu’
relax : myhead.menu: no visible global function definition for
‘tkconfigure’
relax : myhead.menu: no visible global function definition for
‘tkdestroy’
relax : myhead.menu: no visible global function definition for ‘tkadd’
relax : melde: no visible global function definition for
‘flush.console’
relax : set.tclvalue: no visible global function definition for
‘tclvalue<-’
relax: no visible global function definition for ‘.Tcl’
relax: no visible global function definition for ‘tclvalue’
relax : WinToTcl.read: no visible global function definition for
‘tkmessageBox’
relax : WinToTcl.read: no visible global function definition for
‘tclvalue’
relax : fEvalRCode: no visible global function definition for ‘tkindex’
relax : fEvalRCode: no visible global function definition for
‘tclvalue’
relax : fEvalRCode: no visible global function definition for ‘tkget’
relax : fEvalRCode: no visible global function definition for
‘tkinsert’
relax : fEvalRCode: no visible global function definition for ‘tksee’
relax : fEvalRCode: no visible global function definition for
‘tkevent.generate’
relax : fEvalRCode: no visible global function definition for ‘tcl’
relax : fEvalRCode: no visible global function definition for
‘tktag.configure’
relax : fFindText: no visible global function definition for
‘tkconfigure’
relax : fFindText: no visible global function definition for ‘tkpack’
relax : fFindText: no visible global function definition for ‘tkfocus’
relax : fFindText: no visible global function definition for
‘tkselection.range’
relax : fFindText: no visible global function definition for ‘tkbind’
relax : fFindText : <anonymous>: no visible global function definition
for ‘tkbind’
relax : fFindText : <anonymous>: no visible global function definition
for ‘tkpack’
relax : fFindText : <anonymous>: no visible global function definition
for ‘tclvalue’
relax : fFindText : <anonymous>: no visible global function definition
for ‘tkget’
relax : fFindText : <anonymous>: no visible global function definition
for ‘tcl’
relax : fFindText : <anonymous>: no visible global function definition
for ‘tkfocus’
relax : fFindText : <anonymous>: no visible global function definition
for ‘tkindex’
relax : fFindText : <anonymous>: no visible global function definition
for ‘tksee’
relax : fFindText : <anonymous>: no visible global function definition
for ‘tkmark.set’
relax : fFindText : <anonymous>: no visible global function definition
for ‘tktag.configure’
relax : fExamples: no visible global function definition for
‘tkconfigure’
relax : fExamples: no visible global function definition for ‘tkpack’
relax : fExamples: no visible global function definition for ‘tkfocus’
relax : fExamples: no visible global function definition for
‘tkselection.range’
relax : fExamples: no visible global function definition for ‘tkbind’
relax : fExamples : <anonymous>: no visible global function definition
for ‘tkbind’
relax : fExamples : <anonymous>: no visible global function definition
for ‘tkpack’
relax : fExamples : <anonymous>: no visible global function definition
for ‘tclvalue’
relax : fExamples : <anonymous>: no visible global function definition
for ‘tkinsert’
relax : fExamples : <anonymous>: no visible global function definition
for ‘tksee’
relax : fHelp.R: no visible global function definition for
‘tkconfigure’
relax : fHelp.R: no visible global function definition for ‘tkpack’
relax : fHelp.R: no visible global function definition for ‘tkfocus’
relax : fHelp.R: no visible global function definition for
‘tkselection.range’
relax : fHelp.R: no visible global function definition for ‘tkbind’
relax : fHelp.R : <anonymous>: no visible global function definition
for ‘tkbind’
relax : fHelp.R : <anonymous>: no visible global function definition
for ‘tkpack’
relax : fHelp.R : <anonymous>: no visible global function definition
for ‘tclvalue’
relax : fHelp.R : <anonymous>: no visible global function definition
for ‘tkmessageBox’
relax : InsertTeX: no visible global function definition for ‘tkindex’
relax : InsertTeX: no visible global function definition for ‘tclvalue’
relax : InsertTeX: no visible global function definition for ‘tkget’
relax : fPlanRCode: no visible global function definition for
‘tclvalue’
relax : fPlanRCode: no visible global function definition for ‘tkget’
relax : fPlanRCode: no visible global function definition for ‘tkindex’
relax : fPlanRCode: no visible global function definition for
‘tkinsert’
relax : fPlanRCode: no visible global function definition for
‘tkmark.set’
relax : fPlanRCode: no visible global function definition for ‘tksee’
relax : fPlanRCode: no visible global function definition for ‘tcl’
relax : fPlanRCode: no visible global function definition for
‘tktag.configure’
relax : fPlanRCode: no visible global function definition for ‘tkfocus’
relax : fPlanRCode: no visible global function definition for
‘tkdelete’
relax : fRemoveOut: no visible global function definition for
‘tkdelete’
relax : fRemoveOut: no visible global function definition for
‘tkinsert’
relax : fInsert: no visible global function definition for ‘tclvalue’
relax : fInsert: no visible global function definition for ‘tkget’
relax : fInsert: no visible global function definition for ‘tkindex’
relax : fInsert: no visible global function definition for ‘tkinsert’
relax : fInsert: no visible global function definition for ‘tkmark.set’
relax : fInsert: no visible global function definition for ‘tksee’
relax : fInsert: no visible global function definition for ‘tcl’
relax : fInsert: no visible global function definition for
‘tktag.configure’
relax : fInsert: no visible global function definition for ‘tkfocus’
relax : fInsert: no visible global function definition for ‘tkdelete’
relax : fSavePlot: no visible global function definition for ‘dev.copy’
relax : fSavePlot: no visible binding for global variable ‘postscript’
relax : fSavePlot: no visible global function definition for ‘dev.off’
relax : fSavePlot: no visible binding for global variable ‘jpeg’
relax : fSavePlot: no visible binding for global variable ‘bitmap’
relax : fSavePlot: no visible global function definition for
‘dev2bitmap’
relax : fSavePlot: no visible global function definition for ‘tclvalue’
relax : fSavePlot: no visible global function definition for ‘tkget’
relax : fSavePlot: no visible global function definition for ‘tkindex’
relax : fSavePlot: no visible global function definition for ‘tkinsert’
relax : fSavePlot: no visible global function definition for
‘tkmark.set’
relax : fSavePlot: no visible global function definition for ‘tksee’
relax : fSavePlot: no visible global function definition for ‘tcl’
relax : fSavePlot: no visible global function definition for
‘tktag.configure’
relax : fSavePlot: no visible global function definition for ‘tkfocus’
relax : createandshow.single.plot: no visible global function
definition for ‘tcl’
relax : createandshow.single.plot: no visible global function
definition for ‘tclvalue’
relax : createandshow.single.plot: no visible global function
definition for ‘.Tcl’
relax : show.plots.again: no visible global function definition for
‘tclvalue’
relax : show.plots.again: no visible global function definition for
‘tkget’
relax : show.plots.again: no visible global function definition for
‘tcl’
relax : createandshow.all.plots: no visible global function definition
for ‘tclvalue’
relax : createandshow.all.plots: no visible global function definition
for ‘tkget’
relax : createandshow.all.plots: no visible global function definition
for ‘tcl’
relax : createandshow.all.plots: no visible global function definition
for ‘.Tcl’
relax : exclude.plots: no visible global function definition for
‘tclvalue’
relax : exclude.plots: no visible global function definition for
‘tkget’
relax : exclude.plots: no visible global function definition for
‘tkdelete’
relax : exclude.plots: no visible global function definition for
‘tkinsert’
relax : fTrashROutput: no visible global function definition for
‘tclvalue’
relax : fTrashROutput: no visible global function definition for
‘tkget’
relax : fTrashROutput: no visible global function definition for
‘tkindex’
relax : fTrashROutput: no visible global function definition for
‘tkdelete’
relax : fTrashROutput: no visible global function definition for
‘tkinsert’
relax : fTrashROutput: no visible global function definition for
‘tksee’
relax : fTrashROutput: no visible global function definition for ‘tcl’
relax : fTrashROutput: no visible global function definition for
‘tktag.configure’
relax : fTrashROutput: no visible global function definition for
‘tkfocus’
relax : fTrashROutput: no visible global function definition for
‘tkmark.set’
relax : fWarnEval: no visible global function definition for ‘tkindex’
relax : fWarnEval: no visible global function definition for ‘tclvalue’
relax : fWarnEval: no visible global function definition for ‘tkget’
relax : fWarnEval: no visible global function definition for ‘tkinsert’
relax : fWarnEval: no visible global function definition for ‘tksee’
relax : fWarnEval: no visible global function definition for
‘tkevent.generate’
relax : fWarnEval: no visible global function definition for ‘tcl’
relax : fWarnEval: no visible global function definition for
‘tktag.configure’
relax : fUp: no visible global function definition for ‘tkindex’
relax : fUp: no visible global function definition for ‘tclvalue’
relax : fUp: no visible global function definition for ‘tkget’
relax : fUp: no visible global function definition for ‘tkmark.set’
relax : fUp: no visible global function definition for ‘tksee’
relax : fDown: no visible global function definition for ‘tkindex’
relax : fDown: no visible global function definition for ‘tclvalue’
relax : fDown: no visible global function definition for ‘tkget’
relax : fDown: no visible global function definition for ‘tkmark.set’
relax : fDown: no visible global function definition for ‘tksee’
relax : Exit: no visible global function definition for ‘tkmessageBox’
relax : Exit: no visible global function definition for ‘tclvalue’
relax : Exit: no visible global function definition for ‘tkdestroy’
relax : SetPSDesignWidth: no visible global function definition for
‘tkconfigure’
relax : SetPSDesignWidth: no visible global function definition for
‘tkpack’
relax : SetPSDesignWidth: no visible global function definition for
‘tkfocus’
relax : SetPSDesignWidth: no visible global function definition for
‘tkselection.range’
relax : SetPSDesignWidth: no visible global function definition for
‘tkbind’
relax : SetPSDesignWidth : <anonymous>: no visible global function
definition for ‘tkbind’
relax : SetPSDesignWidth : <anonymous>: no visible global function
definition for ‘tkpack’
relax : SetPSDesignWidth : <anonymous>: no visible global function
definition for ‘tclvalue’
relax : SetPlotHeight: no visible global function definition for
‘tkconfigure’
relax : SetPlotHeight: no visible global function definition for
‘tkpack’
relax : SetPlotHeight: no visible global function definition for
‘tkfocus’
relax : SetPlotHeight: no visible global function definition for
‘tkselection.range’
relax : SetPlotHeight: no visible global function definition for
‘tkbind’
relax : SetPlotHeight : <anonymous>: no visible global function
definition for ‘tkbind’
relax : SetPlotHeight : <anonymous>: no visible global function
definition for ‘tkpack’
relax : SetPlotHeight : <anonymous>: no visible global function
definition for ‘tclvalue’
relax : SetPSDesignHeight: no visible global function definition for
‘tkconfigure’
relax : SetPSDesignHeight: no visible global function definition for
‘tkpack’
relax : SetPSDesignHeight: no visible global function definition for
‘tkfocus’
relax : SetPSDesignHeight: no visible global function definition for
‘tkselection.range’
relax : SetPSDesignHeight: no visible global function definition for
‘tkbind’
relax : SetPSDesignHeight : <anonymous>: no visible global function
definition for ‘tkbind’
relax : SetPSDesignHeight : <anonymous>: no visible global function
definition for ‘tkpack’
relax : SetPSDesignHeight : <anonymous>: no visible global function
definition for ‘tclvalue’
relax : SetPSRotation: no visible global function definition for
‘tkmenu’
relax : SetPSRotation: no visible global function definition for
‘tkadd’
relax : SetPSRotation: no visible global function definition for
‘tkpost’
relax : SetPSRotation: no visible global function definition for
‘tkactivate’
relax : SetPSRotation: no visible global function definition for
‘tkbind’
relax : SetPSRotation : <anonymous>: no visible global function
definition for ‘tkdestroy’
relax : SetPSRotation: no visible global function definition for
‘tkwait.variable’
relax : SetPSRotation: no visible global function definition for
‘tclvalue’
relax : SetPPMResolution: no visible global function definition for
‘tkconfigure’
relax : SetPPMResolution: no visible global function definition for
‘tkpack’
relax : SetPPMResolution: no visible global function definition for
‘tkfocus’
relax : SetPPMResolution: no visible global function definition for
‘tkselection.range’
relax : SetPPMResolution: no visible global function definition for
‘tkbind’
relax : SetPPMResolution : <anonymous>: no visible global function
definition for ‘tkbind’
relax : SetPPMResolution : <anonymous>: no visible global function
definition for ‘tkpack’
relax : SetPPMResolution : <anonymous>: no visible global function
definition for ‘tclvalue’
relax : SetJPGSize: no visible global function definition for
‘tkconfigure’
relax : SetJPGSize: no visible global function definition for ‘tkpack’
relax : SetJPGSize: no visible global function definition for ‘tkfocus’
relax : SetJPGSize: no visible global function definition for
‘tkselection.range’
relax : SetJPGSize: no visible global function definition for ‘tkbind’
relax : SetJPGSize : <anonymous>: no visible global function definition
for ‘tkbind’
relax : SetJPGSize : <anonymous>: no visible global function definition
for ‘tkpack’
relax : SetJPGSize : <anonymous>: no visible global function definition
for ‘tclvalue’
relax : SetFontType: no visible global function definition for ‘tkmenu’
relax : SetFontType: no visible global function definition for ‘tkadd’
relax : SetFontType: no visible global function definition for ‘tkpost’
relax : SetFontType: no visible global function definition for
‘tkactivate’
relax : SetFontType: no visible global function definition for ‘tkbind’
relax : SetFontType : <anonymous>: no visible global function
definition for ‘tkdestroy’
relax : SetFontType: no visible global function definition for
‘tkwait.variable’
relax : SetFontType: no visible global function definition for
‘tclvalue’
relax : SetFontType: no visible global function definition for
‘tkconfigure’
relax : SetFontSize: no visible global function definition for ‘tkmenu’
relax : SetFontSize: no visible global function definition for ‘tkadd’
relax : SetFontSize: no visible global function definition for ‘tkpost’
relax : SetFontSize: no visible global function definition for
‘tkactivate’
relax : SetFontSize: no visible global function definition for ‘tkbind’
relax : SetFontSize : <anonymous>: no visible global function
definition for ‘tkdestroy’
relax : SetFontSize: no visible global function definition for
‘tkwait.variable’
relax : SetFontSize: no visible global function definition for
‘tclvalue’
relax : SetFontSize: no visible global function definition for
‘tkconfigure’
relax : SetFontSize: no visible global function definition for ‘tcl’
relax : SetFontSize: no visible global function definition for
‘tktag.configure’
relax : SetRelaxWinSize: no visible global function definition for
‘tclvalue’
relax : SetRelaxWinSize: no visible global function definition for
‘tkwinfo’
relax : SetRelaxWinSize: no visible global function definition for
‘tkconfigure’
relax : SetRelaxWinSize: no visible global function definition for
‘tkpack’
relax : SetRelaxWinSize: no visible global function definition for
‘tkfocus’
relax : SetRelaxWinSize: no visible global function definition for
‘tkselection.range’
relax : SetRelaxWinSize: no visible global function definition for
‘tkbind’
relax : SetRelaxWinSize : <anonymous>: no visible global function
definition for ‘tkbind’
relax : SetRelaxWinSize : <anonymous>: no visible global function
definition for ‘tkpack’
relax : SetRelaxWinSize : <anonymous>: no visible global function
definition for ‘tclvalue’
relax : SetRelaxWinSize : <anonymous>: no visible global function
definition for ‘tkwm.geometry’
relax : SetOutputLength: no visible global function definition for
‘tkconfigure’
relax : SetOutputLength: no visible global function definition for
‘tkpack’
relax : SetOutputLength: no visible global function definition for
‘tkfocus’
relax : SetOutputLength: no visible global function definition for
‘tkselection.range’
relax : SetOutputLength: no visible global function definition for
‘tkbind’
relax : SetOutputLength : <anonymous>: no visible global function
definition for ‘tkbind’
relax : SetOutputLength : <anonymous>: no visible global function
definition for ‘tkpack’
relax : SetOutputLength : <anonymous>: no visible global function
definition for ‘tclvalue’
relax : ConfigRelax: no visible global function definition for
‘tktoplevel’
relax : ConfigRelax: no visible global function definition for
‘tkwm.geometry’
relax : ConfigRelax: no visible global function definition for ‘tkpack’
relax : ConfigRelax: no visible global function definition for ‘tktext’
relax : ConfigRelax: no visible global function definition for
‘tkframe’
relax : ConfigRelax: no visible global function definition for
‘tkbutton’
relax : ConfigRelax : <anonymous>: no visible global function
definition for ‘tclvalue’
relax : ConfigRelax : <anonymous>: no visible global function
definition for ‘tkget’
relax : ConfigRelax : <anonymous>: no visible global function
definition for ‘tkmessageBox’
relax : ConfigRelax : <anonymous>: no visible global function
definition for ‘tkdestroy’
relax : ConfigRelax : <anonymous>: no visible global function
definition for ‘tkdelete’
relax : ConfigRelax : <anonymous>: no visible global function
definition for ‘tkinsert’
relax : ConfigRelax: no visible global function definition for
‘tkwm.title’
relax : ConfigRelax: no visible global function definition for
‘tkinsert’
relax : ConfigRelax: no visible global function definition for ‘tkbind’
relax : ConfigRelax: no visible global function definition for
‘tkfocus’
relax : GoToLine: no visible global function definition for ‘tkindex’
relax : GoToLine: no visible global function definition for
‘tkconfigure’
relax : GoToLine: no visible global function definition for ‘tkpack’
relax : GoToLine: no visible global function definition for ‘tkfocus’
relax : GoToLine: no visible global function definition for
‘tkselection.range’
relax : GoToLine: no visible global function definition for ‘tkbind’
relax : GoToLine : <anonymous>: no visible global function definition
for ‘tkbind’
relax : GoToLine : <anonymous>: no visible global function definition
for ‘tkpack’
relax : GoToLine : <anonymous>: no visible global function definition
for ‘tclvalue’
relax : GoToLine : <anonymous>: no visible global function definition
for ‘tksee’
relax : GoToLine : <anonymous>: no visible global function definition
for ‘tkmark.set’
relax : GoToLine : <anonymous>: no visible global function definition
for ‘tkfocus’
relax : Replace: no visible global function definition for ‘.Tcl’
relax : WebReport: no visible global function definition for
‘tkmessageBox’
relax : WebReport: no visible global function definition for ‘tclvalue’
relax : WebReport: no visible global function definition for ‘tkget’
relax : WeaveReport: no visible global function definition for
‘tkmessageBox’
relax : WeaveReport: no visible global function definition for
‘tclvalue’
relax : WeaveReport: no visible global function definition for ‘tkget’
relax : ProcessWithSexpr: no visible global function definition for
‘tkmessageBox’
relax : ProcessWithSexpr: no visible global function definition for
‘tclvalue’
relax : ProcessWithSexpr: no visible global function definition for
‘tkget’
relax : WeaveReportNoCode: no visible global function definition for
‘tkmessageBox’
relax : WeaveReportNoCode: no visible global function definition for
‘tclvalue’
relax : WeaveReportNoCode: no visible global function definition for
‘tkget’
relax : WeaveReportEchoCode: no visible global function definition for
‘tkmessageBox’
relax : WeaveReportEchoCode: no visible global function definition for
‘tclvalue’
relax : WeaveReportEchoCode: no visible global function definition for
‘tkget’
relax : WeaveReportNoText: no visible global function definition for
‘tkmessageBox’
relax : WeaveReportNoText: no visible global function definition for
‘tclvalue’
relax : WeaveReportNoText: no visible global function definition for
‘tkget’
relax : TangleReport: no visible global function definition for
‘tkmessageBox’
relax : TangleReport: no visible global function definition for
‘tclvalue’
relax : TangleReport: no visible global function definition for ‘tkget’
relax : TangleReportNoComments: no visible global function definition
for ‘tkmessageBox’
relax : TangleReportNoComments: no visible global function definition
for ‘tclvalue’
relax : TangleReportNoComments: no visible global function definition
for ‘tkget’
relax : TangleReportChunk: no visible global function definition for
‘tkmessageBox’
relax : TangleReportChunk: no visible global function definition for
‘tclvalue’
relax : TangleReportChunk: no visible global function definition for
‘tkget’
relax : LaTeX.head: no visible global function definition for
‘tclvalue’
relax : LaTeX.head: no visible global function definition for ‘tkget’
relax : LaTeX.head: no visible global function definition for
‘tkinsert’
relax : ProcessReport: no visible global function definition for
‘tkmessageBox’
relax : ProcessReport: no visible global function definition for
‘tclvalue’
relax : ProcessReport: no visible global function definition for
‘tkget’
relax : ProcessChunk: no visible global function definition for
‘tclvalue’
relax : ProcessChunk: no visible global function definition for ‘tkget’
relax : ProcessChunk: no visible global function definition for
‘tkindex’
relax : ProcessBeginEndEnv: no visible global function definition for
‘tclvalue’
relax : ProcessBeginEndEnv: no visible global function definition for
‘tkget’
relax : ProcessBeginEndEnv: no visible global function definition for
‘tkindex’
relax : SWEAVE: no visible global function definition for
‘tkmessageBox’
relax : SWEAVE: no visible global function definition for ‘tclvalue’
relax : SWEAVE: no visible global function definition for ‘tkget’
relax : SWEAVE: no visible global function definition for ‘tkconfigure’
relax : SWEAVE: no visible global function definition for ‘tkpack’
relax : SWEAVE: no visible global function definition for ‘tkfocus’
relax : SWEAVE: no visible global function definition for
‘tkselection.range’
relax : SWEAVE: no visible global function definition for ‘tkbind’
relax : SWEAVE : <anonymous>: no visible global function definition for
‘tkbind’
relax : SWEAVE : <anonymous>: no visible global function definition for
‘tkpack’
relax : SWEAVE : <anonymous>: no visible global function definition for
‘tclvalue’
relax : SWEAVEB: no visible global function definition for
‘tkmessageBox’
relax : SWEAVEB: no visible global function definition for ‘tclvalue’
relax : SWEAVEB: no visible global function definition for ‘tkget’
relax : SWEAVEB: no visible global function definition for
‘tkconfigure’
relax : SWEAVEB: no visible global function definition for ‘tkpack’
relax : SWEAVEB: no visible global function definition for ‘tkfocus’
relax : SWEAVEB: no visible global function definition for
‘tkselection.range’
relax : SWEAVEB: no visible global function definition for ‘tkbind’
relax : SWEAVEB : <anonymous>: no visible global function definition
for ‘tkbind’
relax : SWEAVEB : <anonymous>: no visible global function definition
for ‘tkpack’
relax : SWEAVEB : <anonymous>: no visible global function definition
for ‘tclvalue’
relax : SWEAVEB : <anonymous>: no visible global function definition
for ‘tkinsert’
relax : SWEAVEB : <anonymous>: no visible global function definition
for ‘tksee’
relax : ConstructDemoFunction: no visible global function definition
for ‘tkmessageBox’
relax : ConstructDemoFunction: no visible global function definition
for ‘tclvalue’
relax : ConstructDemoFunction: no visible global function definition
for ‘tkget’
relax : ConstructDemoFunction : ft: no visible binding for global
variable ‘start’
relax : ConstructDemoFunction : ft: no visible global function
definition for ‘tclVar’
relax : ConstructDemoFunction : ft : show.next.number: no visible
global function definition for ‘tclvalue’
relax : ConstructDemoFunction : ft : show.next.number: no visible
global function definition for ‘tkdelete’
relax : ConstructDemoFunction : ft : show.next.number: no visible
global function definition for ‘tkinsert’
relax : ConstructDemoFunction : ft : show.next.number: no visible
global function definition for ‘tclvalue<-’
relax : ConstructDemoFunction : ft : show.back.number: no visible
global function definition for ‘tclvalue’
relax : ConstructDemoFunction : ft : show.back.number: no visible
global function definition for ‘tkdelete’
relax : ConstructDemoFunction : ft : show.back.number: no visible
global function definition for ‘tkinsert’
relax : ConstructDemoFunction : ft : show.back.number: no visible
global function definition for ‘tclvalue<-’
relax : ConstructDemoFunction : ft : show.number: no visible global
function definition for ‘tclvalue’
relax : ConstructDemoFunction : ft : show.number: no visible global
function definition for ‘tkdelete’
relax : ConstructDemoFunction : ft : show.number: no visible global
function definition for ‘tkinsert’
relax : ConstructDemoFunction : ft : show.number: no visible global
function definition for ‘tclvalue<-’
relax : ConstructDemoFunction : ft : eval.code: no visible global
function definition for ‘tclvalue’
relax : ConstructDemoFunction : ft : eval.code: no visible global
function definition for ‘tkget’
relax : ConstructDemoFunction : ft : exit.function: no visible global
function definition for ‘tkdestroy’
relax : ConstructDemoFunction : ft : exit.function: no visible global
function definition for ‘tkgetSaveFile’
relax : ConstructDemoFunction : ft : exit.function: no visible global
function definition for ‘tclvalue’
relax : ConstructDemoFunction : ft: no visible global function
definition for ‘tktoplevel’
relax : ConstructDemoFunction : ft: no visible global function
definition for ‘tktext’
relax : ConstructDemoFunction : ft: no visible global function
definition for ‘tkframe’
relax : ConstructDemoFunction : ft: no visible global function
definition for ‘tkwm.title’
relax : ConstructDemoFunction : ft: no visible global function
definition for ‘tkpack’
relax : ConstructDemoFunction : ft: no visible global function
definition for ‘tkevent.add’
relax : ConstructDemoFunction : ft : mac.paste: no visible global
function definition for ‘.Tcl’
relax : ConstructDemoFunction : ft : mac.paste: no visible global
function definition for ‘tkinsert’
relax : ConstructDemoFunction : ft : mac.paste: no visible global
function definition for ‘tksee’
relax : ConstructDemoFunction : ft: no visible global function
definition for ‘tkbind’
relax : ConstructDemoFunction : ft : mac.copy: no visible global
function definition for ‘tclvalue’
relax : ConstructDemoFunction : ft : mac.copy: no visible global
function definition for ‘.Tcl’
relax : ConstructDemoFunction : ft: no visible global function
definition for ‘tkbutton’
relax : ConstructDemoFunction : ft: no visible global function
definition for ‘tkentry’
relax : ConstructDemoFunction : ft: no visible global function
definition for ‘tklabel’
relax : ConstructDemoFunction : ft: no visible global function
definition for ‘tkconfigure’
relax : ConstructDemoFunction : ft: no visible global function
definition for ‘tclvalue<-’
relax : StartCodeChunkPlayer: no visible global function definition for
‘tkmessageBox’
relax : StartCodeChunkPlayer: no visible global function definition for
‘tclvalue’
relax : StartCodeChunkPlayer: no visible global function definition for
‘tkget’
relax : StartCodeChunkPlayer : ft: no visible binding for global
variable ‘start’
relax : StartCodeChunkPlayer : ft: no visible global function
definition for ‘tclVar’
relax : StartCodeChunkPlayer : ft : show.next.number: no visible global
function definition for ‘tclvalue’
relax : StartCodeChunkPlayer : ft : show.next.number: no visible global
function definition for ‘tkdelete’
relax : StartCodeChunkPlayer : ft : show.next.number: no visible global
function definition for ‘tkinsert’
relax : StartCodeChunkPlayer : ft : show.next.number: no visible global
function definition for ‘tclvalue<-’
relax : StartCodeChunkPlayer : ft : show.back.number: no visible global
function definition for ‘tclvalue’
relax : StartCodeChunkPlayer : ft : show.back.number: no visible global
function definition for ‘tkdelete’
relax : StartCodeChunkPlayer : ft : show.back.number: no visible global
function definition for ‘tkinsert’
relax : StartCodeChunkPlayer : ft : show.back.number: no visible global
function definition for ‘tclvalue<-’
relax : StartCodeChunkPlayer : ft : show.number: no visible global
function definition for ‘tclvalue’
relax : StartCodeChunkPlayer : ft : show.number: no visible global
function definition for ‘tkdelete’
relax : StartCodeChunkPlayer : ft : show.number: no visible global
function definition for ‘tkinsert’
relax : StartCodeChunkPlayer : ft : show.number: no visible global
function definition for ‘tclvalue<-’
relax : StartCodeChunkPlayer : ft : eval.code: no visible global
function definition for ‘tclvalue’
relax : StartCodeChunkPlayer : ft : eval.code: no visible global
function definition for ‘tkget’
relax : StartCodeChunkPlayer : ft : exit.function: no visible global
function definition for ‘tkdestroy’
relax : StartCodeChunkPlayer : ft : exit.function: no visible global
function definition for ‘tkgetSaveFile’
relax : StartCodeChunkPlayer : ft : exit.function: no visible global
function definition for ‘tclvalue’
relax : StartCodeChunkPlayer : ft: no visible global function
definition for ‘tktoplevel’
relax : StartCodeChunkPlayer : ft: no visible global function
definition for ‘tktext’
relax : StartCodeChunkPlayer : ft: no visible global function
definition for ‘tkframe’
relax : StartCodeChunkPlayer : ft: no visible global function
definition for ‘tkwm.title’
relax : StartCodeChunkPlayer : ft: no visible global function
definition for ‘tkpack’
relax : StartCodeChunkPlayer : ft: no visible global function
definition for ‘tkevent.add’
relax : StartCodeChunkPlayer : ft : mac.paste: no visible global
function definition for ‘.Tcl’
relax : StartCodeChunkPlayer : ft : mac.paste: no visible global
function definition for ‘tkinsert’
relax : StartCodeChunkPlayer : ft : mac.paste: no visible global
function definition for ‘tksee’
relax : StartCodeChunkPlayer : ft: no visible global function
definition for ‘tkbind’
relax : StartCodeChunkPlayer : ft : mac.copy: no visible global
function definition for ‘tclvalue’
relax : StartCodeChunkPlayer : ft : mac.copy: no visible global
function definition for ‘.Tcl’
relax : StartCodeChunkPlayer : ft: no visible global function
definition for ‘tkbutton’
relax : StartCodeChunkPlayer : ft: no visible global function
definition for ‘tkentry’
relax : StartCodeChunkPlayer : ft: no visible global function
definition for ‘tklabel’
relax : StartCodeChunkPlayer : ft: no visible global function
definition for ‘tkconfigure’
relax : StartCodeChunkPlayer : ft: no visible global function
definition for ‘tclvalue<-’
relax : ShowHistory : ft: no visible binding for global variable
‘start’
relax : ShowHistory : ft: no visible global function definition for
‘tclVar’
relax : ShowHistory : ft : show.next.number: no visible global function
definition for ‘tclvalue’
relax : ShowHistory : ft : show.next.number: no visible global function
definition for ‘tkdelete’
relax : ShowHistory : ft : show.next.number: no visible global function
definition for ‘tkinsert’
relax : ShowHistory : ft : show.next.number: no visible global function
definition for ‘tclvalue<-’
relax : ShowHistory : ft : show.back.number: no visible global function
definition for ‘tclvalue’
relax : ShowHistory : ft : show.back.number: no visible global function
definition for ‘tkdelete’
relax : ShowHistory : ft : show.back.number: no visible global function
definition for ‘tkinsert’
relax : ShowHistory : ft : show.back.number: no visible global function
definition for ‘tclvalue<-’
relax : ShowHistory : ft : show.number: no visible global function
definition for ‘tclvalue’
relax : ShowHistory : ft : show.number: no visible global function
definition for ‘tkdelete’
relax : ShowHistory : ft : show.number: no visible global function
definition for ‘tkinsert’
relax : ShowHistory : ft : show.number: no visible global function
definition for ‘tclvalue<-’
relax : ShowHistory : ft : eval.code: no visible global function
definition for ‘tclvalue’
relax : ShowHistory : ft : eval.code: no visible global function
definition for ‘tkget’
relax : ShowHistory : ft : exit.function: no visible global function
definition for ‘tkdestroy’
relax : ShowHistory : ft : exit.function: no visible global function
definition for ‘tkgetSaveFile’
relax : ShowHistory : ft : exit.function: no visible global function
definition for ‘tclvalue’
relax : ShowHistory : ft: no visible global function definition for
‘tktoplevel’
relax : ShowHistory : ft: no visible global function definition for
‘tktext’
relax : ShowHistory : ft: no visible global function definition for
‘tkframe’
relax : ShowHistory : ft: no visible global function definition for
‘tkwm.title’
relax : ShowHistory : ft: no visible global function definition for
‘tkpack’
relax : ShowHistory : ft: no visible global function definition for
‘tkevent.add’
relax : ShowHistory : ft : mac.paste: no visible global function
definition for ‘.Tcl’
relax : ShowHistory : ft : mac.paste: no visible global function
definition for ‘tkinsert’
relax : ShowHistory : ft : mac.paste: no visible global function
definition for ‘tksee’
relax : ShowHistory : ft: no visible global function definition for
‘tkbind’
relax : ShowHistory : ft : mac.copy: no visible global function
definition for ‘tclvalue’
relax : ShowHistory : ft : mac.copy: no visible global function
definition for ‘.Tcl’
relax : ShowHistory : ft: no visible global function definition for
‘tkbutton’
relax : ShowHistory : ft: no visible global function definition for
‘tkentry’
relax : ShowHistory : ft: no visible global function definition for
‘tklabel’
relax : ShowHistory : ft: no visible global function definition for
‘tkconfigure’
relax : ShowHistory : ft: no visible global function definition for
‘tclvalue<-’
relax : FindReportChunk: no visible global function definition for
‘tclvalue’
relax : FindReportChunk: no visible global function definition for
‘tkget’
relax : FindReportChunk: no visible global function definition for
‘tkindex’
relax : FindReportChunk: no visible global function definition for
‘tktoplevel’
relax : FindReportChunk: no visible global function definition for
‘tkwm.title’
relax : FindReportChunk: no visible global function definition for
‘tkscrollbar’
relax : FindReportChunk : <anonymous>: no visible global function
definition for ‘tkyview’
relax : FindReportChunk: no visible global function definition for
‘tklistbox’
relax : FindReportChunk : <anonymous>: no visible global function
definition for ‘tkset’
relax : FindReportChunk: no visible global function definition for
‘tkinsert’
relax : FindReportChunk: no visible global function definition for
‘tkselection.set’
relax : FindReportChunk: no visible global function definition for
‘tksee’
relax : FindReportChunk: no visible global function definition for
‘tkpack’
relax : FindReportChunk: no visible global function definition for
‘tkbind’
relax : FindReportChunk : <anonymous>: no visible global function
definition for ‘tkdestroy’
relax : FindReportChunk : <anonymous>: no visible global function
definition for ‘tkcurselection’
relax : FindReportChunk : <anonymous>: no visible global function
definition for ‘tclvalue’
relax : FindReportChunk : <anonymous>: no visible global function
definition for ‘tkget’
relax : FindReportChunk : <anonymous>: no visible global function
definition for ‘tksee’
relax : FindReportChunk : <anonymous>: no visible global function
definition for ‘tkmark.set’
relax : FindReportChunk : <anonymous>: no visible global function
definition for ‘tkfocus’
relax : InsertLaTeXEnv: no visible global function definition for
‘tktoplevel’
relax : InsertLaTeXEnv: no visible global function definition for
‘tkwm.title’
relax : InsertLaTeXEnv: no visible global function definition for
‘tkwm.geometry’
relax : InsertLaTeXEnv: no visible global function definition for
‘tkscrollbar’
relax : InsertLaTeXEnv : <anonymous>: no visible global function
definition for ‘tkyview’
relax : InsertLaTeXEnv: no visible global function definition for
‘tklistbox’
relax : InsertLaTeXEnv : <anonymous>: no visible global function
definition for ‘tkset’
relax : InsertLaTeXEnv: no visible global function definition for
‘tkinsert’
relax : InsertLaTeXEnv: no visible global function definition for
‘tkpack’
relax : InsertLaTeXEnv: no visible global function definition for
‘tkbind’
relax : InsertLaTeXEnv : <anonymous>: no visible global function
definition for ‘tkdestroy’
relax : InsertLaTeXEnv : <anonymous>: no visible global function
definition for ‘tkcurselection’
relax : InsertLaTeXEnv : <anonymous>: no visible global function
definition for ‘tkindex’
relax : InsertLaTeXEnv : <anonymous>: no visible global function
definition for ‘tclvalue’
relax : InsertLaTeXEnv : <anonymous>: no visible global function
definition for ‘tkget’
relax : InsertLaTeXEnv : <anonymous>: no visible global function
definition for ‘tkinsert’
relax : InsertLaTeXEnv : <anonymous>: no visible global function
definition for ‘tksee’
relax : InsertLaTeXEnv : <anonymous>: no visible global function
definition for ‘tkmark.set’
relax : InsertLaTeXEnv : <anonymous>: no visible global function
definition for ‘tkfocus’
relax : FindLaTeXSection: no visible global function definition for
‘tclvalue’
relax : FindLaTeXSection: no visible global function definition for
‘tkget’
relax : FindLaTeXSection: no visible global function definition for
‘tkindex’
relax : FindLaTeXSection: no visible global function definition for
‘tktoplevel’
relax : FindLaTeXSection: no visible global function definition for
‘tkwm.title’
relax : FindLaTeXSection: no visible global function definition for
‘tkscrollbar’
relax : FindLaTeXSection : <anonymous>: no visible global function
definition for ‘tkyview’
relax : FindLaTeXSection: no visible global function definition for
‘tklistbox’
relax : FindLaTeXSection : <anonymous>: no visible global function
definition for ‘tkset’
relax : FindLaTeXSection: no visible global function definition for
‘tkinsert’
relax : FindLaTeXSection: no visible global function definition for
‘tkselection.set’
relax : FindLaTeXSection: no visible global function definition for
‘tksee’
relax : FindLaTeXSection: no visible global function definition for
‘tkpack’
relax : FindLaTeXSection: no visible global function definition for
‘tkbind’
relax : FindLaTeXSection : <anonymous>: no visible global function
definition for ‘tkdestroy’
relax : FindLaTeXSection : <anonymous>: no visible global function
definition for ‘tkcurselection’
relax : FindLaTeXSection : <anonymous>: no visible global function
definition for ‘tclvalue’
relax : FindLaTeXSection : <anonymous>: no visible global function
definition for ‘tkget’
relax : FindLaTeXSection : <anonymous>: no visible global function
definition for ‘tksee’
relax : FindLaTeXSection : <anonymous>: no visible global function
definition for ‘tkmark.set’
relax : FindLaTeXSection : <anonymous>: no visible global function
definition for ‘tkfocus’
relax : ShowAboutRelax: no visible global function definition for
‘tktoplevel’
relax : ShowAboutRelax: no visible global function definition for
‘tkwm.geometry’
relax : ShowAboutRelax: no visible global function definition for
‘tkpack’
relax : ShowAboutRelax: no visible global function definition for
‘tktext’
relax : ShowAboutRelax: no visible global function definition for
‘tkwm.title’
relax : ShowAboutRelax: no visible global function definition for
‘tkinsert’
relax : ShowAboutRelax : abbruch: no visible global function definition
for ‘tkdestroy’
relax : ShowAboutRelax: no visible global function definition for
‘tkbind’
relax : ShowAboutRelax : <anonymous>: no visible global function
definition for ‘tkdestroy’
relax : ShowAboutRelax: no visible global function definition for
‘tkfocus’
relax : ShowShortCuts: no visible global function definition for
‘tktoplevel’
relax : ShowShortCuts: no visible global function definition for
‘tkwm.geometry’
relax : ShowShortCuts: no visible global function definition for
‘tkpack’
relax : ShowShortCuts: no visible global function definition for
‘tktext’
relax : ShowShortCuts: no visible global function definition for
‘tkwm.title’
relax : ShowShortCuts: no visible global function definition for
‘tkinsert’
relax : ShowShortCuts : abbruch: no visible global function definition
for ‘tkdestroy’
relax : ShowShortCuts: no visible global function definition for
‘tkbind’
relax : ShowShortCuts : <anonymous>: no visible global function
definition for ‘tkdestroy’
relax : ShowShortCuts: no visible global function definition for
‘tkfocus’
relax : FindRFns: no visible global function definition for
‘tkconfigure’
relax : FindRFns: no visible global function definition for ‘tkpack’
relax : FindRFns: no visible global function definition for ‘tkfocus’
relax : FindRFns: no visible global function definition for
‘tkselection.range’
relax : FindRFns: no visible global function definition for ‘tkbind’
relax : FindRFns : <anonymous>: no visible global function definition
for ‘tkbind’
relax : FindRFns : <anonymous>: no visible global function definition
for ‘tkpack’
relax : FindRFns : <anonymous>: no visible global function definition
for ‘tclvalue’
relax : FindRFns : <anonymous>: no visible global function definition
for ‘help.search’
relax : FindRFns : <anonymous>: no visible global function definition
for ‘tktoplevel’
relax : FindRFns : <anonymous>: no visible global function definition
for ‘tkwm.geometry’
relax : FindRFns : <anonymous>: no visible global function definition
for ‘tktext’
relax : FindRFns : <anonymous>: no visible global function definition
for ‘tkwm.title’
relax : FindRFns : <anonymous>: no visible global function definition
for ‘tkinsert’
relax : FindRFns : <anonymous> : abbruch: no visible global function
definition for ‘tkdestroy’
relax : FindRFns : <anonymous>: no visible global function definition
for ‘tkfocus’
relax : FindRFns : <anonymous>: no visible global function definition
for ‘tkwait.variable’
relax : RemoveSavedPlot: no visible global function definition for
‘tclvalue’
relax : RemoveSavedPlot: no visible global function definition for
‘tkget’
relax : RemoveSavedPlot: no visible global function definition for
‘tkindex’
relax : RemoveSavedPlot: no visible global function definition for
‘tkdelete’
relax : RemoveSavedPlot: no visible global function definition for
‘tkinsert’
relax : RemoveSavedPlot: no visible global function definition for
‘tksee’
relax : RemoveSavedPlot: no visible global function definition for
‘tcl’
relax : RemoveSavedPlot: no visible global function definition for
‘tktag.configure’
relax : RemoveSavedPlot: no visible global function definition for
‘tkfocus’
relax : RemoveSavedPlot: no visible global function definition for
‘tkmark.set’
relax : RemoveALLPLOTS: no visible global function definition for
‘tclvalue’
relax : RemoveALLPLOTS: no visible global function definition for
‘tkget’
relax : RemoveALLPLOTS: no visible global function definition for
‘tkmessageBox’
relax : RemoveALLPLOTS: no visible global function definition for
‘tkdelete’
relax : RemoveALLPLOTS: no visible global function definition for
‘tkinsert’
relax : RemoveALLPLOTS: no visible global function definition for
‘tksee’
relax : RemoveALLPLOTS: no visible global function definition for ‘tcl’
relax : RemoveALLPLOTS: no visible global function definition for
‘tktag.configure’
relax : RemoveALLPLOTS: no visible global function definition for
‘tkfocus’
relax : RemoveALLPLOTS: no visible global function definition for
‘tkmark.set’
relax : ReloadReportWidget: no visible global function definition for
‘tkpack.forget’
relax : ReloadReportWidget: no visible global function definition for
‘tkpack’
relax : ReloadReportWidget: no visible global function definition for
‘.Tcl’
relax : RefreshChunkNumbers: no visible global function definition for
‘tclvalue’
relax : RefreshChunkNumbers: no visible global function definition for
‘tkget’
relax : RefreshChunkNumbers: no visible global function definition for
‘tkindex’
relax : RefreshChunkNumbers: no visible global function definition for
‘tkdelete’
relax : RefreshChunkNumbers: no visible global function definition for
‘tkinsert’
relax : RefreshChunkNumbers: no visible global function definition for
‘tksee’
relax : RefreshChunkNumbers: no visible global function definition for
‘tcl’
relax : RefreshChunkNumbers: no visible global function definition for
‘tktag.configure’
relax : RefreshChunkNumbers: no visible global function definition for
‘tkmark.set’
relax : RefreshChunkNumbers: no visible global function definition for
‘tkfocus’
relax : ListUsedPlots: no visible global function definition for
‘tclvalue’
relax : ListUsedPlots: no visible global function definition for
‘tkget’
relax : FormatTeXLines: no visible global function definition for
‘tclvalue’
relax : FormatTeXLines: no visible global function definition for
‘tkget’
relax : FormatTeXLines: no visible global function definition for
‘tkindex’
relax : FormatTeXLines: no visible global function definition for
‘tkinsert’
relax : DumpCodeChunk: no visible global function definition for
‘tkindex’
relax : DumpCodeChunk: no visible global function definition for
‘tclvalue’
relax : DumpCodeChunk: no visible global function definition for
‘tkget’
relax : DumpCodeChunk: no visible global function definition for
‘tkgetSaveFile’
relax : CopyToEnd: no visible global function definition for ‘tclvalue’
relax : CopyToEnd: no visible global function definition for ‘tkget’
relax : CopyToEnd: no visible global function definition for ‘tkinsert’
relax : CopyToEnd: no visible global function definition for ‘tksee’
relax : CopyToEnd: no visible global function definition for ‘tkdelete’
relax : SetWorkPath: no visible global function definition for
‘tkchooseDirectory’
relax : SetWorkPath: no visible global function definition for
‘tclvalue’
relax : DumpEnvironment: no visible global function definition for
‘tkgetSaveFile’
relax : DumpEnvironment: no visible global function definition for
‘tclvalue’
relax : SaveEnvironment: no visible global function definition for
‘tkgetSaveFile’
relax : SaveEnvironment: no visible global function definition for
‘tclvalue’
relax : LoadEnvironment: no visible global function definition for
‘tkgetOpenFile’
relax : LoadEnvironment: no visible global function definition for
‘tclvalue’
relax : CleanEnvironment: no visible global function definition for
‘tkmessageBox’
relax : CleanEnvironment: no visible global function definition for
‘tclvalue’
relax : SaveReport: no visible global function definition for
‘tkgetSaveFile’
relax : SaveReport: no visible global function definition for
‘tclvalue’
relax : SaveReport: no visible global function definition for ‘tkget’
relax : SaveReport: no visible global function definition for
‘tkconfigure’
relax : SaveReport: no visible global function definition for
‘tkwm.title’
relax : SaveHtml: no visible global function definition for
‘tkgetSaveFile’
relax : SaveHtml: no visible global function definition for ‘tclvalue’
relax : SaveHtml: no visible global function definition for ‘tkget’
relax : SaveHtml: no visible global function definition for
‘tkconfigure’
relax : SaveHtml: no visible global function definition for
‘tkwm.title’
relax : SaveAsConsoleStyleFile: no visible global function definition
for ‘tkgetSaveFile’
relax : SaveAsConsoleStyleFile: no visible global function definition
for ‘tclvalue’
relax : SaveAsConsoleStyleFile: no visible global function definition
for ‘tkget’
relax : SaveAsConsoleStyleFile: no visible global function definition
for ‘.Tcl’
relax : SaveAsConsoleStyleFile: no visible global function definition
for ‘tkconfigure’
relax : SaveAsConsoleStyleFile: no visible global function definition
for ‘tkwm.title’
relax : SaveDiffReport: no visible global function definition for
‘tkgetSaveFile’
relax : SaveDiffReport: no visible global function definition for
‘tclvalue’
relax : SaveDiffReport: no visible global function definition for
‘tkget’
relax : SaveDiffReport: no visible global function definition for
‘hist’
relax : OpenReport: no visible global function definition for
‘tkgetOpenFile’
relax : OpenReport: no visible global function definition for
‘tclvalue’
relax : OpenReport: no visible global function definition for
‘tkconfigure’
relax : OpenReport: no visible global function definition for
‘tkwm.title’
relax : OpenReport: no visible global function definition for ‘tkget’
relax : OpenReport: no visible global function definition for
‘tkinsert’
relax : OpenReport: no visible global function definition for ‘tksee’
relax : OpenReport: no visible global function definition for ‘tkindex’
relax : OpenReport: no visible global function definition for
‘tkdelete’
relax : OpenReport: no visible global function definition for ‘tcl’
relax : OpenReport: no visible global function definition for
‘tktag.configure’
relax : OpenReport: no visible global function definition for
‘tkmark.set’
relax : OpenReport: no visible global function definition for ‘tkfocus’
relax : OpenTextFile: no visible global function definition for
‘tkgetOpenFile’
relax : OpenTextFile: no visible global function definition for
‘tclvalue’
relax : OpenTextFile: no visible global function definition for
‘tkconfigure’
relax : OpenTextFile: no visible global function definition for
‘tkwm.title’
relax : OpenTextFile: no visible global function definition for ‘tkget’
relax : OpenTextFile: no visible global function definition for
‘tkinsert’
relax : OpenTextFile: no visible global function definition for ‘tksee’
relax : OpenTextFile: no visible global function definition for
‘tkindex’
relax : OpenTextFile: no visible global function definition for
‘tkdelete’
relax : OpenTextFile: no visible global function definition for ‘tcl’
relax : OpenTextFile: no visible global function definition for
‘tktag.configure’
relax : OpenTextFile: no visible global function definition for
‘tkmark.set’
relax : OpenTextFile: no visible global function definition for
‘tkfocus’
relax : OpenRevbook: no visible global function definition for
‘tkgetOpenFile’
relax : OpenRevbook: no visible global function definition for
‘tclvalue’
relax : OpenRevbook: no visible global function definition for
‘tkconfigure’
relax : OpenRevbook: no visible global function definition for
‘tkwm.title’
relax : OpenRevbook: no visible global function definition for
‘tkdelete’
relax : OpenRevbook: no visible global function definition for
‘tkinsert’
relax : OpenRevbook: no visible global function definition for ‘tksee’
relax : OpenRevbook: no visible global function definition for ‘tcl’
relax : OpenRevbook: no visible global function definition for
‘tktag.configure’
relax : EditReport: no visible global function definition for
‘tclvalue’
relax : EditReport: no visible global function definition for ‘tkget’
relax : EditReport: no visible global function definition for ‘tkindex’
relax : EditReport: no visible global function definition for
‘tkdelete’
relax : EditReport: no visible global function definition for
‘tkinsert’
relax : EditReport: no visible global function definition for ‘tksee’
relax : EditReport: no visible global function definition for ‘tcl’
relax : EditReport: no visible global function definition for
‘tktag.configure’
relax : EditReport: no visible global function definition for
‘tkmark.set’
relax : EditReport: no visible global function definition for ‘tkfocus’
relax : RunAll: no visible global function definition for ‘tkinsert’
relax : RunAll: no visible global function definition for ‘tksee’
relax : RunAll: no visible global function definition for ‘tclvalue’
relax : RunAll: no visible global function definition for ‘tkget’
relax : RunAll: no visible global function definition for ‘tkmark.set’
relax : RunAll: no visible global function definition for ‘tkdelete’
relax : RunAll: no visible global function definition for ‘tcl’
relax : RunAll: no visible global function definition for
‘tktag.configure’
relax : RunAllandIncludeResults: no visible global function definition
for ‘tclvalue’
relax : RunAllandIncludeResults: no visible global function definition
for ‘tkget’
relax : RunAllandIncludeResults: no visible binding for global variable
‘line’
relax : RunAllandIncludeResults: no visible global function definition
for ‘dev.copy’
relax : RunAllandIncludeResults: no visible binding for global variable
‘postscript’
relax : RunAllandIncludeResults: no visible global function definition
for ‘dev.off’
relax : RunAllandIncludeResults: no visible binding for global variable
‘jpeg’
relax : RunAllandIncludeResults: no visible binding for global variable
‘bitmap’
relax : RunAllandIncludeResults: no visible global function definition
for ‘dev2bitmap’
relax : RunBeginEndEnvandIncludeResults: no visible global function
definition for ‘tclvalue’
relax : RunBeginEndEnvandIncludeResults: no visible global function
definition for ‘tkget’
relax : RunBeginEndEnvandIncludeResults: no visible global function
definition for ‘tkindex’
relax : RunBeginEndEnvandIncludeResults: no visible global function
definition for ‘dev.copy’
relax : RunBeginEndEnvandIncludeResults: no visible binding for global
variable ‘postscript’
relax : RunBeginEndEnvandIncludeResults: no visible global function
definition for ‘dev.off’
relax : RunBeginEndEnvandIncludeResults: no visible binding for global
variable ‘jpeg’
relax : RunBeginEndEnvandIncludeResults: no visible binding for global
variable ‘bitmap’
relax : RunBeginEndEnvandIncludeResults: no visible global function
definition for ‘dev2bitmap’
relax : RunStart: no visible global function definition for ‘tkinsert’
relax : RunStart: no visible global function definition for ‘tksee’
relax : RunStart: no visible global function definition for ‘tclvalue’
relax : RunStart: no visible global function definition for ‘tkget’
relax : RunStart: no visible global function definition for
‘tkmark.set’
relax : RunStart: no visible global function definition for ‘tkdelete’
relax : RunStart: no visible global function definition for ‘tcl’
relax : RunStart: no visible global function definition for
‘tktag.configure’
relax : DeleteAll: no visible global function definition for ‘tclvalue’
relax : DeleteAll: no visible global function definition for ‘tkget’
relax : DeleteAll: no visible global function definition for ‘tkdelete’
relax : DeleteAll: no visible global function definition for ‘tkinsert’
relax : DeleteAll: no visible global function definition for ‘tksee’
relax : DeleteAll: no visible global function definition for ‘tcl’
relax : DeleteAll: no visible global function definition for
‘tktag.configure’
relax : UnDo: no visible global function definition for ‘tkdelete’
relax : UnDo: no visible global function definition for ‘tkinsert’
relax : UnDo: no visible global function definition for ‘tksee’
relax : UnDo: no visible global function definition for ‘tcl’
relax : UnDo: no visible global function definition for
‘tktag.configure’
relax : ConvertEncodingToLocal: no visible global function definition
for ‘tkconfigure’
relax : ConvertEncodingToLocal: no visible global function definition
for ‘tkpack’
relax : ConvertEncodingToLocal: no visible global function definition
for ‘tkfocus’
relax : ConvertEncodingToLocal: no visible global function definition
for ‘tkselection.range’
relax : ConvertEncodingToLocal: no visible global function definition
for ‘tkbind’
relax : ConvertEncodingToLocal : <anonymous>: no visible global
function definition for ‘tkbind’
relax : ConvertEncodingToLocal : <anonymous>: no visible global
function definition for ‘tkpack’
relax : ConvertEncodingToLocal : <anonymous>: no visible global
function definition for ‘tclvalue’
relax : ConvertEncodingToLocal : <anonymous>: no visible global
function definition for ‘tkget’
relax : ConvertEncodingToLocal : <anonymous>: no visible global
function definition for ‘tkindex’
relax : ConvertEncodingToLocal : <anonymous>: no visible global
function definition for ‘tkdelete’
relax : ConvertEncodingToLocal : <anonymous>: no visible global
function definition for ‘tkinsert’
relax : ConvertEncodingToLocal : <anonymous>: no visible global
function definition for ‘tksee’
relax : ConvertEncodingToLocal : <anonymous>: no visible global
function definition for ‘tcl’
relax : ConvertEncodingToLocal : <anonymous>: no visible global
function definition for ‘tktag.configure’
relax : ConvertEncodingToLocal : <anonymous>: no visible global
function definition for ‘tkmark.set’
relax : ConvertEncodingToLocal : <anonymous>: no visible global
function definition for ‘tkfocus’
relax : ConvertEncodingFromLocal: no visible global function definition
for ‘tkconfigure’
relax : ConvertEncodingFromLocal: no visible global function definition
for ‘tkpack’
relax : ConvertEncodingFromLocal: no visible global function definition
for ‘tkfocus’
relax : ConvertEncodingFromLocal: no visible global function definition
for ‘tkselection.range’
relax : ConvertEncodingFromLocal: no visible global function definition
for ‘tkbind’
relax : ConvertEncodingFromLocal : <anonymous>: no visible global
function definition for ‘tkbind’
relax : ConvertEncodingFromLocal : <anonymous>: no visible global
function definition for ‘tkpack’
relax : ConvertEncodingFromLocal : <anonymous>: no visible global
function definition for ‘tclvalue’
relax : ConvertEncodingFromLocal : <anonymous>: no visible global
function definition for ‘tkget’
relax : ConvertEncodingFromLocal : <anonymous>: no visible global
function definition for ‘tkindex’
relax : ConvertEncodingFromLocal : <anonymous>: no visible global
function definition for ‘tkdelete’
relax : ConvertEncodingFromLocal : <anonymous>: no visible global
function definition for ‘tkinsert’
relax : ConvertEncodingFromLocal : <anonymous>: no visible global
function definition for ‘tksee’
relax : ConvertEncodingFromLocal : <anonymous>: no visible global
function definition for ‘tcl’
relax : ConvertEncodingFromLocal : <anonymous>: no visible global
function definition for ‘tktag.configure’
relax : ConvertEncodingFromLocal : <anonymous>: no visible global
function definition for ‘tkmark.set’
relax : ConvertEncodingFromLocal : <anonymous>: no visible global
function definition for ‘tkfocus’
relax : ConvertGermanUmlauteToLocalEncoding: no visible global function
definition for ‘tclvalue’
relax : ConvertGermanUmlauteToLocalEncoding: no visible global function
definition for ‘tkget’
relax : ConvertGermanUmlauteToLocalEncoding: no visible global function
definition for ‘.Tcl’
relax : ConvertGermanUmlauteToLocalEncoding: no visible global function
definition for ‘tkdelete’
relax : ConvertGermanUmlauteToLocalEncoding: no visible global function
definition for ‘tkinsert’
relax : ConvertGermanUmlauteToLocalEncoding: no visible global function
definition for ‘tksee’
relax : ConvertGermanUmlauteToLocalEncoding: no visible global function
definition for ‘tcl’
relax : ConvertGermanUmlauteToLocalEncoding: no visible global function
definition for ‘tktag.configure’
relax : DefineFKeys: no visible global function definition for
‘tkconfigure’
relax : DefineFKeys: no visible global function definition for ‘tkpack’
relax : DefineFKeys: no visible global function definition for
‘tkfocus’
relax : DefineFKeys: no visible global function definition for
‘tkselection.range’
relax : DefineFKeys: no visible global function definition for ‘tkbind’
relax : DefineFKeys : <anonymous>: no visible global function
definition for ‘tkbind’
relax : DefineFKeys : <anonymous>: no visible global function
definition for ‘tkpack’
relax : DefineFKeys : <anonymous>: no visible global function
definition for ‘tclvalue’
relax : DefineFKeys : <anonymous>: no visible global function
definition for ‘tktoplevel’
relax : DefineFKeys : <anonymous>: no visible global function
definition for ‘tkwm.geometry’
relax : DefineFKeys : <anonymous>: no visible global function
definition for ‘tktext’
relax : DefineFKeys : <anonymous> : f.sonderzeichen : <anonymous>: no
visible global function definition for ‘tkinsert’
relax : DefineFKeys : <anonymous> : f.sonderzeichen : <anonymous>: no
visible global function definition for ‘tkdelete’
relax : DefineFKeys : <anonymous> : renewhighlighting: no visible
global function definition for ‘tcl’
relax : DefineFKeys : <anonymous> : renewhighlighting: no visible
global function definition for ‘tktag.configure’
relax : DefineFKeys : <anonymous>: no visible global function
definition for ‘tkwm.title’
relax : DefineFKeys : <anonymous>: no visible global function
definition for ‘tkinsert’
relax : DefineFKeys : <anonymous> : abbruch: no visible global function
definition for ‘tkdestroy’
relax : DefineFKeys : <anonymous> : <anonymous>: no visible global
function definition for ‘tclvalue’
relax : DefineFKeys : <anonymous> : <anonymous>: no visible global
function definition for ‘tkget’
relax : DefineFKeys : <anonymous> : <anonymous>: no visible global
function definition for ‘tkdestroy’
relax : DefineFKeys : <anonymous>: no visible global function
definition for ‘tkfocus’
relax : DefineFKeys : <anonymous>: no visible global function
definition for ‘tkwait.variable’
relax : loadwwwdata : GetWWWData: no visible global function definition
for ‘download.file’
relax : loadwwwdata : GetWWWData : listboxmenu: no visible global
function definition for ‘tktoplevel’
relax : loadwwwdata : GetWWWData : listboxmenu: no visible global
function definition for ‘tkwm.geometry’
relax : loadwwwdata : GetWWWData : listboxmenu: no visible global
function definition for ‘tkwm.title’
relax : loadwwwdata : GetWWWData : listboxmenu: no visible global
function definition for ‘tklabel’
relax : loadwwwdata : GetWWWData : listboxmenu: no visible global
function definition for ‘tkframe’
relax : loadwwwdata : GetWWWData : listboxmenu: no visible global
function definition for ‘tklistbox’
relax : loadwwwdata : GetWWWData : listboxmenu: no visible global
function definition for ‘tkscrollbar’
relax : loadwwwdata : GetWWWData : listboxmenu: no visible global
function definition for ‘tkconfigure’
relax : loadwwwdata : GetWWWData : listboxmenu : <anonymous>: no
visible global function definition for ‘tkset’
relax : loadwwwdata : GetWWWData : listboxmenu : <anonymous>: no
visible global function definition for ‘tkyview’
relax : loadwwwdata : GetWWWData : listboxmenu: no visible global
function definition for ‘tkpack’
relax : loadwwwdata : GetWWWData : listboxmenu: no visible global
function definition for ‘tkinsert’
relax : loadwwwdata : GetWWWData : listboxmenu: no visible global
function definition for ‘tclVar’
relax : loadwwwdata : GetWWWData : listboxmenu: no visible global
function definition for ‘tkbind’
relax : loadwwwdata : GetWWWData : listboxmenu: no visible global
function definition for ‘tkfocus’
relax : loadwwwdata : GetWWWData : listboxmenu: no visible global
function definition for ‘tkwait.variable’
relax : loadwwwdata : GetWWWData : listboxmenu: no visible global
function definition for ‘tclvalue’
relax : loadwwwdata : GetWWWData : listboxmenu: no visible global
function definition for ‘tkget’
relax : loadwwwdata : GetWWWData : listboxmenu: no visible global
function definition for ‘tkdestroy’
relax : generate.1.data : <anonymous> : set.tclvalue: no visible global
function definition for ‘tclvalue<-’
relax : generate.1.data : <anonymous> : listboxmenu: no visible global
function definition for ‘tktoplevel’
relax : generate.1.data : <anonymous> : listboxmenu: no visible global
function definition for ‘tkwm.geometry’
relax : generate.1.data : <anonymous> : listboxmenu: no visible global
function definition for ‘tkwm.title’
relax : generate.1.data : <anonymous> : listboxmenu: no visible global
function definition for ‘tklabel’
relax : generate.1.data : <anonymous> : listboxmenu: no visible global
function definition for ‘tkframe’
relax : generate.1.data : <anonymous> : listboxmenu: no visible global
function definition for ‘tklistbox’
relax : generate.1.data : <anonymous> : listboxmenu: no visible global
function definition for ‘tkscrollbar’
relax : generate.1.data : <anonymous> : listboxmenu: no visible global
function definition for ‘tkconfigure’
relax : generate.1.data : <anonymous> : listboxmenu : <anonymous>: no
visible global function definition for ‘tkset’
relax : generate.1.data : <anonymous> : listboxmenu : <anonymous>: no
visible global function definition for ‘tkyview’
relax : generate.1.data : <anonymous> : listboxmenu: no visible global
function definition for ‘tkpack’
relax : generate.1.data : <anonymous> : listboxmenu: no visible global
function definition for ‘tkinsert’
relax : generate.1.data : <anonymous> : listboxmenu: no visible global
function definition for ‘tclVar’
relax : generate.1.data : <anonymous> : listboxmenu: no visible global
function definition for ‘tkbind’
relax : generate.1.data : <anonymous> : listboxmenu: no visible global
function definition for ‘tkfocus’
relax : generate.1.data : <anonymous> : listboxmenu: no visible global
function definition for ‘tkwait.variable’
relax : generate.1.data : <anonymous> : listboxmenu: no visible global
function definition for ‘tclvalue’
relax : generate.1.data : <anonymous> : listboxmenu: no visible global
function definition for ‘tkget’
relax : generate.1.data : <anonymous> : listboxmenu: no visible global
function definition for ‘tkdestroy’
relax : generate.1.data : <anonymous>: no visible global function
definition for ‘tclvalue’
relax : generate.1.data : <anonymous>: no visible global function
definition for ‘tkget’
relax : generate.1.data : <anonymous>: no visible global function
definition for ‘tkindex’
relax : generate.1.data : <anonymous>: no visible global function
definition for ‘tkinsert’
relax : generate.1.data : <anonymous>: no visible global function
definition for ‘tkmark.set’
relax : generate.1.data : <anonymous>: no visible global function
definition for ‘tksee’
relax : generate.1.data : <anonymous>: no visible global function
definition for ‘tkfocus’
relax : get.dim.1.data : <anonymous> : set.tclvalue: no visible global
function definition for ‘tclvalue<-’
relax : get.dim.1.data : <anonymous> : listboxmenu: no visible global
function definition for ‘tktoplevel’
relax : get.dim.1.data : <anonymous> : listboxmenu: no visible global
function definition for ‘tkwm.geometry’
relax : get.dim.1.data : <anonymous> : listboxmenu: no visible global
function definition for ‘tkwm.title’
relax : get.dim.1.data : <anonymous> : listboxmenu: no visible global
function definition for ‘tklabel’
relax : get.dim.1.data : <anonymous> : listboxmenu: no visible global
function definition for ‘tkframe’
relax : get.dim.1.data : <anonymous> : listboxmenu: no visible global
function definition for ‘tklistbox’
relax : get.dim.1.data : <anonymous> : listboxmenu: no visible global
function definition for ‘tkscrollbar’
relax : get.dim.1.data : <anonymous> : listboxmenu: no visible global
function definition for ‘tkconfigure’
relax : get.dim.1.data : <anonymous> : listboxmenu : <anonymous>: no
visible global function definition for ‘tkset’
relax : get.dim.1.data : <anonymous> : listboxmenu : <anonymous>: no
visible global function definition for ‘tkyview’
relax : get.dim.1.data : <anonymous> : listboxmenu: no visible global
function definition for ‘tkpack’
relax : get.dim.1.data : <anonymous> : listboxmenu: no visible global
function definition for ‘tkinsert’
relax : get.dim.1.data : <anonymous> : listboxmenu: no visible global
function definition for ‘tclVar’
relax : get.dim.1.data : <anonymous> : listboxmenu: no visible global
function definition for ‘tkbind’
relax : get.dim.1.data : <anonymous> : listboxmenu: no visible global
function definition for ‘tkfocus’
relax : get.dim.1.data : <anonymous> : listboxmenu: no visible global
function definition for ‘tkwait.variable’
relax : get.dim.1.data : <anonymous> : listboxmenu: no visible global
function definition for ‘tclvalue’
relax : get.dim.1.data : <anonymous> : listboxmenu: no visible global
function definition for ‘tkget’
relax : get.dim.1.data : <anonymous> : listboxmenu: no visible global
function definition for ‘tkdestroy’
relax : get.dim.1.data : <anonymous>: no visible global function
definition for ‘tclvalue’
relax : get.dim.1.data : <anonymous>: no visible global function
definition for ‘tkget’
relax : get.dim.1.data : <anonymous>: no visible global function
definition for ‘tkindex’
relax : get.dim.1.data : <anonymous>: no visible global function
definition for ‘tkinsert’
relax : get.dim.1.data : <anonymous>: no visible global function
definition for ‘tkmark.set’
relax : get.dim.1.data : <anonymous>: no visible global function
definition for ‘tksee’
relax : get.dim.1.data : <anonymous>: no visible global function
definition for ‘tkfocus’
relax : get.dim.2.data : <anonymous> : set.tclvalue: no visible global
function definition for ‘tclvalue<-’
relax : get.dim.2.data : <anonymous> : listboxmenu: no visible global
function definition for ‘tktoplevel’
relax : get.dim.2.data : <anonymous> : listboxmenu: no visible global
function definition for ‘tkwm.geometry’
relax : get.dim.2.data : <anonymous> : listboxmenu: no visible global
function definition for ‘tkwm.title’
relax : get.dim.2.data : <anonymous> : listboxmenu: no visible global
function definition for ‘tklabel’
relax : get.dim.2.data : <anonymous> : listboxmenu: no visible global
function definition for ‘tkframe’
relax : get.dim.2.data : <anonymous> : listboxmenu: no visible global
function definition for ‘tklistbox’
relax : get.dim.2.data : <anonymous> : listboxmenu: no visible global
function definition for ‘tkscrollbar’
relax : get.dim.2.data : <anonymous> : listboxmenu: no visible global
function definition for ‘tkconfigure’
relax : get.dim.2.data : <anonymous> : listboxmenu : <anonymous>: no
visible global function definition for ‘tkset’
relax : get.dim.2.data : <anonymous> : listboxmenu : <anonymous>: no
visible global function definition for ‘tkyview’
relax : get.dim.2.data : <anonymous> : listboxmenu: no visible global
function definition for ‘tkpack’
relax : get.dim.2.data : <anonymous> : listboxmenu: no visible global
function definition for ‘tkinsert’
relax : get.dim.2.data : <anonymous> : listboxmenu: no visible global
function definition for ‘tclVar’
relax : get.dim.2.data : <anonymous> : listboxmenu: no visible global
function definition for ‘tkbind’
relax : get.dim.2.data : <anonymous> : listboxmenu: no visible global
function definition for ‘tkfocus’
relax : get.dim.2.data : <anonymous> : listboxmenu: no visible global
function definition for ‘tkwait.variable’
relax : get.dim.2.data : <anonymous> : listboxmenu: no visible global
function definition for ‘tclvalue’
relax : get.dim.2.data : <anonymous> : listboxmenu: no visible global
function definition for ‘tkget’
relax : get.dim.2.data : <anonymous> : listboxmenu: no visible global
function definition for ‘tkdestroy’
relax : get.dim.2.data : <anonymous>: no visible global function
definition for ‘tclvalue’
relax : get.dim.2.data : <anonymous>: no visible global function
definition for ‘tkget’
relax : get.dim.2.data : <anonymous>: no visible global function
definition for ‘tkindex’
relax : get.dim.2.data : <anonymous>: no visible global function
definition for ‘tkinsert’
relax : get.dim.2.data : <anonymous>: no visible global function
definition for ‘tkmark.set’
relax : get.dim.2.data : <anonymous>: no visible global function
definition for ‘tksee’
relax : get.dim.2.data : <anonymous>: no visible global function
definition for ‘tkfocus’
relax : removenafromvecx : <anonymous>: no visible global function
definition for ‘tclvalue’
relax : removenafromvecx : <anonymous>: no visible global function
definition for ‘tkget’
relax : removenafromvecx : <anonymous>: no visible global function
definition for ‘tkindex’
relax : removenafromvecx : <anonymous>: no visible global function
definition for ‘tkinsert’
relax : removenafromvecx : <anonymous>: no visible global function
definition for ‘tkmark.set’
relax : removenafromvecx : <anonymous>: no visible global function
definition for ‘tksee’
relax : removenafromvecx : <anonymous>: no visible global function
definition for ‘tkfocus’
relax : removenafrommatxy : <anonymous>: no visible global function
definition for ‘tclvalue’
relax : removenafrommatxy : <anonymous>: no visible global function
definition for ‘tkget’
relax : removenafrommatxy : <anonymous>: no visible global function
definition for ‘tkindex’
relax : removenafrommatxy : <anonymous>: no visible global function
definition for ‘tkinsert’
relax : removenafrommatxy : <anonymous>: no visible global function
definition for ‘tkmark.set’
relax : removenafrommatxy : <anonymous>: no visible global function
definition for ‘tksee’
relax : removenafrommatxy : <anonymous>: no visible global function
definition for ‘tkfocus’
relax : choosecol : <anonymous> : set.tclvalue: no visible global
function definition for ‘tclvalue<-’
relax : choosecol : <anonymous> : listboxmenu: no visible global
function definition for ‘tktoplevel’
relax : choosecol : <anonymous> : listboxmenu: no visible global
function definition for ‘tkwm.geometry’
relax : choosecol : <anonymous> : listboxmenu: no visible global
function definition for ‘tkwm.title’
relax : choosecol : <anonymous> : listboxmenu: no visible global
function definition for ‘tklabel’
relax : choosecol : <anonymous> : listboxmenu: no visible global
function definition for ‘tkframe’
relax : choosecol : <anonymous> : listboxmenu: no visible global
function definition for ‘tklistbox’
relax : choosecol : <anonymous> : listboxmenu: no visible global
function definition for ‘tkscrollbar’
relax : choosecol : <anonymous> : listboxmenu: no visible global
function definition for ‘tkconfigure’
relax : choosecol : <anonymous> : listboxmenu : <anonymous>: no visible
global function definition for ‘tkset’
relax : choosecol : <anonymous> : listboxmenu : <anonymous>: no visible
global function definition for ‘tkyview’
relax : choosecol : <anonymous> : listboxmenu: no visible global
function definition for ‘tkpack’
relax : choosecol : <anonymous> : listboxmenu: no visible global
function definition for ‘tkinsert’
relax : choosecol : <anonymous> : listboxmenu: no visible global
function definition for ‘tclVar’
relax : choosecol : <anonymous> : listboxmenu: no visible global
function definition for ‘tkbind’
relax : choosecol : <anonymous> : listboxmenu: no visible global
function definition for ‘tkfocus’
relax : choosecol : <anonymous> : listboxmenu: no visible global
function definition for ‘tkwait.variable’
relax : choosecol : <anonymous> : listboxmenu: no visible global
function definition for ‘tclvalue’
relax : choosecol : <anonymous> : listboxmenu: no visible global
function definition for ‘tkget’
relax : choosecol : <anonymous> : listboxmenu: no visible global
function definition for ‘tkdestroy’
relax : choosecol : <anonymous> : choose.col : listboxmenu: no visible
global function definition for ‘tktoplevel’
relax : choosecol : <anonymous> : choose.col : listboxmenu: no visible
global function definition for ‘tkwm.geometry’
relax : choosecol : <anonymous> : choose.col : listboxmenu: no visible
global function definition for ‘tkwm.title’
relax : choosecol : <anonymous> : choose.col : listboxmenu: no visible
global function definition for ‘tklabel’
relax : choosecol : <anonymous> : choose.col : listboxmenu: no visible
global function definition for ‘tkframe’
relax : choosecol : <anonymous> : choose.col : listboxmenu: no visible
global function definition for ‘tklistbox’
relax : choosecol : <anonymous> : choose.col : listboxmenu: no visible
global function definition for ‘tkscrollbar’
relax : choosecol : <anonymous> : choose.col : listboxmenu: no visible
global function definition for ‘tkconfigure’
relax : choosecol : <anonymous> : choose.col : listboxmenu :
<anonymous>: no visible global function definition for ‘tkset’
relax : choosecol : <anonymous> : choose.col : listboxmenu :
<anonymous>: no visible global function definition for ‘tkyview’
relax : choosecol : <anonymous> : choose.col : listboxmenu: no visible
global function definition for ‘tkpack’
relax : choosecol : <anonymous> : choose.col : listboxmenu: no visible
global function definition for ‘tkinsert’
relax : choosecol : <anonymous> : choose.col : listboxmenu: no visible
global function definition for ‘tclVar’
relax : choosecol : <anonymous> : choose.col : listboxmenu: no visible
global function definition for ‘tkbind’
relax : choosecol : <anonymous> : choose.col : listboxmenu: no visible
global function definition for ‘tkfocus’
relax : choosecol : <anonymous> : choose.col : listboxmenu: no visible
global function definition for ‘tkwait.variable’
relax : choosecol : <anonymous> : choose.col : listboxmenu: no visible
global function definition for ‘tclvalue’
relax : choosecol : <anonymous> : choose.col : listboxmenu: no visible
global function definition for ‘tkget’
relax : choosecol : <anonymous> : choose.col : listboxmenu: no visible
global function definition for ‘tkdestroy’
relax : choosecol : <anonymous>: no visible global function definition
for ‘tclvalue’
relax : choosecol : <anonymous>: no visible global function definition
for ‘tkget’
relax : choosecol : <anonymous>: no visible global function definition
for ‘tkindex’
relax : choosecol : <anonymous>: no visible global function definition
for ‘tkinsert’
relax : choosecol : <anonymous>: no visible global function definition
for ‘tkmark.set’
relax : choosecol : <anonymous>: no visible global function definition
for ‘tksee’
relax : choosecol : <anonymous>: no visible global function definition
for ‘tkfocus’
relax : get.dim.1.stats : <anonymous> : set.tclvalue: no visible global
function definition for ‘tclvalue<-’
relax : get.dim.1.stats : <anonymous> : listboxmenu: no visible global
function definition for ‘tktoplevel’
relax : get.dim.1.stats : <anonymous> : listboxmenu: no visible global
function definition for ‘tkwm.geometry’
relax : get.dim.1.stats : <anonymous> : listboxmenu: no visible global
function definition for ‘tkwm.title’
relax : get.dim.1.stats : <anonymous> : listboxmenu: no visible global
function definition for ‘tklabel’
relax : get.dim.1.stats : <anonymous> : listboxmenu: no visible global
function definition for ‘tkframe’
relax : get.dim.1.stats : <anonymous> : listboxmenu: no visible global
function definition for ‘tklistbox’
relax : get.dim.1.stats : <anonymous> : listboxmenu: no visible global
function definition for ‘tkscrollbar’
relax : get.dim.1.stats : <anonymous> : listboxmenu: no visible global
function definition for ‘tkconfigure’
relax : get.dim.1.stats : <anonymous> : listboxmenu : <anonymous>: no
visible global function definition for ‘tkset’
relax : get.dim.1.stats : <anonymous> : listboxmenu : <anonymous>: no
visible global function definition for ‘tkyview’
relax : get.dim.1.stats : <anonymous> : listboxmenu: no visible global
function definition for ‘tkpack’
relax : get.dim.1.stats : <anonymous> : listboxmenu: no visible global
function definition for ‘tkinsert’
relax : get.dim.1.stats : <anonymous> : listboxmenu: no visible global
function definition for ‘tclVar’
relax : get.dim.1.stats : <anonymous> : listboxmenu: no visible global
function definition for ‘tkbind’
relax : get.dim.1.stats : <anonymous> : listboxmenu: no visible global
function definition for ‘tkfocus’
relax : get.dim.1.stats : <anonymous> : listboxmenu: no visible global
function definition for ‘tkwait.variable’
relax : get.dim.1.stats : <anonymous> : listboxmenu: no visible global
function definition for ‘tclvalue’
relax : get.dim.1.stats : <anonymous> : listboxmenu: no visible global
function definition for ‘tkget’
relax : get.dim.1.stats : <anonymous> : listboxmenu: no visible global
function definition for ‘tkdestroy’
relax : get.dim.1.stats : <anonymous>: no visible global function
definition for ‘tclvalue’
relax : get.dim.1.stats : <anonymous>: no visible global function
definition for ‘tkget’
relax : get.dim.1.stats : <anonymous>: no visible global function
definition for ‘tkindex’
relax : get.dim.1.stats : <anonymous>: no visible global function
definition for ‘tkinsert’
relax : get.dim.1.stats : <anonymous>: no visible global function
definition for ‘tkmark.set’
relax : get.dim.1.stats : <anonymous>: no visible global function
definition for ‘tksee’
relax : get.dim.1.stats : <anonymous>: no visible global function
definition for ‘tkfocus’
relax : get.dim.1.plots : <anonymous> : set.tclvalue: no visible global
function definition for ‘tclvalue<-’
relax : get.dim.1.plots : <anonymous> : listboxmenu: no visible global
function definition for ‘tktoplevel’
relax : get.dim.1.plots : <anonymous> : listboxmenu: no visible global
function definition for ‘tkwm.geometry’
relax : get.dim.1.plots : <anonymous> : listboxmenu: no visible global
function definition for ‘tkwm.title’
relax : get.dim.1.plots : <anonymous> : listboxmenu: no visible global
function definition for ‘tklabel’
relax : get.dim.1.plots : <anonymous> : listboxmenu: no visible global
function definition for ‘tkframe’
relax : get.dim.1.plots : <anonymous> : listboxmenu: no visible global
function definition for ‘tklistbox’
relax : get.dim.1.plots : <anonymous> : listboxmenu: no visible global
function definition for ‘tkscrollbar’
relax : get.dim.1.plots : <anonymous> : listboxmenu: no visible global
function definition for ‘tkconfigure’
relax : get.dim.1.plots : <anonymous> : listboxmenu : <anonymous>: no
visible global function definition for ‘tkset’
relax : get.dim.1.plots : <anonymous> : listboxmenu : <anonymous>: no
visible global function definition for ‘tkyview’
relax : get.dim.1.plots : <anonymous> : listboxmenu: no visible global
function definition for ‘tkpack’
relax : get.dim.1.plots : <anonymous> : listboxmenu: no visible global
function definition for ‘tkinsert’
relax : get.dim.1.plots : <anonymous> : listboxmenu: no visible global
function definition for ‘tclVar’
relax : get.dim.1.plots : <anonymous> : listboxmenu: no visible global
function definition for ‘tkbind’
relax : get.dim.1.plots : <anonymous> : listboxmenu: no visible global
function definition for ‘tkfocus’
relax : get.dim.1.plots : <anonymous> : listboxmenu: no visible global
function definition for ‘tkwait.variable’
relax : get.dim.1.plots : <anonymous> : listboxmenu: no visible global
function definition for ‘tclvalue’
relax : get.dim.1.plots : <anonymous> : listboxmenu: no visible global
function definition for ‘tkget’
relax : get.dim.1.plots : <anonymous> : listboxmenu: no visible global
function definition for ‘tkdestroy’
relax : get.dim.1.plots : <anonymous>: no visible global function
definition for ‘tclvalue’
relax : get.dim.1.plots : <anonymous>: no visible global function
definition for ‘tkget’
relax : get.dim.1.plots : <anonymous>: no visible global function
definition for ‘tkindex’
relax : get.dim.1.plots : <anonymous>: no visible global function
definition for ‘tkinsert’
relax : get.dim.1.plots : <anonymous>: no visible global function
definition for ‘tkmark.set’
relax : get.dim.1.plots : <anonymous>: no visible global function
definition for ‘tksee’
relax : get.dim.1.plots : <anonymous>: no visible global function
definition for ‘tkfocus’
relax : get.dim.2.methods : <anonymous> : set.tclvalue: no visible
global function definition for ‘tclvalue<-’
relax : get.dim.2.methods : <anonymous> : listboxmenu: no visible
global function definition for ‘tktoplevel’
relax : get.dim.2.methods : <anonymous> : listboxmenu: no visible
global function definition for ‘tkwm.geometry’
relax : get.dim.2.methods : <anonymous> : listboxmenu: no visible
global function definition for ‘tkwm.title’
relax : get.dim.2.methods : <anonymous> : listboxmenu: no visible
global function definition for ‘tklabel’
relax : get.dim.2.methods : <anonymous> : listboxmenu: no visible
global function definition for ‘tkframe’
relax : get.dim.2.methods : <anonymous> : listboxmenu: no visible
global function definition for ‘tklistbox’
relax : get.dim.2.methods : <anonymous> : listboxmenu: no visible
global function definition for ‘tkscrollbar’
relax : get.dim.2.methods : <anonymous> : listboxmenu: no visible
global function definition for ‘tkconfigure’
relax : get.dim.2.methods : <anonymous> : listboxmenu : <anonymous>: no
visible global function definition for ‘tkset’
relax : get.dim.2.methods : <anonymous> : listboxmenu : <anonymous>: no
visible global function definition for ‘tkyview’
relax : get.dim.2.methods : <anonymous> : listboxmenu: no visible
global function definition for ‘tkpack’
relax : get.dim.2.methods : <anonymous> : listboxmenu: no visible
global function definition for ‘tkinsert’
relax : get.dim.2.methods : <anonymous> : listboxmenu: no visible
global function definition for ‘tclVar’
relax : get.dim.2.methods : <anonymous> : listboxmenu: no visible
global function definition for ‘tkbind’
relax : get.dim.2.methods : <anonymous> : listboxmenu: no visible
global function definition for ‘tkfocus’
relax : get.dim.2.methods : <anonymous> : listboxmenu: no visible
global function definition for ‘tkwait.variable’
relax : get.dim.2.methods : <anonymous> : listboxmenu: no visible
global function definition for ‘tclvalue’
relax : get.dim.2.methods : <anonymous> : listboxmenu: no visible
global function definition for ‘tkget’
relax : get.dim.2.methods : <anonymous> : listboxmenu: no visible
global function definition for ‘tkdestroy’
relax : get.dim.2.methods : <anonymous>: no visible global function
definition for ‘tclvalue’
relax : get.dim.2.methods : <anonymous>: no visible global function
definition for ‘tkget’
relax : get.dim.2.methods : <anonymous>: no visible global function
definition for ‘tkindex’
relax : get.dim.2.methods : <anonymous>: no visible global function
definition for ‘tkinsert’
relax : get.dim.2.methods : <anonymous>: no visible global function
definition for ‘tkmark.set’
relax : get.dim.2.methods : <anonymous>: no visible global function
definition for ‘tksee’
relax : get.dim.2.methods : <anonymous>: no visible global function
definition for ‘tkfocus’
relax: no visible global function definition for ‘tclVar’
relax: no visible global function definition for ‘tkevent.add’
relax : implement.but: no visible global function definition for
‘tkbutton’
relax : implement.but: no visible global function definition for
‘tkconfigure’
relax : implement.but: no visible global function definition for
‘tkbind’
relax : implement.but: no visible global function definition for
‘tkpack’
relax: no visible global function definition for ‘tktoplevel’
relax: no visible global function definition for ‘tkwm.geometry’
relax: no visible global function definition for ‘tkwm.title’
relax: no visible global function definition for ‘tkwm.protocol’
relax : <anonymous>: no visible global function definition for
‘tclvalue’
relax : <anonymous>: no visible global function definition for ‘tkget’
relax : <anonymous>: no visible global function definition for
‘tkdestroy’
relax: no visible global function definition for ‘tkframe’
relax: no visible global function definition for ‘tkpack’
relax: no visible global function definition for ‘tkplace’
relax: no visible global function definition for ‘tkmenubutton’
relax: no visible global function definition for ‘tkbind’
relax: no visible global function definition for ‘tkmenu’
relax: no visible global function definition for ‘tkconfigure’
relax: no visible global function definition for ‘tkadd’
relax : <anonymous> : chair: no visible global function definition for
‘segments’
relax : <anonymous> : chair: no visible global function definition for
‘lines’
relax : <anonymous> : tree : leaf: no visible global function
definition for ‘qbeta’
relax : <anonymous> : tree : leaf: no visible global function
definition for ‘polygon’
relax : <anonymous> : tree: no visible global function definition for
‘segments’
relax : <anonymous> : redo: no visible global function definition for
‘plot’
relax : <anonymous> : redo: no visible global function definition for
‘segments’
relax : <anonymous> : redo: no visible global function definition for
‘rainbow’
relax : <anonymous> : redo: no visible global function definition for
‘points’
relax : <anonymous> : redo: no visible global function definition for
‘heat.colors’
relax : <anonymous> : redo: no visible global function definition for
‘arrows’
relax : <anonymous> : set.tree: no visible global function definition
for ‘runif’
relax : <anonymous> : set.chair: no visible global function definition
for ‘runif’
relax: no visible global function definition for ‘tklabel’
relax: no visible global function definition for ‘tktext’
relax: no visible global function definition for ‘tkscrollbar’
relax : <anonymous>: no visible global function definition for ‘tkset’
relax : <anonymous>: no visible global function definition for
‘tkyview’
relax: no visible global function definition for ‘tkinsert’
relax : mac.paste: no visible global function definition for ‘.Tcl’
relax : mac.paste: no visible global function definition for ‘tkinsert’
relax : mac.paste: no visible global function definition for ‘tksee’
relax : mac.copy: no visible global function definition for ‘tclvalue’
relax : mac.copy: no visible global function definition for ‘.Tcl’
relax : config.fns: no visible global function definition for
‘tclvalue’
relax : config.fns: no visible global function definition for ‘tkwinfo’
relax : config.fns: no visible global function definition for ‘tkpack’
relax : <anonymous>: no visible global function definition for
‘tktag.configure’
relax : <anonymous>: no visible global function definition for ‘.Tcl’
relax : <anonymous>: no visible global function definition for
‘tktag.bind’
relax : <anonymous> : <anonymous>: no visible global function
definition for ‘tkindex’
relax : <anonymous> : <anonymous>: no visible global function
definition for ‘tkmessageBox’
relax : <anonymous> : <anonymous>: no visible global function
definition for ‘tclvalue’
relax : <anonymous> : <anonymous>: no visible global function
definition for ‘tkget’
relax: no visible global function definition for ‘tkentry’
relax : <anonymous>: no visible global function definition for ‘tcl’
relax : <anonymous>: no visible global function definition for
‘tkfocus’
relax : <anonymous>: no visible global function definition for
‘tkindex’
relax : <anonymous>: no visible global function definition for ‘tksee’
relax : <anonymous>: no visible global function definition for
‘tkmark.set’
relax : f.sonderzeichen : <anonymous>: no visible global function
definition for ‘tkinsert’
relax : f.sonderzeichen : <anonymous>: no visible global function
definition for ‘tkdelete’
relax : renewhighlighting: no visible global function definition for
‘tcl’
relax : renewhighlighting: no visible global function definition for
‘tktag.configure’
relax: no visible global function definition for ‘tktag.configure’
relax : MarkSecondBracket: no visible global function definition for
‘tclvalue’
relax : MarkSecondBracket: no visible global function definition for
‘tkget’
relax : MarkSecondBracket: no visible global function definition for
‘tkindex’
relax : MarkSecondBracket: no visible global function definition for
‘tcl’
relax : MarkSecondBracket: no visible global function definition for
‘tkconfigure’
relax : <anonymous>: no visible global function definition for
‘tkconfigure’
relax : <anonymous>: no visible global function definition for
‘tkdelete’
relax : <anonymous>: no visible global function definition for
‘apropos’
relax : <anonymous>: no visible global function definition for ‘find’
relax : <anonymous>: no visible global function definition for
‘tkinsert’
relax : Execute.cmds: no visible global function definition for
‘tclvalue’
relax : Execute.cmds: no visible global function definition for ‘tkget’
relax : Execute.cmds: no visible global function definition for
‘tkmark.set’
relax : Execute.cmds: no visible global function definition for ‘tksee’
relax : Execute.cmds: no visible global function definition for
‘tkinsert’
relax : Execute.cmds : f: no visible global function definition for
‘dev.copy’
relax : Execute.cmds : f: no visible binding for global variable
‘postscript’
relax : Execute.cmds : f: no visible global function definition for
‘dev.off’
relax : Execute.cmds : f: no visible binding for global variable ‘jpeg’
relax : Execute.cmds : f: no visible binding for global variable
‘bitmap’
relax : Execute.cmds : f: no visible global function definition for
‘dev2bitmap’
relax : Execute.cmds : f: no visible global function definition for
‘tclvalue’
relax : Execute.cmds : f: no visible global function definition for
‘tkget’
relax : Execute.cmds : f: no visible global function definition for
‘tkindex’
relax : Execute.cmds : f: no visible global function definition for
‘tkinsert’
relax : Execute.cmds : f: no visible global function definition for
‘tkmark.set’
relax : Execute.cmds : f: no visible global function definition for
‘tksee’
relax : Execute.cmds : f: no visible global function definition for
‘tcl’
relax : Execute.cmds : f: no visible global function definition for
‘tktag.configure’
relax : Execute.cmds : f: no visible global function definition for
‘tkfocus’
relax : Execute.cmds: no visible global function definition for
‘tkconfigure’
relax : Execute.cmds: no visible global function definition for
‘tkwm.title’
relax : Execute.cmds: no visible global function definition for
‘tkindex’
relax : Execute.cmds: no visible global function definition for
‘tkdelete’
relax : Execute.cmds: no visible global function definition for ‘tcl’
relax : Execute.cmds: no visible global function definition for
‘tktag.configure’
relax : Execute.cmds: no visible global function definition for
‘tkfocus’
scan: no visible global function definition for ‘tclvalue’
scan: no visible global function definition for ‘tkwinfo’
scan: no visible global function definition for ‘tktoplevel’
scan: no visible global function definition for ‘tkwm.title’
scan: no visible global function definition for ‘tkwm.geometry’
scan: no visible global function definition for ‘tkpack’
scan: no visible global function definition for ‘tkmessage’
scan: no visible global function definition for ‘tkget’
scan: no visible global function definition for ‘tkconfigure’
scan: no visible global function definition for ‘tkbind’
scan: no visible global function definition for ‘tktext’
scan : f.sonderzeichen : <anonymous>: no visible global function
definition for ‘tkinsert’
scan : f.sonderzeichen : <anonymous>: no visible global function
definition for ‘tkdelete’
scan : renewhighlighting: no visible global function definition for
‘tcl’
scan : renewhighlighting: no visible global function definition for
‘tktag.configure’
scan: no visible global function definition for ‘tkbutton’
scan: no visible global function definition for ‘tkfocus’
scan: no visible global function definition for ‘tkwait.variable’
scan: no visible global function definition for ‘tkdestroy’
scan: no visible global function definition for ‘tkinsert’
scan: no visible global function definition for ‘tksee’
scan: no visible global function definition for ‘tcl’
slider: no visible global function definition for ‘tclvalue’
slider: no visible global function definition for ‘tktoplevel’
slider: no visible global function definition for ‘tkwm.title’
slider: no visible global function definition for ‘tkwm.geometry’
slider: no visible global function definition for ‘tkpack’
slider: no visible global function definition for ‘tkframe’
slider: no visible global function definition for ‘tklabel’
slider: no visible global function definition for ‘tkscale’
slider: no visible global function definition for ‘tkconfigure’
slider: no visible global function definition for ‘tkbind’
slider: no visible global function definition for ‘tkbutton’
slider : <anonymous>: no visible global function definition for
‘tkdestroy’
step : mydeviance: no visible global function definition for ‘deviance’
step : mydeviance: no visible global function definition for
‘extractAIC’
step : step.results: no visible global function definition for
‘formula’
step: no visible global function definition for ‘terms’
step: no visible global function definition for ‘update.formula’
step: no visible global function definition for ‘nobs’
step: no visible global function definition for ‘extractAIC’
step: no visible global function definition for ‘formula’
step: no visible global function definition for ‘flush.console’
step: no visible global function definition for ‘factor.scope’
step: no visible global function definition for ‘drop1’
step: no visible global function definition for ‘add1’
step: no visible global function definition for ‘update’
str: no visible global function definition for ‘tclvalue’
str: no visible global function definition for ‘tkwinfo’
str: no visible global function definition for ‘getS3method’
str: no visible global function definition for ‘tkinsert’
str: no visible global function definition for ‘tksee’
str: no visible global function definition for ‘tcl’
weaveR: no visible global function definition for ‘.Tcl’
weaveR: no visible global function definition for ‘tclvalue’
weaveR : copy.plot: no visible global function definition for
‘dev.copy’
weaveR : copy.plot: no visible binding for global variable ‘postscript’
weaveR : copy.plot: no visible global function definition for ‘dev.off’
weaveRhtml: no visible global function definition for ‘.Tcl’
weaveRhtml: no visible global function definition for ‘tclvalue’
Undefined global functions or variables:
.Tcl add1 apropos arrows bitmap dev.copy dev.off dev2bitmap deviance
download.file drop1 extractAIC factor.scope find flush.console
formula getS3method heat.colors help.search hist jpeg line lines nobs
plot points polygon postscript qbeta rainbow runif segments start tcl
tclVar tclvalue tclvalue<- terms text tkactivate tkadd tkbind
tkbutton tkchooseDirectory tkconfigure tkcurselection tkdelete
tkdestroy tkentry tkevent.add tkevent.generate tkfocus tkframe tkget
tkgetOpenFile tkgetSaveFile tkindex tkinsert tklabel tklistbox
tkmark.set tkmenu tkmenubutton tkmessage tkmessageBox tkpack
tkpack.forget tkplace tkpost tkscale tkscrollbar tksee
tkselection.range tkselection.set tkset tktag.bind tktag.configure
tktext tktoplevel tkwait.variable tkwait.window tkwinfo tkwm.geometry
tkwm.protocol tkwm.title tkyview update update.formula
Consider adding
importFrom("grDevices", "bitmap", "dev.copy", "dev.off", "dev2bitmap",
"heat.colors", "jpeg", "postscript", "rainbow")
importFrom("graphics", "arrows", "hist", "lines", "plot", "points",
"polygon", "segments", "text")
importFrom("stats", "add1", "deviance", "drop1", "extractAIC",
"factor.scope", "formula", "line", "nobs", "qbeta", "runif",
"start", "terms", "update", "update.formula")
importFrom("utils", "apropos", "download.file", "find",
"flush.console", "getS3method", "help.search")
to your NAMESPACE file.
- checking Rd files ... OK
- checking Rd metadata ... OK
- checking Rd line widths ... OK
- checking Rd cross-references ... OK
- checking for missing documentation entries ... OK
- checking for code/documentation mismatches ... OK
- checking Rd \usage sections ... OK
- checking Rd contents ... OK
- checking for unstated dependencies in examples ... OK
- checking examples ... [1s/1s] OK
- checking PDF version of manual ... OK
- DONE
Status: 1 WARNING, 2 NOTEs