- using R version 3.5.0 Patched (2018-04-23 r74633)
- using platform: x86_64-pc-linux-gnu (64-bit)
- using session charset: UTF-8
- checking for file ‘normalp/DESCRIPTION’ ... OK
- this is package ‘normalp’ version ‘0.7.0’
- package encoding: latin1
- checking package namespace information ... OK
- checking package dependencies ... OK
- checking if this is a source package ... OK
- checking if there is a namespace ... OK
- checking for executable files ... OK
- checking for hidden files and directories ... OK
- checking for portable file names ... OK
- checking for sufficient/correct file permissions ... OK
- checking serialization versions ... OK
- checking whether package ‘normalp’ can be installed ... OK
- checking package directory ... OK
- checking DESCRIPTION meta-information ... NOTE
Malformed Description field: should contain one or more complete sentences.
- checking top-level files ... OK
- checking for left-over files ... OK
- checking index information ... OK
- checking package subdirectories ... OK
- checking R files for non-ASCII characters ... OK
- checking R files for syntax errors ... OK
- checking whether the package can be loaded ... OK
- checking whether the package can be loaded with stated dependencies ... OK
- checking whether the package can be unloaded cleanly ... OK
- checking whether the namespace can be loaded with stated dependencies ... OK
- checking whether the namespace can be unloaded cleanly ... OK
- checking loading without being on the library search path ... OK
- checking use of S3 registration ... OK
- checking dependencies in R code ... OK
- checking S3 generic/method consistency ... NOTE
Found the following apparent S3 methods exported but not registered:
lmp.default paramp.default plot.lmp plot.simul.lmp plot.simul.mp
print.paramp print.simul.mp print.summary.lmp print.summary.simul.lmp
qqnormp.default summary.lmp summary.simul.lmp
See section ‘Registering S3 methods’ in the ‘Writing R Extensions’
manual.
- checking replacement functions ... OK
- checking foreign function calls ... OK
- checking R code for possible problems ... [6s/8s] NOTE
estimatep: no visible global function definition for ‘optim’
graphnp: no visible global function definition for ‘plot’
graphnp: no visible global function definition for ‘dunif’
graphnp: no visible global function definition for ‘legend’
graphnp: no visible global function definition for ‘lines’
graphnp: no visible global function definition for ‘spline’
lmp.default: no visible global function definition for ‘lm’
lmp.default: no visible global function definition for ‘residuals’
lmp.default: no visible global function definition for ‘deviance’
lmp.default: no visible global function definition for ‘df.residual’
lmp.default: no visible global function definition for ‘lm.influence’
lmp.default: no visible global function definition for ‘optim’
paramp.default: no visible global function definition for ‘optim’
paramp.default: no visible global function definition for ‘median’
paramp.default: no visible global function definition for ‘var’
plot.lmp: no visible global function definition for ‘plot’
plot.lmp: no visible global function definition for ‘abline’
plot.lmp: no visible global function definition for ‘mtext’
plot.lmp: no visible global function definition for ‘title’
plot.lmp: no visible global function definition for ‘par’
plot.lmp: no visible global function definition for ‘dev.interactive’
plot.lmp: no visible global function definition for ‘qqnorm’
plot.simul.lmp: no visible global function definition for ‘hist’
plot.simul.lmp: no visible global function definition for ‘par’
plot.simul.lmp: no visible global function definition for
‘dev.interactive’
plot.simul.lmp: no visible global function definition for ‘rgb’
plot.simul.lmp: no visible global function definition for ‘runif’
plot.simul.mp: no visible global function definition for ‘hist’
plot.simul.mp: no visible global function definition for ‘par’
plot.simul.mp: no visible global function definition for
‘dev.interactive’
pnormp: no visible global function definition for ‘pgamma’
print.summary.lmp: no visible global function definition for ‘quantile’
qnormp: no visible global function definition for ‘qgamma’
qqlinep: no visible global function definition for ‘quantile’
qqlinep: no visible global function definition for ‘abline’
qqnormp.default: no visible global function definition for ‘ppoints’
qqnormp.default: no visible global function definition for ‘plot’
qqnormp.default: no visible global function definition for ‘mtext’
rnormp: no visible global function definition for ‘rgamma’
rnormp: no visible global function definition for ‘runif’
simul.lmp: no visible global function definition for ‘as.formula’
simul.lmp: no visible global function definition for ‘runif’
simul.lmp: no visible global function definition for ‘var’
simul.mp: no visible global function definition for ‘var’
Undefined global functions or variables:
abline as.formula dev.interactive deviance df.residual dunif hist
legend lines lm lm.influence median mtext optim par pgamma plot
ppoints qgamma qqnorm quantile residuals rgamma rgb runif spline
title var
Consider adding
importFrom("grDevices", "dev.interactive", "rgb")
importFrom("graphics", "abline", "hist", "legend", "lines", "mtext",
"par", "plot", "title")
importFrom("stats", "as.formula", "deviance", "df.residual", "dunif",
"lm", "lm.influence", "median", "optim", "pgamma",
"ppoints", "qgamma", "qqnorm", "quantile", "residuals",
"rgamma", "runif", "spline", "var")
to your NAMESPACE file.
- checking Rd files ... OK
- checking Rd metadata ... OK
- checking Rd line widths ... OK
- checking Rd cross-references ... OK
- checking for missing documentation entries ... OK
- checking for code/documentation mismatches ... OK
- checking Rd \usage sections ... OK
- checking Rd contents ... OK
- checking for unstated dependencies in examples ... OK
- checking examples ... ERROR
Running examples in ‘normalp-Ex.R’ failed
The error most likely occurred in:
> base::assign(".ptime", proc.time(), pos = "CheckExEnv")
> ### Name: lmp
> ### Title: Fitted linear model with exponential power distribution errors
> ### Aliases: lmp lmp.default
> ### Keywords: regression
>
> ### ** Examples
>
> e<-rnormp(n=100,mu=0,sigmap=4,p=3,method="d")
> x<-runif(100)
> y<-0.5+2*x+e
> lmp(y~x)
Error in UseMethod("lmp") :
no applicable method for 'lmp' applied to an object of class "formula"
Calls: lmp
Execution halted
- checking PDF version of manual ... OK
- DONE
Status: 1 ERROR, 3 NOTEs