- using R Under development (unstable) (2024-04-24 r86484)
- using platform: x86_64-pc-linux-gnu
- R was compiled by
gcc-13 (GCC) 13.2.0
GNU Fortran (GCC) 13.2.0
- running under: Fedora Linux 36 (Workstation Edition)
- using session charset: UTF-8
- using option ‘--no-stop-on-test-error’
- checking for file ‘rqti/DESCRIPTION’ ... OK
- this is package ‘rqti’ version ‘0.1.1’
- package encoding: UTF-8
- checking package namespace information ... OK
- checking package dependencies ... OK
- checking if this is a source package ... OK
- checking if there is a namespace ... OK
- checking for executable files ... OK
- checking for hidden files and directories ... OK
- checking for portable file names ... OK
- checking for sufficient/correct file permissions ... OK
- checking whether package ‘rqti’ can be installed ... [18s/24s] OK
See the install log for details.
- checking package directory ... OK
- checking DESCRIPTION meta-information ... OK
- checking top-level files ... OK
- checking for left-over files ... OK
- checking index information ... OK
- checking package subdirectories ... OK
- checking code files for non-ASCII characters ... OK
- checking R files for syntax errors ... OK
- checking whether the package can be loaded ... OK
- checking whether the package can be loaded with stated dependencies ... OK
- checking whether the package can be unloaded cleanly ... OK
- checking whether the namespace can be loaded with stated dependencies ... OK
- checking whether the namespace can be unloaded cleanly ... OK
- checking loading without being on the library search path ... OK
- checking whether startup messages can be suppressed ... OK
- checking use of S3 registration ... OK
- checking dependencies in R code ... OK
- checking S3 generic/method consistency ... OK
- checking replacement functions ... OK
- checking foreign function calls ... OK
- checking R code for possible problems ... [22s/27s] OK
- checking Rd files ... OK
- checking Rd metadata ... OK
- checking Rd line widths ... OK
- checking Rd cross-references ... OK
- checking for missing documentation entries ... OK
- checking for code/documentation mismatches ... OK
- checking Rd \usage sections ... OK
- checking Rd contents ... OK
- checking for unstated dependencies in examples ... OK
- checking examples ... OK
- checking for unstated dependencies in ‘tests’ ... OK
- checking tests ... [30s/55s] ERROR
Running ‘testthat.R’ [29s/54s]
Running the tests in ‘tests/testthat.R’ failed.
Complete output:
> # This file is part of the standard setup for testthat.
> # It is recommended that you do not modify it.
> #
> # Where should you do additional test configuration?
> # Learn more about the roles of various files in:
> # * https://r-pkgs.org/tests.html
> # * https://testthat.r-lib.org/reference/test_package.html#special-files
>
> library(testthat)
> library(rqti)
>
> test_check("rqti")
[ FAIL 10 | WARN 86 | SKIP 1 | PASS 185 ]
══ Skipped tests (1) ═══════════════════════════════════════════════════════════
• On CRAN (1): 'test-api_opal.R:1:1'
══ Failed tests ════════════════════════════════════════════════════════════════
── Failure ('test-xml_verification.R:17:5'): XML validation with schema file for Order ──
validation[1] (`actual`) not equal to TRUE (`expected`).
`actual`: FALSE
`expected`: TRUE
── Failure ('test-xml_verification.R:46:5'): XML validation with schema file for Entry ──
validation[1] (`actual`) not equal to TRUE (`expected`).
`actual`: FALSE
`expected`: TRUE
── Failure ('test-xml_verification.R:84:5'): XML validation with schema file for Entry ──
validation[1] (`actual`) not equal to TRUE (`expected`).
`actual`: FALSE
`expected`: TRUE
── Failure ('test-xml_verification.R:100:5'): XML validation with schema file for SingleChoice ──
validation[1] (`actual`) not equal to TRUE (`expected`).
`actual`: FALSE
`expected`: TRUE
── Failure ('test-xml_verification.R:120:5'): XML validation with schema file for MultipleChoiceTable ──
validation[1] (`actual`) not equal to TRUE (`expected`).
`actual`: FALSE
`expected`: TRUE
── Failure ('test-xml_verification.R:136:5'): XML validation with schema file for MultipleChoice ──
validation[1] (`actual`) not equal to TRUE (`expected`).
`actual`: FALSE
`expected`: TRUE
── Failure ('test-xml_verification.R:151:5'): XML validation with schema file Essay ──
validation[1] (`actual`) not equal to TRUE (`expected`).
`actual`: FALSE
`expected`: TRUE
── Failure ('test-xml_verification.R:169:5'): XML validation with schema file for DirectedPair ──
validation[1] (`actual`) not equal to TRUE (`expected`).
`actual`: FALSE
`expected`: TRUE
── Failure ('test-xml_verification.R:188:5'): XML validation with schema file for OneInRowTable ──
validation[1] (`actual`) not equal to TRUE (`expected`).
`actual`: FALSE
`expected`: TRUE
── Failure ('test-xml_verification.R:207:5'): XML validation with schema file for OneInColTable ──
validation[1] (`actual`) not equal to TRUE (`expected`).
`actual`: FALSE
`expected`: TRUE
[ FAIL 10 | WARN 86 | SKIP 1 | PASS 185 ]
Error: Test failures
Execution halted
- checking PDF version of manual ... [11s/18s] OK
- checking HTML version of manual ... OK
- checking for non-standard things in the check directory ... OK
- checking for detritus in the temp directory ... OK
- DONE
Status: 1 ERROR