- using R Under development (unstable) (2018-04-14 r74601)
- using platform: x86_64-pc-linux-gnu (64-bit)
- using session charset: UTF-8
- using option ‘--no-stop-on-test-error’
- checking for file ‘FisherEM/DESCRIPTION’ ... OK
- checking extension type ... Package
- this is package ‘FisherEM’ version ‘1.4’
- checking package namespace information ... OK
- checking package dependencies ... OK
- checking if this is a source package ... OK
- checking if there is a namespace ... OK
- checking for executable files ... OK
- checking for hidden files and directories ... OK
- checking for portable file names ... OK
- checking for sufficient/correct file permissions ... OK
- checking whether package ‘FisherEM’ can be installed ... WARNING
Found the following significant warnings:
Note: break used in wrong context: no loop is visible
See https://www.r-project.org/nosvn/R.check/r-devel-linux-x86_64-fedora-gcc/FisherEM-00install.html for details.
Information on the location(s) of code generating the ‘Note’s can be
obtained by re-running with environment variable R_KEEP_PKG_SOURCE set
to ‘yes’.
- checking installed package size ... OK
- checking package directory ... OK
- checking DESCRIPTION meta-information ... OK
- checking top-level files ... OK
- checking for left-over files ... OK
- checking index information ... OK
- checking package subdirectories ... OK
- checking R files for non-ASCII characters ... OK
- checking R files for syntax errors ... OK
- checking whether the package can be loaded ... OK
- checking whether the package can be loaded with stated dependencies ... OK
- checking whether the package can be unloaded cleanly ... OK
- checking whether the namespace can be loaded with stated dependencies ... OK
- checking whether the namespace can be unloaded cleanly ... OK
- checking loading without being on the library search path ... OK
- checking use of S3 registration ... OK
- checking dependencies in R code ... NOTE
Packages in Depends field not imported from:
‘MASS’ ‘elasticnet’
These packages need to be imported from (in the NAMESPACE file)
for when this namespace is loaded but not attached.
- checking S3 generic/method consistency ... OK
- checking replacement functions ... OK
- checking foreign function calls ... OK
- checking R code for possible problems ... [8s/10s] NOTE
fem.estep: no visible global function definition for ‘ginv’
fem.loglik: no visible global function definition for ‘ginv’
fem.main: no visible global function definition for ‘cutree’
fem.main: no visible global function definition for ‘hclust’
fem.main: no visible global function definition for ‘dist’
fem.main: no visible global function definition for ‘rmultinom’
fem.main: no visible global function definition for ‘kmeans’
fem.mstep: no visible global function definition for ‘cov’
fstep.GramSc: no visible global function definition for ‘cov’
fstep.GramSc: no visible global function definition for ‘ginv’
fstep.fisher: no visible global function definition for ‘ginv’
fstep.fisher: no visible global function definition for ‘dist’
fstep.qiao: no visible global function definition for ‘ginv’
fstep.qiao: no visible global function definition for ‘cov’
fstep.qiao: no visible global function definition for ‘lsfit’
fstep.sparse: no visible global function definition for ‘ginv’
fstep.sparse: no visible global function definition for ‘cov’
fstep.sparse: no visible global function definition for ‘enet’
fstep.sparse: no visible global function definition for ‘predict.enet’
plot.fem: no visible global function definition for ‘par’
plot.fem: no visible global function definition for ‘matplot’
plot.fem: no visible global function definition for ‘legend’
plot.fem: no visible global function definition for ‘hist’
plot.fem: no visible global function definition for ‘layout’
plot.fem: no visible global function definition for ‘barplot’
plot.fem: no visible global function definition for ‘cov’
plot.fem: no visible global function definition for ‘lines’
plot.fem: no visible global function definition for ‘title’
Undefined global functions or variables:
barplot cov cutree dist enet ginv hclust hist kmeans layout legend
lines lsfit matplot par predict.enet rmultinom title
Consider adding
importFrom("graphics", "barplot", "hist", "layout", "legend", "lines",
"matplot", "par", "title")
importFrom("stats", "cov", "cutree", "dist", "hclust", "kmeans",
"lsfit", "rmultinom")
to your NAMESPACE file.
- checking Rd files ... OK
- checking Rd metadata ... OK
- checking Rd line widths ... OK
- checking Rd cross-references ... OK
- checking for missing documentation entries ... OK
- checking for code/documentation mismatches ... OK
- checking Rd \usage sections ... OK
- checking Rd contents ... OK
- checking for unstated dependencies in examples ... OK
- checking examples ... [14s/17s] OK
- checking PDF version of manual ... OK
- DONE
Status: 1 WARNING, 2 NOTEs