- using R Under development (unstable) (2024-05-02 r86508)
- using platform: x86_64-pc-linux-gnu
- R was compiled by
clang version 18.1.5
flang-new version 18.1.5
- running under: Fedora Linux 36 (Workstation Edition)
- using session charset: UTF-8
- using option ‘--no-stop-on-test-error’
- checking for file ‘x13binary/DESCRIPTION’ ... OK
- checking extension type ... Package
- this is package ‘x13binary’ version ‘1.1.60’
- package encoding: UTF-8
- checking package namespace information ... OK
- checking package dependencies ... OK
- checking if this is a source package ... OK
- checking if there is a namespace ... OK
- checking for executable files ... OK
- checking for hidden files and directories ... OK
- checking for portable file names ... OK
- checking for sufficient/correct file permissions ... OK
- checking whether package ‘x13binary’ can be installed ... [294s/160s] ERROR
Installation failed.
See the install log for details.
- DONE
Status: 1 ERROR