- using R Under development (unstable) (2024-05-02 r86508)
- using platform: x86_64-pc-linux-gnu
- R was compiled by
clang version 18.1.5
flang-new version 18.1.5
- running under: Fedora Linux 36 (Workstation Edition)
- using session charset: UTF-8
- using option ‘--no-stop-on-test-error’
- checking for file ‘robcbi/DESCRIPTION’ ... OK
- checking extension type ... Package
- this is package ‘robcbi’ version ‘1.1-4’
- checking package namespace information ... OK
- checking package dependencies ... OK
- checking if this is a source package ... OK
- checking if there is a namespace ... OK
- checking for executable files ... OK
- checking for hidden files and directories ... OK
- checking for portable file names ... OK
- checking for sufficient/correct file permissions ... OK
- checking whether package ‘robcbi’ can be installed ... [6s/24s] OK
See the install log for details.
- checking installed package size ... OK
- checking package directory ... OK
- checking DESCRIPTION meta-information ... OK
- checking top-level files ... OK
- checking for left-over files ... OK
- checking index information ... OK
- checking package subdirectories ... OK
- checking code files for non-ASCII characters ... OK
- checking R files for syntax errors ... OK
- checking whether the package can be loaded ... OK
- checking whether the package can be loaded with stated dependencies ... OK
- checking whether the package can be unloaded cleanly ... OK
- checking whether the namespace can be loaded with stated dependencies ... OK
- checking whether the namespace can be unloaded cleanly ... OK
- checking loading without being on the library search path ... OK
- checking use of S3 registration ... OK
- checking dependencies in R code ... OK
- checking S3 generic/method consistency ... OK
- checking replacement functions ... OK
- checking foreign function calls ... OK
- checking R code for possible problems ... [13s/35s] OK
- checking Rd files ... NOTE
checkRd: (-1) cubinf.summaries.Rd:46: Lost braces
46 | The class "lm" functions \code{effects}, \code{alias}, \code{add1}, \code{drop1}, code{kappa},
| ^
- checking Rd metadata ... OK
- checking Rd line widths ... OK
- checking Rd cross-references ... OK
- checking for missing documentation entries ... OK
- checking for code/documentation mismatches ... OK
- checking Rd \usage sections ... OK
- checking Rd contents ... OK
- checking for unstated dependencies in examples ... OK
- checking contents of ‘data’ directory ... OK
- checking data for non-ASCII characters ... OK
- checking LazyData ... OK
- checking data for ASCII and uncompressed saves ... OK
- checking sizes of PDF files under ‘inst/doc’ ... OK
- checking installed files from ‘inst/doc’ ... OK
- checking examples ... ERROR
Running examples in ‘robcbi-Ex.R’ failed
The error most likely occurred in:
> ### Name: QQline
> ### Title: Add a theoretical QQ-line in a plot
> ### Aliases: QQline
> ### Keywords: stats
>
> ### ** Examples
>
> library(robcbi)
> data(Finney)
> Vol <- Finney$Vol; Rate <- Finney$Rate; Resp <- Finney$Resp
> lVol <-log(Vol); lRate <- log(Rate)
> z.cub <- glm(Resp~lVol+lRate,family=binomial,method="cubinf", ufact=3.2)
- checking PDF version of manual ... [8s/24s] OK
- checking HTML version of manual ... OK
- checking for non-standard things in the check directory ... OK
- checking for detritus in the temp directory ... OK
- DONE
Status: 1 ERROR, 1 NOTE