- using R Under development (unstable) (2018-04-23 r74633)
- using platform: x86_64-pc-linux-gnu (64-bit)
- using session charset: UTF-8
- checking for file ‘longpower/DESCRIPTION’ ... OK
- checking extension type ... Package
- this is package ‘longpower’ version ‘1.0-16’
- checking package namespace information ... OK
- checking package dependencies ... OK
- checking if this is a source package ... OK
- checking if there is a namespace ... OK
- checking for executable files ... OK
- checking for hidden files and directories ... OK
- checking for portable file names ... OK
- checking for sufficient/correct file permissions ... OK
- checking serialization versions ... OK
- checking whether package ‘longpower’ can be installed ... OK
- checking package directory ... OK
- checking ‘build’ directory ... OK
- checking DESCRIPTION meta-information ... OK
- checking top-level files ... OK
- checking for left-over files ... OK
- checking index information ... OK
- checking package subdirectories ... OK
- checking R files for non-ASCII characters ... OK
- checking R files for syntax errors ... OK
- checking whether the package can be loaded ... OK
- checking whether the package can be loaded with stated dependencies ... OK
- checking whether the package can be unloaded cleanly ... OK
- checking whether the namespace can be loaded with stated dependencies ... OK
- checking whether the namespace can be unloaded cleanly ... OK
- checking loading without being on the library search path ... OK
- checking use of S3 registration ... OK
- checking dependencies in R code ... OK
- checking S3 generic/method consistency ... OK
- checking replacement functions ... OK
- checking foreign function calls ... OK
- checking R code for possible problems ... [8s/14s] OK
- checking Rd files ... OK
- checking Rd metadata ... OK
- checking Rd line widths ... OK
- checking Rd cross-references ... OK
- checking for missing documentation entries ... OK
- checking for code/documentation mismatches ... OK
- checking Rd \usage sections ... OK
- checking Rd contents ... OK
- checking for unstated dependencies in examples ... OK
- checking sizes of PDF files under ‘inst/doc’ ... OK
- checking installed files from ‘inst/doc’ ... OK
- checking files in ‘vignettes’ ... OK
- checking examples ... ERROR
Running examples in ‘longpower-Ex.R’ failed
The error most likely occurred in:
> base::assign(".ptime", proc.time(), pos = "CheckExEnv")
> ### Name: lmmpower
> ### Title: Sample size calculations for linear mixed models of rate of
> ### change based on lmer, lme, or gee "placebo" pilot estimates.
> ### Aliases: lmmpower lmmpower,ANY-method lmmpower,merMod-method
> ### lmmpower-methods lmmpower.default lmmpower.gee lmmpower.lme
> ### lmmpower.numeric
> ### Keywords: effects marginal methods mixed model power random sample size
>
> ### ** Examples
>
>
> ## Not run:
> ##D browseVignettes(package = "longpower")
> ## End(Not run)
>
> lmmpower(delta=1.5, t = seq(0,1.5,0.25),
+ sig2.i = 55, sig2.s = 24, sig2.e = 10, cov.s.i=0.8*sqrt(55)*sqrt(24), power = 0.80)
Error in UseMethod("lmmpower") :
no applicable method for 'lmmpower' applied to an object of class "c('double', 'numeric')"
Calls: lmmpower -> lmmpower
Execution halted
- checking for unstated dependencies in ‘tests’ ... OK
- checking tests ... [3s/4s] OK
Running ‘testthat.R’ [3s/3s]
- checking for unstated dependencies in vignettes ... OK
- checking package vignettes in ‘inst/doc’ ... OK
- checking re-building of vignette outputs ... [5s/12s] OK
- checking PDF version of manual ... OK
- DONE
Status: 1 ERROR