- using R Under development (unstable) (2025-06-27 r88363)
- using platform: x86_64-pc-linux-gnu
- R was compiled by
Debian clang version 19.1.7 (3+b1)
Debian flang-new version 19.1.7 (3+b1)
- running under: Debian GNU/Linux 13 (trixie)
- using session charset: UTF-8
- checking for file ‘fiery/DESCRIPTION’ ... OK
- checking extension type ... Package
- this is package ‘fiery’ version ‘1.2.1’
- package encoding: UTF-8
- checking CRAN incoming feasibility ... [1s/2s] OK
- checking package namespace information ... OK
- checking package dependencies ... OK
- checking if this is a source package ... OK
- checking if there is a namespace ... OK
- checking for executable files ... OK
- checking for hidden files and directories ... OK
- checking for portable file names ... OK
- checking for sufficient/correct file permissions ... OK
- checking serialization versions ... OK
- checking whether package ‘fiery’ can be installed ... OK
See the install log for details.
- checking package directory ... OK
- checking for future file timestamps ... OK
- checking ‘build’ directory ... OK
- checking DESCRIPTION meta-information ... OK
- checking top-level files ... OK
- checking for left-over files ... OK
- checking index information ... OK
- checking package subdirectories ... OK
- checking code files for non-ASCII characters ... OK
- checking R files for syntax errors ... OK
- checking whether the package can be loaded ... [1s/2s] OK
- checking whether the package can be loaded with stated dependencies ... [1s/1s] OK
- checking whether the package can be unloaded cleanly ... [1s/1s] OK
- checking whether the namespace can be loaded with stated dependencies ... [1s/2s] OK
- checking whether the namespace can be unloaded cleanly ... [1s/2s] OK
- checking loading without being on the library search path ... [1s/1s] OK
- checking whether startup messages can be suppressed ... [1s/2s] OK
- checking use of S3 registration ... OK
- checking dependencies in R code ... OK
- checking S3 generic/method consistency ... OK
- checking replacement functions ... OK
- checking foreign function calls ... OK
- checking R code for possible problems ... [8s/23s] OK
- checking Rd files ... [1s/7s] OK
- checking Rd metadata ... OK
- checking Rd line widths ... OK
- checking Rd cross-references ... OK
- checking for missing documentation entries ... OK
- checking for code/documentation mismatches ... OK
- checking Rd \usage sections ... OK
- checking Rd contents ... OK
- checking for unstated dependencies in examples ... OK
- checking installed files from ‘inst/doc’ ... OK
- checking files in ‘vignettes’ ... OK
- checking examples ... [1s/2s] OK
- checking for unstated dependencies in ‘tests’ ... OK
- checking tests ... [7s/55s] ERROR
Running ‘testthat.R’ [7s/55s]
Running the tests in ‘tests/testthat.R’ failed.
Complete output:
> # This file is part of the standard setup for testthat.
> # It is recommended that you do not modify it.
> #
> # Where should you do additional test configuration?
> # Learn more about the roles of various files in:
> # * https://r-pkgs.org/tests.html
> # * https://testthat.r-lib.org/reference/test_package.html#special-files
>
> library(testthat)
> library(fiery)
>
> test_check("fiery")
Fire started at 127.0.0.1:50843
Fire started at 127.0.0.1:50843
Fire restarted at 127.0.0.1:50843
Fire restarted at 127.0.0.1:50843
Fire started at 127.0.0.1:50843
Fire restarted at 127.0.0.1:50843
Fire started at 127.0.0.1:56645
Fire started at 127.0.0.1:51382
Fire started at 127.0.0.1:58329
Fire started at 127.0.0.1:60362
Fire started at 127.0.0.1:60362
closing
Fire started at 127.0.0.1:59333
Fire started at 127.0.0.1:52951
[ FAIL 1 | WARN 0 | SKIP 4 | PASS 247 ]
══ Skipped tests (4) ═══════════════════════════════════════════════════════════
• On CRAN (4): 'test-Fire.R:95:5', 'test-Fire.R:400:5', 'test-Fire.R:497:5',
'test-loggers.R:10:5'
══ Failed tests ════════════════════════════════════════════════════════════════
── Failure ('test-FutureStack.R:82:5'): TimeStack works ────────────────────────
`time$eval()` produced messages.
[ FAIL 1 | WARN 0 | SKIP 4 | PASS 247 ]
Error: Test failures
Execution halted
- checking for unstated dependencies in vignettes ... OK
- checking package vignettes ... OK
- checking re-building of vignette outputs ... [5s/7s] OK
- checking PDF version of manual ... [6s/10s] OK
- checking HTML version of manual ... [1s/1s] OK
- checking for non-standard things in the check directory ... OK
- DONE
Status: 1 ERROR