- using R Under development (unstable) (2024-04-14 r86421)
- using platform: x86_64-pc-linux-gnu
- R was compiled by
Debian clang version 18.1.0 (rc4-1)
Debian flang-new version 18.1.0 (rc4-1)
- running under: Debian GNU/Linux trixie/sid
- using session charset: UTF-8
- checking for file ‘RcppArmadillo/DESCRIPTION’ ... OK
- checking extension type ... Package
- this is package ‘RcppArmadillo’ version ‘0.12.8.2.0’
- checking package namespace information ... OK
- checking package dependencies ... OK
- checking if this is a source package ... OK
- checking if there is a namespace ... OK
- checking for executable files ... OK
- checking for hidden files and directories ... OK
- checking for portable file names ... OK
- checking for sufficient/correct file permissions ... OK
- checking serialization versions ... OK
- checking whether package ‘RcppArmadillo’ can be installed ... OK
See the install log for details.
- used C++ compiler: ‘Debian clang version 18.1.0 (rc4-1)’
- checking package directory ... OK
- checking for future file timestamps ... OK
- checking ‘build’ directory ... OK
- checking DESCRIPTION meta-information ... OK
- checking top-level files ... OK
- checking for left-over files ... OK
- checking index information ... OK
- checking package subdirectories ... OK
- checking code files for non-ASCII characters ... OK
- checking R files for syntax errors ... OK
- checking whether the package can be loaded ... [1s/1s] OK
- checking whether the package can be loaded with stated dependencies ... [0s/1s] OK
- checking whether the package can be unloaded cleanly ... [0s/1s] OK
- checking whether the namespace can be loaded with stated dependencies ... [1s/1s] OK
- checking whether the namespace can be unloaded cleanly ... [1s/1s] OK
- checking loading without being on the library search path ... [1s/1s] OK
- checking whether startup messages can be suppressed ... [1s/1s] OK
- checking use of S3 registration ... OK
- checking dependencies in R code ... OK
- checking S3 generic/method consistency ... OK
- checking replacement functions ... OK
- checking foreign function calls ... OK
- checking R code for possible problems ... [6s/8s] OK
- checking Rd files ... [1s/1s] OK
- checking Rd metadata ... OK
- checking Rd line widths ... OK
- checking Rd cross-references ... OK
- checking for missing documentation entries ... OK
- checking for code/documentation mismatches ... OK
- checking Rd \usage sections ... OK
- checking Rd contents ... OK
- checking for unstated dependencies in examples ... OK
- checking line endings in shell scripts ... OK
- checking line endings in C/C++/Fortran sources/headers ... OK
- checking line endings in Makefiles ... OK
- checking compilation flags in Makevars ... OK
- checking for GNU extensions in Makefiles ... OK
- checking for portable use of $(BLAS_LIBS) and $(LAPACK_LIBS) ... OK
- checking use of PKG_*FLAGS in Makefiles ... OK
- checking use of SHLIB_OPENMP_*FLAGS in Makefiles ... OK
- checking pragmas in C/C++ headers and code ... OK
- checking compilation flags used ... OK
- checking compiled code ... OK
- checking sizes of PDF files under ‘inst/doc’ ... OK
- checking installed files from ‘inst/doc’ ... OK
- checking files in ‘vignettes’ ... OK
- checking examples ... [1s/1s] OK
- checking for unstated dependencies in ‘tests’ ... OK
- checking tests ... [267s/329s] ERROR
Running ‘tinytest.R’ [266s/328s]
Running the tests in ‘tests/tinytest.R’ failed.
Complete output:
>
> if (requireNamespace("tinytest", quietly=TRUE)) {
+ tinytest::test_package("RcppArmadillo")
+ }
test_Rlapack.R................ 0 tests
test_Rlapack.R................ 0 tests
test_Rlapack.R................ 0 tests
test_Rlapack.R................ 0 tests
test_Rlapack.R................ 0 tests
test_Rlapack.R................ 0 tests
test_Rlapack.R................ 0 tests
test_Rlapack.R................ 0 tests
test_Rlapack.R................ 0 tests
test_Rlapack.R................ 0 tests
test_Rlapack.R................ 0 tests
test_Rlapack.R................ 0 tests
test_Rlapack.R................ 0 tests
test_Rlapack.R................ 1 tests [0;32mOK [0m
test_Rlapack.R................ 2 tests [0;32mOK [0m
test_Rlapack.R................ 3 tests [0;32mOK [0m
test_Rlapack.R................ 4 tests [0;32mOK [0m
test_Rlapack.R................ 5 tests [0;32mOK [0m
test_Rlapack.R................ 6 tests [0;32mOK [0m
test_Rlapack.R................ 7 tests [0;32mOK [0m [0;34m39.3s [0m
test_complex.R................ 0 tests
test_complex.R................ 0 tests
test_complex.R................ 0 tests
test_complex.R................ 0 tests
test_complex.R................ 0 tests
test_complex.R................ 0 tests
test_complex.R................ 0 tests
test_complex.R................ 0 tests
test_complex.R................ 0 tests
test_complex.R................ 0 tests
test_complex.R................ 0 tests
test_complex.R................ 0 tests
test_complex.R................ 1 tests [0;32mOK [0m
test_complex.R................ 2 tests [0;32mOK [0m
test_complex.R................ 3 tests [0;32mOK [0m
test_complex.R................ 4 tests [0;32mOK [0m
test_complex.R................ 5 tests [0;32mOK [0m
test_complex.R................ 6 tests [0;32mOK [0m
test_complex.R................ 7 tests [0;32mOK [0m
test_complex.R................ 8 tests [0;32mOK [0m
test_complex.R................ 9 tests [0;32mOK [0m
test_complex.R................ 10 tests [0;32mOK [0m
test_complex.R................ 11 tests [0;32mOK [0m [0;34m27.8s [0m
test_cube.R................... 0 tests
test_cube.R................... 0 tests
test_cube.R................... 0 tests
test_cube.R................... 0 tests
test_cube.R................... 0 tests
test_cube.R................... 0 tests
test_cube.R................... 0 tests
test_cube.R................... 1 tests [0;32mOK [0m
test_cube.R................... 2 tests [0;32mOK [0m
test_cube.R................... 3 tests [0;32mOK [0m
test_cube.R................... 4 tests [0;32mOK [0m
test_cube.R................... 5 tests [0;32mOK [0m
test_cube.R................... 6 tests [0;32mOK [0m
test_cube.R................... 6 tests [0;32mOK [0m
test_cube.R................... 6 tests [0;32mOK [0m
test_cube.R................... 6 tests [0;32mOK [0m
test_cube.R................... 7 tests [0;32mOK [0m
test_cube.R................... 8 tests [0;32mOK [0m
test_cube.R................... 9 tests [0;32mOK [0m
test_cube.R................... 10 tests [0;32mOK [0m
test_cube.R................... 11 tests [0;32mOK [0m
test_cube.R................... 12 tests [0;32mOK [0m
test_cube.R................... 12 tests [0;32mOK [0m
test_cube.R................... 12 tests [0;32mOK [0m
test_cube.R................... 12 tests [0;32mOK [0m
test_cube.R................... 13 tests [0;32mOK [0m
test_cube.R................... 14 tests [0;32mOK [0m
test_cube.R................... 15 tests [0;32mOK [0m
test_cube.R................... 16 tests [0;32mOK [0m
test_cube.R................... 17 tests [0;32mOK [0m
test_cube.R................... 18 tests [0;32mOK [0m [0;34m25.4s [0m
test_fastLm.R................. 0 tests
test_fastLm.R................. 0 tests
test_fastLm.R................. 0 tests
test_fastLm.R................. 0 tests
test_fastLm.R................. 0 tests
test_fastLm.R................. 1 tests [0;32mOK [0m
test_fastLm.R................. 2 tests [0;32mOK [0m
test_fastLm.R................. 3 tests [0;32mOK [0m
test_fastLm.R................. 3 tests [0;32mOK [0m
test_fastLm.R................. 3 tests [0;32mOK [0m
test_fastLm.R................. 3 tests [0;32mOK [0m
test_fastLm.R................. 4 tests [0;32mOK [0m
test_fastLm.R................. 5 tests [0;32mOK [0m
test_fastLm.R................. 6 tests [0;32mOK [0m
test_fastLm.R................. 7 tests [0;32mOK [0m
test_fastLm.R................. 8 tests [0;32mOK [0m
test_fastLm.R................. 8 tests [0;32mOK [0m
test_fastLm.R................. 8 tests [0;32mOK [0m
test_fastLm.R................. 8 tests [0;32mOK [0m
test_fastLm.R................. 9 tests [0;32mOK [0m
test_fastLm.R................. 10 tests [0;32mOK [0m
test_fastLm.R................. 11 tests [0;32mOK [0m
test_fastLm.R................. 12 tests [0;32mOK [0m
test_fastLm.R................. 12 tests [0;32mOK [0m
test_fastLm.R................. 12 tests [0;32mOK [0m
test_fastLm.R................. 13 tests [0;32mOK [0m
test_fastLm.R................. 14 tests [0;32mOK [0m
test_fastLm.R................. 15 tests [0;32mOK [0m
test_fastLm.R................. 16 tests [0;32mOK [0m
test_fastLm.R................. 16 tests [0;32mOK [0m
test_fastLm.R................. 16 tests [0;32mOK [0m
test_fastLm.R................. 17 tests [0;32mOK [0m
test_fastLm.R................. 18 tests [0;32mOK [0m
test_fastLm.R................. 19 tests [0;32mOK [0m
test_fastLm.R................. 20 tests [0;32mOK [0m
test_fastLm.R................. 20 tests [0;32mOK [0m
test_fastLm.R................. 20 tests [0;32mOK [0m
test_fastLm.R................. 20 tests [0;32mOK [0m
test_fastLm.R................. 21 tests [0;32mOK [0m
test_fastLm.R................. 22 tests [0;32mOK [0m
test_fastLm.R................. 23 tests [0;32mOK [0m
test_fastLm.R................. 24 tests [0;32mOK [0m
test_fastLm.R................. 25 tests [0;32mOK [0m
test_fastLm.R................. 26 tests [0;32mOK [0m
test_fastLm.R................. 27 tests [0;32mOK [0m
test_fastLm.R................. 27 tests [0;32mOK [0m
test_fastLm.R................. 28 tests [0;32mOK [0m
test_fastLm.R................. 29 tests [0;32mOK [0m
test_fastLm.R................. 29 tests [0;32mOK [0m
test_fastLm.R................. 30 tests [0;32mOK [0m [0;34m0.1s [0m
test_fields.R................. 0 tests
test_fields.R................. 0 tests
test_fields.R................. 0 tests
test_fields.R................. 0 tests
test_fields.R................. 1 tests [0;32mOK [0m
test_fields.R................. 2 tests [0;32mOK [0m
test_fields.R................. 2 tests [0;32mOK [0m
test_fields.R................. 3 tests [0;32mOK [0m
test_fields.R................. 3 tests [0;32mOK [0m
test_fields.R................. 4 tests [0;32mOK [0m
test_fields.R................. 5 tests [0;32mOK [0m
test_fields.R................. 5 tests [0;32mOK [0m
test_fields.R................. 6 tests [0;32mOK [0m
test_fields.R................. 6 tests [0;32mOK [0m
test_fields.R................. 7 tests [0;32mOK [0m
test_fields.R................. 8 tests [0;32mOK [0m
test_fields.R................. 8 tests [0;32mOK [0m
test_fields.R................. 9 tests [0;32mOK [0m
test_fields.R................. 10 tests [0;32mOK [0m
test_fields.R................. 10 tests [0;32mOK [0m
test_fields.R................. 11 tests [0;32mOK [0m
test_fields.R................. 12 tests [0;32mOK [0m
test_fields.R................. 12 tests [0;32mOK [0m
test_fields.R................. 13 tests [0;32mOK [0m
test_fields.R................. 14 tests [0;32mOK [0m
test_fields.R................. 14 tests [0;32mOK [0m
test_fields.R................. 15 tests [0;32mOK [0m
test_fields.R................. 16 tests [0;32mOK [0m
test_fields.R................. 16 tests [0;32mOK [0m
test_fields.R................. 17 tests [0;32mOK [0m
test_fields.R................. 18 tests [0;32mOK [0m
test_fields.R................. 18 tests [0;32mOK [0m
test_fields.R................. 18 tests [0;32mOK [0m
test_fields.R................. 19 tests [0;32mOK [0m
test_fields.R................. 19 tests [0;32mOK [0m
test_fields.R................. 20 tests [0;32mOK [0m
test_fields.R................. 20 tests [0;32mOK [0m
test_fields.R................. 21 tests [0;32mOK [0m
test_fields.R................. 21 tests [0;32mOK [0m
test_fields.R................. 22 tests [0;32mOK [0m
test_fields.R................. 22 tests [0;32mOK [0m
test_fields.R................. 23 tests [0;32mOK [0m [0;34m23.5s [0m
test_fields_new.R............. 0 tests
test_fields_new.R............. 0 tests
test_fields_new.R............. 0 tests
test_fields_new.R............. 0 tests
test_fields_new.R............. 1 tests [0;32mOK [0m
test_fields_new.R............. 2 tests [0;32mOK [0m
test_fields_new.R............. 3 tests [0;32mOK [0m
test_fields_new.R............. 4 tests [0;32mOK [0m
test_fields_new.R............. 4 tests [0;32mOK [0m
test_fields_new.R............. 5 tests [0;32mOK [0m
test_fields_new.R............. 6 tests [0;32mOK [0m
test_fields_new.R............. 7 tests [0;32mOK [0m
test_fields_new.R............. 8 tests [0;32mOK [0m
test_fields_new.R............. 8 tests [0;32mOK [0m
test_fields_new.R............. 9 tests [0;32mOK [0m
test_fields_new.R............. 10 tests [0;32mOK [0m
test_fields_new.R............. 11 tests [0;32mOK [0m
test_fields_new.R............. 12 tests [0;32mOK [0m
test_fields_new.R............. 13 tests [0;32mOK [0m
test_fields_new.R............. 13 tests [0;32mOK [0m
test_fields_new.R............. 14 tests [0;32mOK [0m
test_fields_new.R............. 15 tests [0;32mOK [0m
test_fields_new.R............. 16 tests [0;32mOK [0m
test_fields_new.R............. 17 tests [0;32mOK [0m
test_fields_new.R............. 18 tests [0;32mOK [0m
test_fields_new.R............. 18 tests [0;32mOK [0m
test_fields_new.R............. 19 tests [0;32mOK [0m
test_fields_new.R............. 20 tests [0;32mOK [0m
test_fields_new.R............. 21 tests [0;32mOK [0m
test_fields_new.R............. 22 tests [0;32mOK [0m
test_fields_new.R............. 23 tests [0;32mOK [0m
test_fields_new.R............. 23 tests [0;32mOK [0m
test_fields_new.R............. 24 tests [0;32mOK [0m
test_fields_new.R............. 25 tests [0;32mOK [0m
test_fields_new.R............. 26 tests [0;32mOK [0m
test_fields_new.R............. 27 tests [0;32mOK [0m
test_fields_new.R............. 28 tests [0;32mOK [0m
test_fields_new.R............. 29 tests [0;32mOK [0m
test_fields_new.R............. 29 tests [0;32mOK [0m
test_fields_new.R............. 30 tests [0;32mOK [0m
test_fields_new.R............. 30 tests [0;32mOK [0m
test_fields_new.R............. 31 tests [0;32mOK [0m
test_fields_new.R............. 31 tests [0;32mOK [0m
test_fields_new.R............. 32 tests [0;32mOK [0m
test_fields_new.R............. 32 tests [0;32mOK [0m
test_fields_new.R............. 33 tests [0;32mOK [0m
test_fields_new.R............. 33 tests [0;32mOK [0m
test_fields_new.R............. 34 tests [0;32mOK [0m
test_fields_new.R............. 34 tests [0;32mOK [0m
test_fields_new.R............. 35 tests [0;32mOK [0m [0;34m23.1s [0m
test_misc.R................... 0 tests
test_misc.R................... 0 tests
test_misc.R................... 1 tests [0;32mOK [0m
test_misc.R................... 2 tests [0;32mOK [0m
test_misc.R................... 2 tests [0;32mOK [0m
test_misc.R................... 3 tests [0;32mOK [0m
test_misc.R................... 4 tests [0;32mOK [0m
test_misc.R................... 5 tests [0;32mOK [0m
test_misc.R................... 5 tests [0;32mOK [0m
test_misc.R................... 5 tests [0;32mOK [0m
test_misc.R................... 6 tests [0;32mOK [0m
test_misc.R................... 7 tests [0;32mOK [0m
test_misc.R................... 8 tests [0;32mOK [0m
test_misc.R................... 9 tests [0;32mOK [0m
test_misc.R................... 10 tests [0;32mOK [0m
test_misc.R................... 11 tests [0;32mOK [0m [0;36m24ms [0m
test_rcpparmadillo.R.......... 0 tests
test_rcpparmadillo.R.......... 0 tests
test_rcpparmadillo.R.......... 0 tests
test_rcpparmadillo.R.......... 0 tests
test_rcpparmadillo.R.......... 1 tests [0;32mOK [0m
test_rcpparmadillo.R.......... 2 tests [0;32mOK [0m
test_rcpparmadillo.R.......... 3 tests [0;32mOK [0m
test_rcpparmadillo.R.......... 4 tests [0;32mOK [0m
test_rcpparmadillo.R.......... 5 tests [0;32mOK [0m
test_rcpparmadillo.R.......... 6 tests [0;32mOK [0m
test_rcpparmadillo.R.......... 7 tests [0;32mOK [0m
test_rcpparmadillo.R.......... 8 tests [0;32mOK [0m
test_rcpparmadillo.R.......... 8 tests [0;32mOK [0m
test_rcpparmadillo.R.......... 8 tests [0;32mOK [0m
test_rcpparmadillo.R.......... 8 tests [0;32mOK [0m
test_rcpparmadillo.R.......... 9 tests [0;32mOK [0m
test_rcpparmadillo.R.......... 9 tests [0;32mOK [0m
test_rcpparmadillo.R.......... 9 tests [0;32mOK [0m
test_rcpparmadillo.R.......... 10 tests [0;32mOK [0m
test_rcpparmadillo.R.......... 10 tests [0;32mOK [0m
test_rcpparmadillo.R.......... 10 tests [0;32mOK [0m
test_rcpparmadillo.R.......... 10 tests [0;32mOK [0m
test_rcpparmadillo.R.......... 10 tests [0;32mOK [0m
test_rcpparmadillo.R.......... 11 tests [0;32mOK [0m
test_rcpparmadillo.R.......... 11 tests [0;32mOK [0m
test_rcpparmadillo.R.......... 11 tests [0;32mOK [0m
test_rcpparmadillo.R.......... 12 tests [0;32mOK [0m
test_rcpparmadillo.R.......... 12 tests [0;32mOK [0m
test_rcpparmadillo.R.......... 12 tests [0;32mOK [0m
test_rcpparmadillo.R.......... 13 tests [0;32mOK [0m
test_rcpparmadillo.R.......... 13 tests [0;32mOK [0m
test_rcpparmadillo.R.......... 14 tests [0;32mOK [0m
test_rcpparmadillo.R.......... 14 tests [0;32mOK [0m
test_rcpparmadillo.R.......... 15 tests [0;32mOK [0m
test_rcpparmadillo.R.......... 15 tests [0;32mOK [0m
test_rcpparmadillo.R.......... 16 tests [0;32mOK [0m
test_rcpparmadillo.R.......... 16 tests [0;32mOK [0m
test_rcpparmadillo.R.......... 17 tests [0;32mOK [0m
test_rcpparmadillo.R.......... 17 tests [0;32mOK [0m
test_rcpparmadillo.R.......... 17 tests [0;32mOK [0m
test_rcpparmadillo.R.......... 18 tests [0;32mOK [0m
test_rcpparmadillo.R.......... 18 tests [0;32mOK [0m
test_rcpparmadillo.R.......... 19 tests [0;32mOK [0m
test_rcpparmadillo.R.......... 19 tests [0;32mOK [0m
test_rcpparmadillo.R.......... 19 tests [0;32mOK [0m
test_rcpparmadillo.R.......... 19 tests [0;32mOK [0m
test_rcpparmadillo.R.......... 20 tests [0;32mOK [0m
test_rcpparmadillo.R.......... 20 tests [0;32mOK [0m
test_rcpparmadillo.R.......... 20 tests [0;32mOK [0m
test_rcpparmadillo.R.......... 21 tests [0;32mOK [0m
test_rcpparmadillo.R.......... 21 tests [0;32mOK [0m
test_rcpparmadillo.R.......... 21 tests [0;32mOK [0m
test_rcpparmadillo.R.......... 22 tests [0;32mOK [0m
test_rcpparmadillo.R.......... 22 tests [0;32mOK [0m
test_rcpparmadillo.R.......... 22 tests [0;32mOK [0m
test_rcpparmadillo.R.......... 23 tests [0;32mOK [0m
test_rcpparmadillo.R.......... 23 tests [0;32mOK [0m
test_rcpparmadillo.R.......... 23 tests [0;32mOK [0m
test_rcpparmadillo.R.......... 24 tests [0;32mOK [0m
test_rcpparmadillo.R.......... 24 tests [0;32mOK [0m
test_rcpparmadillo.R.......... 24 tests [0;32mOK [0m
test_rcpparmadillo.R.......... 25 tests [0;32mOK [0m
test_rcpparmadillo.R.......... 25 tests [0;32mOK [0m
test_rcpparmadillo.R.......... 25 tests [0;32mOK [0m
test_rcpparmadillo.R.......... 26 tests [0;32mOK [0m
test_rcpparmadillo.R.......... 26 tests [0;32mOK [0m
test_rcpparmadillo.R.......... 26 tests [0;32mOK [0m
test_rcpparmadillo.R.......... 27 tests [0;32mOK [0m
test_rcpparmadillo.R.......... 27 tests [0;32mOK [0m
test_rcpparmadillo.R.......... 27 tests [0;32mOK [0m
test_rcpparmadillo.R.......... 28 tests [0;32mOK [0m
test_rcpparmadillo.R.......... 28 tests [0;32mOK [0m
test_rcpparmadillo.R.......... 28 tests [0;32mOK [0m
test_rcpparmadillo.R.......... 29 tests [0;32mOK [0m
test_rcpparmadillo.R.......... 29 tests [0;32mOK [0m
test_rcpparmadillo.R.......... 29 tests [0;32mOK [0m
test_rcpparmadillo.R.......... 30 tests [0;32mOK [0m
test_rcpparmadillo.R.......... 30 tests [0;32mOK [0m
test_rcpparmadillo.R.......... 30 tests [0;32mOK [0m
test_rcpparmadillo.R.......... 31 tests [0;32mOK [0m
test_rcpparmadillo.R.......... 31 tests [0;32mOK [0m
test_rcpparmadillo.R.......... 31 tests [0;32mOK [0m
test_rcpparmadillo.R.......... 32 tests [0;32mOK [0m
test_rcpparmadillo.R.......... 32 tests [0;32mOK [0m
test_rcpparmadillo.R.......... 32 tests [0;32mOK [0m
test_rcpparmadillo.R.......... 33 tests [0;32mOK [0m
test_rcpparmadillo.R.......... 34 tests [0;32mOK [0m
test_rcpparmadillo.R.......... 35 tests [0;32mOK [0m
test_rcpparmadillo.R.......... 36 tests [0;32mOK [0m
test_rcpparmadillo.R.......... 36 tests [0;32mOK [0m
test_rcpparmadillo.R.......... 37 tests [0;32mOK [0m
test_rcpparmadillo.R.......... 38 tests [0;32mOK [0m
test_rcpparmadillo.R.......... 39 tests [0;32mOK [0m
test_rcpparmadillo.R.......... 40 tests [0;32mOK [0m
test_rcpparmadillo.R.......... 40 tests [0;32mOK [0m
test_rcpparmadillo.R.......... 40 tests [0;32mOK [0m
test_rcpparmadillo.R.......... 40 tests [0;32mOK [0m
test_rcpparmadillo.R.......... 40 tests [0;32mOK [0m
test_rcpparmadillo.R.......... 41 tests [0;32mOK [0m
test_rcpparmadillo.R.......... 42 tests [0;32mOK [0m
test_rcpparmadillo.R.......... 43 tests [0;32mOK [0m
test_rcpparmadillo.R.......... 44 tests [0;32mOK [0m
test_rcpparmadillo.R.......... 45 tests [0;32mOK [0m
test_rcpparmadillo.R.......... 46 tests [0;32mOK [0m [0;34m1.2s [0m
test_rmultinom.R.............. 0 tests
test_rmultinom.R.............. 0 tests
test_rmultinom.R.............. 0 tests
test_rmultinom.R.............. 0 tests
test_rmultinom.R.............. 0 tests
test_rmultinom.R.............. 0 tests
test_rmultinom.R.............. 0 tests
test_rmultinom.R.............. 4 tests [0;32mOK [0m
test_rmultinom.R.............. 9 tests [0;32mOK [0m [0;34m23.0s [0m
test_rng.R.................... 0 tests
test_rng.R.................... 0 tests
test_rng.R.................... 0 tests
test_rng.R.................... 0 tests
test_rng.R.................... 0 tests
test_rng.R.................... 0 tests
test_rng.R.................... 1 tests [0;32mOK [0m
test_rng.R.................... 1 tests [0;32mOK [0m
test_rng.R.................... 1 tests [0;32mOK [0m
test_rng.R.................... 1 tests [0;32mOK [0m
test_rng.R.................... 1 tests [0;32mOK [0m
test_rng.R.................... 2 tests [0;32mOK [0m
test_rng.R.................... 2 tests [0;32mOK [0m
test_rng.R.................... 2 tests [0;32mOK [0m
test_rng.R.................... 2 tests [0;32mOK [0m
test_rng.R.................... 2 tests [0;32mOK [0m
test_rng.R.................... 3 tests [0;32mOK [0m
test_rng.R.................... 3 tests [0;32mOK [0m
test_rng.R.................... 3 tests [0;32mOK [0m
test_rng.R.................... 4 tests [0;32mOK [0m
test_rng.R.................... 5 tests [0;32mOK [0m
test_rng.R.................... 5 tests [0;32mOK [0m
test_rng.R.................... 5 tests [0;32mOK [0m
test_rng.R.................... 6 tests [0;32mOK [0m
test_rng.R.................... 7 tests [0;32mOK [0m
test_rng.R.................... 7 tests [0;32mOK [0m
test_rng.R.................... 7 tests [0;32mOK [0m
test_rng.R.................... 8 tests [0;32mOK [0m
test_rng.R.................... 9 tests [0;32mOK [0m
test_rng.R.................... 10 tests [0;32mOK [0m [0;34m23.4s [0m
test_sample.R................. 0 tests
test_sample.R................. 0 tests
test_sample.R................. 0 tests
test_sample.R................. 0 tests
test_sample.R................. 0 tests
test_sample.R................. 0 tests
test_sample.R................. 0 tests
test_sample.R................. 0 tests
test_sample.R................. 0 tests
test_sample.R................. 0 tests
test_sample.R................. 0 tests
test_sample.R................. 0 tests
test_sample.R................. 0 tests
test_sample.R................. 0 tests
test_sample.R................. 0 tests
test_sample.R................. 20 tests [0;32mOK [0m
test_sample.R................. 20 tests [0;32mOK [0m
test_sample.R................. 20 tests [0;32mOK [0m
test_sample.R................. 20 tests [0;32mOK [0m
test_sample.R................. 20 tests [0;32mOK [0m
test_sample.R................. 20 tests [0;32mOK [0m
test_sample.R................. 20 tests [0;32mOK [0m
test_sample.R................. 20 tests [0;32mOK [0m
test_sample.R................. 21 tests [0;32mOK [0m [0;34m27.7s [0m
test_scipy2r.R................ 0 tests
test_scipy2r.R................ 0 tests
test_scipy2r.R................ 0 tests
test_scipy2r.R................ 0 tests
test_scipy2r.R................ 0 tests
test_scipy2r.R................ 0 tests
test_scipy2r.R................ 0 tests
test_scipy2r.R................ 0 tests
test_scipy2r.R................ 0 tests
test_scipy2r.R................ 0 tests
test_scipy2r.R................ 0 tests
test_scipy2r.R................ 0 tests
test_scipy2r.R................ 0 tests
test_scipy2r.R................ 0 tests
test_scipy2r.R................ 0 tests
test_scipy2r.R................ 0 tests
test_scipy2r.R................ 1 tests [0;32mOK [0m
test_scipy2r.R................ 1 tests [0;32mOK [0m
test_scipy2r.R................ 1 tests [0;32mOK [0m
test_scipy2r.R................ 2 tests [0;32mOK [0m
test_scipy2r.R................ 2 tests [0;32mOK [0m
test_scipy2r.R................ 2 tests [0;32mOK [0m
test_scipy2r.R................ 3 tests [0;32mOK [0m
test_scipy2r.R................ 4 tests [0;31m1 fails [0m [0;34m4.4s [0m
test_sparse.R................. 0 tests
test_sparse.R................. 0 tests
test_sparse.R................. 0 tests
test_sparse.R................. 0 tests
test_sparse.R................. 0 tests
test_sparse.R................. 0 tests
test_sparse.R................. 0 tests
test_sparse.R................. 0 tests
test_sparse.R................. 0 tests
test_sparse.R................. 1 tests [0;32mOK [0m
test_sparse.R................. 2 tests [0;32mOK [0m
test_sparse.R................. 2 tests [0;32mOK [0m
test_sparse.R................. 3 tests [0;32mOK [0m
test_sparse.R................. 3 tests [0;32mOK [0m
test_sparse.R................. 3 tests [0;32mOK [0m
test_sparse.R................. 3 tests [0;32mOK [0m
test_sparse.R................. 3 tests [0;32mOK [0m
test_sparse.R................. 3 tests [0;32mOK [0m
test_sparse.R................. 4 tests [0;32mOK [0m
test_sparse.R................. 5 tests [0;32mOK [0m
test_sparse.R................. 6 tests [0;32mOK [0m
test_sparse.R................. 7 tests [0;32mOK [0m
test_sparse.R................. 7 tests [0;32mOK [0m
test_sparse.R................. 7 tests [0;32mOK [0m
test_sparse.R................. 7 tests [0;32mOK [0m
test_sparse.R................. 7 tests [0;32mOK [0m
test_sparse.R................. 7 tests [0;32mOK [0m
test_sparse.R................. 7 tests [0;32mOK [0m
test_sparse.R................. 8 tests [0;32mOK [0m
test_sparse.R................. 8 tests [0;32mOK [0m
test_sparse.R................. 8 tests [0;32mOK [0m
test_sparse.R................. 8 tests [0;32mOK [0m
test_sparse.R................. 8 tests [0;32mOK [0m
test_sparse.R................. 9 tests [0;32mOK [0m
test_sparse.R................. 9 tests [0;32mOK [0m
test_sparse.R................. 9 tests [0;32mOK [0m
test_sparse.R................. 10 tests [0;32mOK [0m
test_sparse.R................. 10 tests [0;32mOK [0m
test_sparse.R................. 10 tests [0;32mOK [0m
test_sparse.R................. 11 tests [0;32mOK [0m
test_sparse.R................. 11 tests [0;32mOK [0m
test_sparse.R................. 11 tests [0;32mOK [0m
test_sparse.R................. 12 tests [0;32mOK [0m [0;34m35.6s [0m
test_sparseConversion.R....... 0 tests
test_sparseConversion.R....... 0 tests
test_sparseConversion.R....... 0 tests
test_sparseConversion.R....... 0 tests
test_sparseConversion.R....... 0 tests
test_sparseConversion.R....... 0 tests
test_sparseConversion.R....... 0 tests
test_sparseConversion.R....... 0 tests
test_sparseConversion.R....... 0 tests
test_sparseConversion.R....... 0 tests
test_sparseConversion.R....... 1 tests [0;32mOK [0m
test_sparseConversion.R....... 1 tests [0;32mOK [0m
test_sparseConversion.R....... 2 tests [0;32mOK [0m
test_sparseConversion.R....... 2 tests [0;32mOK [0m
test_sparseConversion.R....... 2 tests [0;32mOK [0m
test_sparseConversion.R....... 2 tests [0;32mOK [0m
test_sparseConversion.R....... 2 tests [0;32mOK [0m
test_sparseConversion.R....... 2 tests [0;32mOK [0m
test_sparseConversion.R....... 3 tests [0;32mOK [0m
test_sparseConversion.R....... 3 tests [0;32mOK [0m
test_sparseConversion.R....... 3 tests [0;32mOK [0m
test_sparseConversion.R....... 4 tests [0;32mOK [0m
test_sparseConversion.R....... 4 tests [0;32mOK [0m
test_sparseConversion.R....... 4 tests [0;32mOK [0m
test_sparseConversion.R....... 4 tests [0;32mOK [0m
test_sparseConversion.R....... 5 tests [0;32mOK [0m
test_sparseConversion.R....... 5 tests [0;32mOK [0m
test_sparseConversion.R....... 5 tests [0;32mOK [0m
test_sparseConversion.R....... 5 tests [0;32mOK [0m
test_sparseConversion.R....... 5 tests [0;32mOK [0m
test_sparseConversion.R....... 6 tests [0;32mOK [0m
test_sparseConversion.R....... 6 tests [0;32mOK [0m
test_sparseConversion.R....... 6 tests [0;32mOK [0m
test_sparseConversion.R....... 7 tests [0;32mOK [0m
test_sparseConversion.R....... 7 tests [0;32mOK [0m
test_sparseConversion.R....... 7 tests [0;32mOK [0m
test_sparseConversion.R....... 8 tests [0;32mOK [0m
test_sparseConversion.R....... 8 tests [0;32mOK [0m
test_sparseConversion.R....... 9 tests [0;32mOK [0m
test_sparseConversion.R....... 9 tests [0;32mOK [0m
test_sparseConversion.R....... 9 tests [0;32mOK [0m
test_sparseConversion.R....... 9 tests [0;32mOK [0m
test_sparseConversion.R....... 9 tests [0;32mOK [0m
test_sparseConversion.R....... 9 tests [0;32mOK [0m
test_sparseConversion.R....... 10 tests [0;32mOK [0m
test_sparseConversion.R....... 10 tests [0;32mOK [0m
test_sparseConversion.R....... 10 tests [0;32mOK [0m
test_sparseConversion.R....... 10 tests [0;32mOK [0m
test_sparseConversion.R....... 10 tests [0;32mOK [0m
test_sparseConversion.R....... 10 tests [0;32mOK [0m
test_sparseConversion.R....... 11 tests [0;32mOK [0m
test_sparseConversion.R....... 11 tests [0;32mOK [0m
test_sparseConversion.R....... 12 tests [0;32mOK [0m
test_sparseConversion.R....... 12 tests [0;32mOK [0m
test_sparseConversion.R....... 12 tests [0;32mOK [0m
test_sparseConversion.R....... 12 tests [0;32mOK [0m
test_sparseConversion.R....... 12 tests [0;32mOK [0m
test_sparseConversion.R....... 13 tests [0;32mOK [0m
test_sparseConversion.R....... 13 tests [0;32mOK [0m
test_sparseConversion.R....... 14 tests [0;32mOK [0m
test_sparseConversion.R....... 14 tests [0;32mOK [0m
test_sparseConversion.R....... 14 tests [0;32mOK [0m
test_sparseConversion.R....... 15 tests [0;32mOK [0m
test_sparseConversion.R....... 15 tests [0;32mOK [0m
test_sparseConversion.R....... 15 tests [0;32mOK [0m
test_sparseConversion.R....... 16 tests [0;32mOK [0m
test_sparseConversion.R....... 16 tests [0;32mOK [0m
test_sparseConversion.R....... 16 tests [0;32mOK [0m
test_sparseConversion.R....... 16 tests [0;32mOK [0m
test_sparseConversion.R....... 16 tests [0;32mOK [0m
test_sparseConversion.R....... 16 tests [0;32mOK [0m
test_sparseConversion.R....... 17 tests [0;32mOK [0m
test_sparseConversion.R....... 17 tests [0;32mOK [0m
test_sparseConversion.R....... 17 tests [0;32mOK [0m
test_sparseConversion.R....... 18 tests [0;32mOK [0m
test_sparseConversion.R....... 18 tests [0;32mOK [0m
test_sparseConversion.R....... 18 tests [0;32mOK [0m
test_sparseConversion.R....... 18 tests [0;32mOK [0m
test_sparseConversion.R....... 18 tests [0;32mOK [0m
test_sparseConversion.R....... 18 tests [0;32mOK [0m
test_sparseConversion.R....... 19 tests [0;32mOK [0m
test_sparseConversion.R....... 19 tests [0;32mOK [0m
test_sparseConversion.R....... 19 tests [0;32mOK [0m
test_sparseConversion.R....... 20 tests [0;32mOK [0m
test_sparseConversion.R....... 20 tests [0;32mOK [0m
test_sparseConversion.R....... 20 tests [0;32mOK [0m
test_sparseConversion.R....... 21 tests [0;32mOK [0m
test_sparseConversion.R....... 21 tests [0;32mOK [0m
test_sparseConversion.R....... 21 tests [0;32mOK [0m
test_sparseConversion.R....... 22 tests [0;32mOK [0m
test_sparseConversion.R....... 22 tests [0;32mOK [0m
test_sparseConversion.R....... 22 tests [0;32mOK [0m
test_sparseConversion.R....... 22 tests [0;32mOK [0m
test_sparseConversion.R....... 22 tests [0;32mOK [0m
test_sparseConversion.R....... 23 tests [0;32mOK [0m
test_sparseConversion.R....... 23 tests [0;32mOK [0m
test_sparseConversion.R....... 24 tests [0;32mOK [0m
test_sparseConversion.R....... 24 tests [0;32mOK [0m
test_sparseConversion.R....... 24 tests [0;32mOK [0m
test_sparseConversion.R....... 25 tests [0;32mOK [0m
test_sparseConversion.R....... 25 tests [0;32mOK [0m
test_sparseConversion.R....... 25 tests [0;32mOK [0m
test_sparseConversion.R....... 25 tests [0;32mOK [0m
test_sparseConversion.R....... 25 tests [0;32mOK [0m
test_sparseConversion.R....... 25 tests [0;32mOK [0m
test_sparseConversion.R....... 26 tests [0;32mOK [0m
test_sparseConversion.R....... 26 tests [0;32mOK [0m
test_sparseConversion.R....... 26 tests [0;32mOK [0m
test_sparseConversion.R....... 26 tests [0;32mOK [0m
test_sparseConversion.R....... 26 tests [0;32mOK [0m
test_sparseConversion.R....... 27 tests [0;32mOK [0m
test_sparseConversion.R....... 27 tests [0;32mOK [0m
test_sparseConversion.R....... 27 tests [0;32mOK [0m
test_sparseConversion.R....... 28 tests [0;32mOK [0m
test_sparseConversion.R....... 28 tests [0;32mOK [0m
test_sparseConversion.R....... 28 tests [0;32mOK [0m
test_sparseConversion.R....... 28 tests [0;32mOK [0m
test_sparseConversion.R....... 29 tests [0;32mOK [0m
test_sparseConversion.R....... 29 tests [0;32mOK [0m
test_sparseConversion.R....... 29 tests [0;32mOK [0m
test_sparseConversion.R....... 30 tests [0;32mOK [0m
test_sparseConversion.R....... 31 tests [0;32mOK [0m
test_sparseConversion.R....... 31 tests [0;32mOK [0m
test_sparseConversion.R....... 31 tests [0;32mOK [0m
test_sparseConversion.R....... 31 tests [0;32mOK [0m
test_sparseConversion.R....... 32 tests [0;32mOK [0m
test_sparseConversion.R....... 32 tests [0;32mOK [0m
test_sparseConversion.R....... 32 tests [0;32mOK [0m
test_sparseConversion.R....... 33 tests [0;32mOK [0m
test_sparseConversion.R....... 34 tests [0;32mOK [0m
test_sparseConversion.R....... 34 tests [0;32mOK [0m
test_sparseConversion.R....... 34 tests [0;32mOK [0m
test_sparseConversion.R....... 35 tests [0;32mOK [0m
test_sparseConversion.R....... 35 tests [0;32mOK [0m
test_sparseConversion.R....... 35 tests [0;32mOK [0m
test_sparseConversion.R....... 35 tests [0;32mOK [0m
test_sparseConversion.R....... 35 tests [0;32mOK [0m
test_sparseConversion.R....... 35 tests [0;32mOK [0m
test_sparseConversion.R....... 35 tests [0;32mOK [0m
test_sparseConversion.R....... 36 tests [0;32mOK [0m
test_sparseConversion.R....... 36 tests [0;32mOK [0m
test_sparseConversion.R....... 36 tests [0;32mOK [0m
test_sparseConversion.R....... 36 tests [0;32mOK [0m
test_sparseConversion.R....... 36 tests [0;32mOK [0m
test_sparseConversion.R....... 36 tests [0;32mOK [0m
test_sparseConversion.R....... 36 tests [0;32mOK [0m
test_sparseConversion.R....... 37 tests [0;32mOK [0m
test_sparseConversion.R....... 37 tests [0;32mOK [0m
test_sparseConversion.R....... 37 tests [0;32mOK [0m
test_sparseConversion.R....... 37 tests [0;32mOK [0m
test_sparseConversion.R....... 37 tests [0;32mOK [0m
test_sparseConversion.R....... 37 tests [0;32mOK [0m
test_sparseConversion.R....... 37 tests [0;32mOK [0m
test_sparseConversion.R....... 37 tests [0;32mOK [0m
test_sparseConversion.R....... 37 tests [0;32mOK [0m
test_sparseConversion.R....... 38 tests [0;32mOK [0m
test_sparseConversion.R....... 38 tests [0;32mOK [0m
test_sparseConversion.R....... 38 tests [0;32mOK [0m
test_sparseConversion.R....... 38 tests [0;32mOK [0m
test_sparseConversion.R....... 39 tests [0;32mOK [0m
test_sparseConversion.R....... 39 tests [0;32mOK [0m
test_sparseConversion.R....... 39 tests [0;32mOK [0m
test_sparseConversion.R....... 39 tests [0;32mOK [0m
test_sparseConversion.R....... 40 tests [0;32mOK [0m
test_sparseConversion.R....... 40 tests [0;32mOK [0m
test_sparseConversion.R....... 40 tests [0;32mOK [0m
test_sparseConversion.R....... 40 tests [0;32mOK [0m
test_sparseConversion.R....... 41 tests [0;32mOK [0m
test_sparseConversion.R....... 41 tests [0;32mOK [0m
test_sparseConversion.R....... 41 tests [0;32mOK [0m
test_sparseConversion.R....... 42 tests [0;32mOK [0m
test_sparseConversion.R....... 42 tests [0;32mOK [0m
test_sparseConversion.R....... 42 tests [0;32mOK [0m
test_sparseConversion.R....... 43 tests [0;32mOK [0m
test_sparseConversion.R....... 43 tests [0;32mOK [0m
test_sparseConversion.R....... 43 tests [0;32mOK [0m
test_sparseConversion.R....... 43 tests [0;32mOK [0m
test_sparseConversion.R....... 43 tests [0;32mOK [0m
test_sparseConversion.R....... 43 tests [0;32mOK [0m
test_sparseConversion.R....... 44 tests [0;32mOK [0m
test_sparseConversion.R....... 44 tests [0;32mOK [0m
test_sparseConversion.R....... 44 tests [0;32mOK [0m
test_sparseConversion.R....... 44 tests [0;32mOK [0m
test_sparseConversion.R....... 44 tests [0;32mOK [0m
test_sparseConversion.R....... 44 tests [0;32mOK [0m
test_sparseConversion.R....... 45 tests [0;32mOK [0m
test_sparseConversion.R....... 45 tests [0;32mOK [0m
test_sparseConversion.R....... 45 tests [0;32mOK [0m
test_sparseConversion.R....... 45 tests [0;32mOK [0m
test_sparseConversion.R....... 45 tests [0;32mOK [0m
test_sparseConversion.R....... 45 tests [0;32mOK [0m
test_sparseConversion.R....... 45 tests [0;32mOK [0m
test_sparseConversion.R....... 46 tests [0;32mOK [0m
test_sparseConversion.R....... 46 tests [0;32mOK [0m
test_sparseConversion.R....... 46 tests [0;32mOK [0m
test_sparseConversion.R....... 46 tests [0;32mOK [0m
test_sparseConversion.R....... 46 tests [0;32mOK [0m
test_sparseConversion.R....... 46 tests [0;32mOK [0m
test_sparseConversion.R....... 47 tests [0;32mOK [0m
test_sparseConversion.R....... 47 tests [0;32mOK [0m
test_sparseConversion.R....... 47 tests [0;32mOK [0m
test_sparseConversion.R....... 47 tests [0;32mOK [0m
test_sparseConversion.R....... 47 tests [0;32mOK [0m
test_sparseConversion.R....... 47 tests [0;32mOK [0m
test_sparseConversion.R....... 48 tests [0;32mOK [0m
test_sparseConversion.R....... 48 tests [0;32mOK [0m
test_sparseConversion.R....... 48 tests [0;32mOK [0m
test_sparseConversion.R....... 48 tests [0;32mOK [0m
test_sparseConversion.R....... 48 tests [0;32mOK [0m
test_sparseConversion.R....... 49 tests [0;32mOK [0m
test_sparseConversion.R....... 49 tests [0;32mOK [0m
test_sparseConversion.R....... 49 tests [0;32mOK [0m
test_sparseConversion.R....... 50 tests [0;32mOK [0m
test_sparseConversion.R....... 50 tests [0;32mOK [0m
test_sparseConversion.R....... 50 tests [0;32mOK [0m
test_sparseConversion.R....... 50 tests [0;32mOK [0m
test_sparseConversion.R....... 50 tests [0;32mOK [0m
test_sparseConversion.R....... 50 tests [0;32mOK [0m
test_sparseConversion.R....... 50 tests [0;32mOK [0m
test_sparseConversion.R....... 50 tests [0;32mOK [0m
test_sparseConversion.R....... 51 tests [0;32mOK [0m
test_sparseConversion.R....... 51 tests [0;32mOK [0m
test_sparseConversion.R....... 51 tests [0;32mOK [0m
test_sparseConversion.R....... 51 tests [0;32mOK [0m
test_sparseConversion.R....... 51 tests [0;32mOK [0m
test_sparseConversion.R....... 51 tests [0;32mOK [0m
test_sparseConversion.R....... 51 tests [0;32mOK [0m
test_sparseConversion.R....... 51 tests [0;32mOK [0m
test_sparseConversion.R....... 51 tests [0;32mOK [0m
test_sparseConversion.R....... 51 tests [0;32mOK [0m
test_sparseConversion.R....... 52 tests [0;32mOK [0m
test_sparseConversion.R....... 52 tests [0;32mOK [0m
test_sparseConversion.R....... 52 tests [0;32mOK [0m
test_sparseConversion.R....... 52 tests [0;32mOK [0m
test_sparseConversion.R....... 52 tests [0;32mOK [0m
test_sparseConversion.R....... 52 tests [0;32mOK [0m
test_sparseConversion.R....... 52 tests [0;32mOK [0m
test_sparseConversion.R....... 53 tests [0;32mOK [0m
test_sparseConversion.R....... 53 tests [0;32mOK [0m
test_sparseConversion.R....... 53 tests [0;32mOK [0m
test_sparseConversion.R....... 53 tests [0;32mOK [0m
test_sparseConversion.R....... 54 tests [0;32mOK [0m
test_sparseConversion.R....... 54 tests [0;32mOK [0m
test_sparseConversion.R....... 54 tests [0;32mOK [0m
test_sparseConversion.R....... 54 tests [0;32mOK [0m
test_sparseConversion.R....... 54 tests [0;32mOK [0m
test_sparseConversion.R....... 54 tests [0;32mOK [0m
test_sparseConversion.R....... 55 tests [0;32mOK [0m
test_sparseConversion.R....... 55 tests [0;32mOK [0m
test_sparseConversion.R....... 55 tests [0;32mOK [0m
test_sparseConversion.R....... 55 tests [0;32mOK [0m
test_sparseConversion.R....... 55 tests [0;32mOK [0m
test_sparseConversion.R....... 55 tests [0;32mOK [0m
test_sparseConversion.R....... 56 tests [0;32mOK [0m
test_sparseConversion.R....... 56 tests [0;32mOK [0m
test_sparseConversion.R....... 56 tests [0;32mOK [0m
test_sparseConversion.R....... 56 tests [0;32mOK [0m
test_sparseConversion.R....... 56 tests [0;32mOK [0m
test_sparseConversion.R....... 56 tests [0;32mOK [0m
test_sparseConversion.R....... 57 tests [0;32mOK [0m
test_sparseConversion.R....... 57 tests [0;32mOK [0m
test_sparseConversion.R....... 57 tests [0;32mOK [0m
test_sparseConversion.R....... 57 tests [0;32mOK [0m
test_sparseConversion.R....... 57 tests [0;32mOK [0m
test_sparseConversion.R....... 57 tests [0;32mOK [0m
test_sparseConversion.R....... 57 tests [0;32mOK [0m
test_sparseConversion.R....... 58 tests [0;32mOK [0m
test_sparseConversion.R....... 58 tests [0;32mOK [0m
test_sparseConversion.R....... 58 tests [0;32mOK [0m
test_sparseConversion.R....... 58 tests [0;32mOK [0m
test_sparseConversion.R....... 59 tests [0;32mOK [0m
test_sparseConversion.R....... 59 tests [0;32mOK [0m
test_sparseConversion.R....... 59 tests [0;32mOK [0m
test_sparseConversion.R....... 59 tests [0;32mOK [0m
test_sparseConversion.R....... 59 tests [0;32mOK [0m
test_sparseConversion.R....... 59 tests [0;32mOK [0m
test_sparseConversion.R....... 60 tests [0;32mOK [0m
test_sparseConversion.R....... 60 tests [0;32mOK [0m
test_sparseConversion.R....... 60 tests [0;32mOK [0m
test_sparseConversion.R....... 60 tests [0;32mOK [0m
test_sparseConversion.R....... 60 tests [0;32mOK [0m
test_sparseConversion.R....... 60 tests [0;32mOK [0m
test_sparseConversion.R....... 60 tests [0;32mOK [0m
test_sparseConversion.R....... 61 tests [0;32mOK [0m
test_sparseConversion.R....... 61 tests [0;32mOK [0m
test_sparseConversion.R....... 61 tests [0;32mOK [0m
test_sparseConversion.R....... 61 tests [0;32mOK [0m
test_sparseConversion.R....... 61 tests [0;32mOK [0m
test_sparseConversion.R....... 61 tests [0;32mOK [0m
test_sparseConversion.R....... 61 tests [0;32mOK [0m
test_sparseConversion.R....... 62 tests [0;32mOK [0m
test_sparseConversion.R....... 62 tests [0;32mOK [0m
test_sparseConversion.R....... 62 tests [0;32mOK [0m
test_sparseConversion.R....... 62 tests [0;32mOK [0m
test_sparseConversion.R....... 63 tests [0;32mOK [0m
test_sparseConversion.R....... 63 tests [0;32mOK [0m
test_sparseConversion.R....... 63 tests [0;32mOK [0m
test_sparseConversion.R....... 63 tests [0;32mOK [0m
test_sparseConversion.R....... 63 tests [0;32mOK [0m
test_sparseConversion.R....... 63 tests [0;32mOK [0m
test_sparseConversion.R....... 64 tests [0;32mOK [0m
test_sparseConversion.R....... 64 tests [0;32mOK [0m
test_sparseConversion.R....... 64 tests [0;32mOK [0m
test_sparseConversion.R....... 65 tests [0;32mOK [0m
test_sparseConversion.R....... 65 tests [0;32mOK [0m
test_sparseConversion.R....... 65 tests [0;32mOK [0m
test_sparseConversion.R....... 66 tests [0;32mOK [0m
test_sparseConversion.R....... 66 tests [0;32mOK [0m
test_sparseConversion.R....... 66 tests [0;32mOK [0m
test_sparseConversion.R....... 67 tests [0;32mOK [0m
test_sparseConversion.R....... 67 tests [0;32mOK [0m
test_sparseConversion.R....... 67 tests [0;32mOK [0m
test_sparseConversion.R....... 67 tests [0;32mOK [0m
test_sparseConversion.R....... 68 tests [0;32mOK [0m
test_sparseConversion.R....... 68 tests [0;32mOK [0m
test_sparseConversion.R....... 68 tests [0;32mOK [0m
test_sparseConversion.R....... 68 tests [0;32mOK [0m
test_sparseConversion.R....... 68 tests [0;32mOK [0m
test_sparseConversion.R....... 68 tests [0;32mOK [0m
test_sparseConversion.R....... 69 tests [0;32mOK [0m
test_sparseConversion.R....... 69 tests [0;32mOK [0m
test_sparseConversion.R....... 69 tests [0;32mOK [0m
test_sparseConversion.R....... 70 tests [0;32mOK [0m
test_sparseConversion.R....... 70 tests [0;32mOK [0m
test_sparseConversion.R....... 70 tests [0;32mOK [0m
test_sparseConversion.R....... 70 tests [0;32mOK [0m
test_sparseConversion.R....... 70 tests [0;32mOK [0m
test_sparseConversion.R....... 71 tests [0;32mOK [0m
test_sparseConversion.R....... 71 tests [0;32mOK [0m
test_sparseConversion.R....... 71 tests [0;32mOK [0m
test_sparseConversion.R....... 71 tests [0;32mOK [0m
test_sparseConversion.R....... 71 tests [0;32mOK [0m
test_sparseConversion.R....... 72 tests [0;32mOK [0m
test_sparseConversion.R....... 72 tests [0;32mOK [0m
test_sparseConversion.R....... 72 tests [0;32mOK [0m
test_sparseConversion.R....... 72 tests [0;32mOK [0m
test_sparseConversion.R....... 72 tests [0;32mOK [0m
test_sparseConversion.R....... 72 tests [0;32mOK [0m
test_sparseConversion.R....... 73 tests [0;32mOK [0m
test_sparseConversion.R....... 73 tests [0;32mOK [0m
test_sparseConversion.R....... 73 tests [0;32mOK [0m
test_sparseConversion.R....... 73 tests [0;32mOK [0m
test_sparseConversion.R....... 73 tests [0;32mOK [0m
test_sparseConversion.R....... 73 tests [0;32mOK [0m
test_sparseConversion.R....... 74 tests [0;32mOK [0m
test_sparseConversion.R....... 74 tests [0;32mOK [0m
test_sparseConversion.R....... 74 tests [0;32mOK [0m
test_sparseConversion.R....... 74 tests [0;32mOK [0m
test_sparseConversion.R....... 74 tests [0;32mOK [0m
test_sparseConversion.R....... 74 tests [0;32mOK [0m
test_sparseConversion.R....... 75 tests [0;32mOK [0m
test_sparseConversion.R....... 75 tests [0;32mOK [0m
test_sparseConversion.R....... 75 tests [0;32mOK [0m
test_sparseConversion.R....... 75 tests [0;32mOK [0m
test_sparseConversion.R....... 75 tests [0;32mOK [0m
test_sparseConversion.R....... 75 tests [0;32mOK [0m
test_sparseConversion.R....... 75 tests [0;32mOK [0m
test_sparseConversion.R....... 76 tests [0;32mOK [0m
test_sparseConversion.R....... 76 tests [0;32mOK [0m
test_sparseConversion.R....... 76 tests [0;32mOK [0m
test_sparseConversion.R....... 77 tests [0;32mOK [0m
test_sparseConversion.R....... 77 tests [0;32mOK [0m
test_sparseConversion.R....... 77 tests [0;32mOK [0m
test_sparseConversion.R....... 77 tests [0;32mOK [0m
test_sparseConversion.R....... 78 tests [0;32mOK [0m
test_sparseConversion.R....... 78 tests [0;32mOK [0m
test_sparseConversion.R....... 78 tests [0;32mOK [0m
test_sparseConversion.R....... 78 tests [0;32mOK [0m
test_sparseConversion.R....... 79 tests [0;32mOK [0m
test_sparseConversion.R....... 79 tests [0;32mOK [0m
test_sparseConversion.R....... 79 tests [0;32mOK [0m
test_sparseConversion.R....... 79 tests [0;32mOK [0m
test_sparseConversion.R....... 80 tests [0;32mOK [0m
test_sparseConversion.R....... 80 tests [0;32mOK [0m
test_sparseConversion.R....... 80 tests [0;32mOK [0m
test_sparseConversion.R....... 81 tests [0;32mOK [0m
test_sparseConversion.R....... 81 tests [0;32mOK [0m
test_sparseConversion.R....... 81 tests [0;32mOK [0m
test_sparseConversion.R....... 82 tests [0;32mOK [0m
test_sparseConversion.R....... 82 tests [0;32mOK [0m
test_sparseConversion.R....... 82 tests [0;32mOK [0m
test_sparseConversion.R....... 83 tests [0;32mOK [0m
test_sparseConversion.R....... 83 tests [0;32mOK [0m
test_sparseConversion.R....... 83 tests [0;32mOK [0m
test_sparseConversion.R....... 84 tests [0;32mOK [0m
test_sparseConversion.R....... 84 tests [0;32mOK [0m
test_sparseConversion.R....... 84 tests [0;32mOK [0m
test_sparseConversion.R....... 84 tests [0;32mOK [0m
test_sparseConversion.R....... 84 tests [0;32mOK [0m
test_sparseConversion.R....... 85 tests [0;32mOK [0m
test_sparseConversion.R....... 85 tests [0;32mOK [0m [0;34m0.7s [0m
----- FAILED[xcpt]: test_scipy2r.R<78--78>
call| expect_error(sp$bsr_matrix(list(3, 4)))
diff| No error
Error: 1 out of 322 tests failed
Execution halted
- checking for unstated dependencies in vignettes ... OK
- checking package vignettes ... OK
- checking re-building of vignette outputs ... [7s/10s] OK
- checking PDF version of manual ... [5s/7s] OK
- checking HTML version of manual ... [0s/1s] OK
- checking for non-standard things in the check directory ... OK
- DONE
Status: 1 ERROR