- using R version 4.4.0 RC (2024-04-16 r86473)
- using platform: x86_64-pc-linux-gnu
- R was compiled by
gcc-13 (Debian 13.2.0-13) 13.2.0
GNU Fortran (Debian 13.2.0-13) 13.2.0
- running under: Debian GNU/Linux trixie/sid
- using session charset: UTF-8
- checking for file ‘convey/DESCRIPTION’ ... OK
- this is package ‘convey’ version ‘1.0.0’
- checking package namespace information ... OK
- checking package dependencies ... OK
- checking if this is a source package ... OK
- checking if there is a namespace ... OK
- checking for executable files ... OK
- checking for hidden files and directories ... OK
- checking for portable file names ... OK
- checking for sufficient/correct file permissions ... OK
- checking whether package ‘convey’ can be installed ... OK
See the install log for details.
- checking package directory ... OK
- checking for future file timestamps ... OK
- checking DESCRIPTION meta-information ... OK
- checking top-level files ... OK
- checking for left-over files ... OK
- checking index information ... OK
- checking package subdirectories ... OK
- checking code files for non-ASCII characters ... OK
- checking R files for syntax errors ... OK
- checking whether the package can be loaded ... [3s/4s] OK
- checking whether the package can be loaded with stated dependencies ... [3s/3s] OK
- checking whether the package can be unloaded cleanly ... [3s/3s] OK
- checking whether the namespace can be loaded with stated dependencies ... [3s/3s] OK
- checking whether the namespace can be unloaded cleanly ... [3s/3s] OK
- checking loading without being on the library search path ... [2s/3s] OK
- checking use of S3 registration ... OK
- checking dependencies in R code ... OK
- checking S3 generic/method consistency ... OK
- checking replacement functions ... OK
- checking foreign function calls ... OK
- checking R code for possible problems ... [40s/50s] OK
- checking Rd files ... [1s/1s] OK
- checking Rd metadata ... OK
- checking Rd line widths ... OK
- checking Rd cross-references ... OK
- checking for missing documentation entries ... OK
- checking for code/documentation mismatches ... OK
- checking Rd \usage sections ... OK
- checking Rd contents ... OK
- checking for unstated dependencies in examples ... OK
- checking examples ... [68s/77s] OK
Examples with CPU (user + system) or elapsed time > 5s
user system elapsed
svylorenz 6.761 0.004 7.712
svyrich 5.488 0.032 5.908
svywattsdec 5.319 0.008 5.727
- checking for unstated dependencies in ‘tests’ ... OK
- checking tests ... [11m/13m] ERROR
Running ‘testthat.R’ [11m/13m]
Running the tests in ‘tests/testthat.R’ failed.
Complete output:
>
>
> library(testthat)
> library(survey)
Loading required package: grid
Loading required package: Matrix
Loading required package: survival
Attaching package: 'survey'
The following object is masked from 'package:graphics':
dotchart
> library(vardpoor)
> data(api)
>
> test_check("convey")
Loading required package: convey
[ FAIL 1 | WARN 252 | SKIP 143 | PASS 2113 ]
══ Skipped tests (143) ═════════════════════════════════════════════════════════
• On CRAN (142): 'test-densfun.R:5:1', 'test-extract-svyatk.R:164:5',
'test-extract-svyatk.R:313:5', 'test-extract-svyatk.R:164:5',
'test-extract-svyatk.R:313:5', 'test-extract-svyatk.R:164:5',
'test-extract-svyatk.R:313:5', 'test-extract-svyfgt-abs.R:177:5',
'test-extract-svyfgt-abs.R:348:5', 'test-extract-svyfgt-abs.R:177:5',
'test-extract-svyfgt-abs.R:348:5', 'test-extract-svyfgt-abs.R:177:5',
'test-extract-svyfgt-abs.R:348:5', 'test-extract-svyfgt-relm.R:177:5',
'test-extract-svyfgt-relm.R:348:5', 'test-extract-svyfgt-relm.R:177:5',
'test-extract-svyfgt-relm.R:348:5', 'test-extract-svyfgt-relm.R:177:5',
'test-extract-svyfgt-relm.R:348:5', 'test-extract-svyfgt-relq.R:177:5',
'test-extract-svyfgt-relq.R:348:5', 'test-extract-svyfgt-relq.R:177:5',
'test-extract-svyfgt-relq.R:348:5', 'test-extract-svyfgt-relq.R:177:5',
'test-extract-svyfgt-relq.R:348:5', 'test-extract-svyfgtdec-abs.R:217:3',
'test-extract-svyfgtdec-abs.R:368:3', 'test-extract-svyfgtdec-relm.R:217:3',
'test-extract-svyfgtdec-relm.R:368:3', 'test-extract-svyfgtdec-relq.R:217:3',
'test-extract-svyfgtdec-relq.R:368:3', 'test-extract-svygei.R:164:5',
'test-extract-svygei.R:313:5', 'test-extract-svygei.R:164:5',
'test-extract-svygei.R:313:5', 'test-extract-svygei.R:164:5',
'test-extract-svygei.R:313:5', 'test-extract-svygei.R:164:5',
'test-extract-svygei.R:313:5', 'test-extract-svygeidec.R:163:5',
'test-extract-svygeidec.R:308:5', 'test-extract-svygeidec.R:163:5',
'test-extract-svygeidec.R:308:5', 'test-extract-svygeidec.R:163:5',
'test-extract-svygeidec.R:308:5', 'test-extract-svygeidec.R:163:5',
'test-extract-svygeidec.R:308:5', 'test-extract-svygini.R:128:3',
'test-extract-svygini.R:264:3', 'test-extract-svyisq.R:115:3',
'test-extract-svyisq.R:246:3', 'test-extract-svyjdiv.R:180:3',
'test-extract-svyjdiv.R:323:3', 'test-extract-svyjdivdec.R:148:3',
'test-extract-svyjdivdec.R:291:3', 'test-extract-svyqsr.R:128:3',
'test-extract-svyqsr.R:264:3', 'test-extract-svyrich-Cha.R:156:7',
'test-extract-svyrich-Cha.R:299:7', 'test-extract-svyrich-Cha.R:156:7',
'test-extract-svyrich-Cha.R:299:7', 'test-extract-svyrich-Cha.R:156:7',
'test-extract-svyrich-Cha.R:299:7', 'test-extract-svyrich-Cha.R:156:7',
'test-extract-svyrich-Cha.R:299:7', 'test-extract-svyrich-Cha.R:156:7',
'test-extract-svyrich-Cha.R:299:7', 'test-extract-svyrich-Cha.R:156:7',
'test-extract-svyrich-Cha.R:299:7', 'test-extract-svyrich-Cha.R:156:7',
'test-extract-svyrich-Cha.R:299:7', 'test-extract-svyrich-Cha.R:156:7',
'test-extract-svyrich-Cha.R:299:7', 'test-extract-svyrich-Cha.R:156:7',
'test-extract-svyrich-Cha.R:299:7', 'test-extract-svyrich-FGTT1.R:156:7',
'test-extract-svyrich-FGTT1.R:300:7', 'test-extract-svyrich-FGTT1.R:156:7',
'test-extract-svyrich-FGTT1.R:300:7', 'test-extract-svyrich-FGTT1.R:156:7',
'test-extract-svyrich-FGTT1.R:300:7', 'test-extract-svyrich-FGTT1.R:156:7',
'test-extract-svyrich-FGTT1.R:300:7', 'test-extract-svyrich-FGTT1.R:156:7',
'test-extract-svyrich-FGTT1.R:300:7', 'test-extract-svyrich-FGTT1.R:156:7',
'test-extract-svyrich-FGTT1.R:300:7', 'test-extract-svyrich-FGTT2.R:156:7',
'test-extract-svyrich-FGTT2.R:300:7', 'test-extract-svyrich-FGTT2.R:156:7',
'test-extract-svyrich-FGTT2.R:300:7', 'test-extract-svyrich-FGTT2.R:156:7',
'test-extract-svyrich-FGTT2.R:300:7', 'test-extract-svyrich-FGTT2.R:156:7',
'test-extract-svyrich-FGTT2.R:300:7', 'test-extract-svyrich-FGTT2.R:156:7',
'test-extract-svyrich-FGTT2.R:300:7', 'test-extract-svyrich-FGTT2.R:156:7',
'test-extract-svyrich-FGTT2.R:300:7', 'test-extract-svywatts-abs.R:167:3',
'test-extract-svywatts-abs.R:334:3', 'test-extract-svywatts-relm.R:167:3',
'test-extract-svywatts-relm.R:334:3', 'test-extract-svywatts-relq.R:167:3',
'test-extract-svywatts-relq.R:334:3', 'test-extract-svywattsdec-abs.R:163:3',
'test-extract-svywattsdec-abs.R:284:3',
'test-extract-svywattsdec-relm.R:120:3',
'test-extract-svywattsdec-relm.R:222:3',
'test-extract-svywattsdec-relq.R:120:3',
'test-extract-svywattsdec-relq.R:222:3', 'test-extract-svyzenga.R:139:3',
'test-extract-svyzenga.R:277:3', 'test-extract_svyarpr.R:3:1',
'test-extract_svyarpt.R:3:1', 'test-extract_svyatk-pos.R:3:1',
'test-extract_svyfgtdec.R:3:1', 'test-extract_svygei-pos.R:3:1',
'test-extract_svygeidec-pos.R:6:1', 'test-extract_svygini.R:3:1',
'test-extract_svygpg.R:3:1', 'test-extract_svyiqalpha.R:3:1',
'test-extract_svyisq.R:3:1', 'test-extract_svyjdiv-pos.R:3:1',
'test-extract_svyjdivdec-pos.R:3:1', 'test-extract_svylorenz.R:112:3',
'test-extract_svylorenz.R:245:3', 'test-extract_svypoormed.R:3:1',
'test-extract_svyqsr.R:3:1', 'test-extract_svyrich.R:3:1',
'test-extract_svyrmir.R:3:1', 'test-extract_svyrmpg.R:3:1',
'test-icdf.R:5:1', 'test-matrix.R:5:3', 'test-skewed_distributions.R:5:3',
'test-svyarpr.R:5:1', 'test-svyarpt.R:3:1', 'test-svyatk.R:3:1',
'test-svypoormed.R:3:1', 'test-svyqsr.R:3:1', 'test-svyrmir.R:3:1',
'test-svyrmpg.R:3:1'
• different fgt-relq CV in domain (1): 'test-compare-svyfgt.R:152:3'
══ Failed tests ════════════════════════════════════════════════════════════════
── Failure ('test-extract-svyfgtdec-abs.R:190:3'): output svyfgtdec ────────────
`se_diff2` is not less than max(coef(a2)) * 0.05. Difference: 0.00914
[ FAIL 1 | WARN 252 | SKIP 143 | PASS 2113 ]
Error: Test failures
Execution halted
- checking PDF version of manual ... [10s/13s] OK
- checking HTML version of manual ... [2s/4s] OK
- checking for non-standard things in the check directory ... OK
- DONE
Status: 1 ERROR